000
CDUS41 KBUF 171016
CLIROC


CLIMATE REPORT
NATIONAL WEATHER SERVICE BUFFALO NY
616 AM EDT THU MAY 17 2018


...................................

...THE ROCHESTER NY CLIMATE SUMMARY FOR MAY 16 2018...

CLIMATE NORMAL PERIOD 1981 TO 2010
CLIMATE RECORD PERIOD 1871 TO 2018


WEATHER ITEM   OBSERVED TIME   RECORD YEAR NORMAL DEPARTURE LAST
                VALUE   (LST)  VALUE       VALUE  FROM      YEAR
                                                  NORMAL
..................................................................
TEMPERATURE (F)
 YESTERDAY
  MAXIMUM         78    359 PM  90    1962  68     10       69
  MINIMUM         50    449 AM  30    1959  46      4       46
  AVERAGE         64                        57      7       58

PRECIPITATION (IN)
  YESTERDAY        0.00          3.45 1974   0.09  -0.09     0.01
  MONTH TO DATE    0.84                      1.43  -0.59     3.33
  SINCE MAR 1      7.36                      6.66   0.70    12.94
  SINCE JAN 1     12.62                     11.02   1.60    18.02

SNOWFALL (IN)
  YESTERDAY        0.0           0.1  1884   0.0    0.0      0.0
  MONTH TO DATE    0.0                       0.3   -0.3      0.0
  SINCE MAR 1     34.6                      20.5   14.1     35.5
  SINCE JUL 1    120.5                      99.4   21.1    107.1
  SNOW DEPTH       0

DEGREE DAYS
 HEATING
  YESTERDAY        1                         9     -8        7
  MONTH TO DATE   72                       175   -103      227
  SINCE MAR 1   1801                      1692    109     1626
  SINCE JUL 1   6198                      6478   -280     5494

 COOLING
  YESTERDAY        0                         1     -1        0
  MONTH TO DATE   13                         7      6        0
  SINCE MAR 1     13                        11      2       14
  SINCE JAN 1     13                        11      2       14
..................................................................


WIND (MPH)
  HIGHEST WIND SPEED    15   HIGHEST WIND DIRECTION    NE (30)
  HIGHEST GUST SPEED    19   HIGHEST GUST DIRECTION    NE (30)
  AVERAGE WIND SPEED     4.3


SKY COVER
  AVERAGE SKY COVER 0.7


WEATHER CONDITIONS
 THE FOLLOWING WEATHER WAS RECORDED YESTERDAY.
  FOG
  FOG W/VISIBILITY <= 1/4 MILE


RELATIVE HUMIDITY (PERCENT)
 HIGHEST   100          1200 AM
 LOWEST     42           400 PM
 AVERAGE    71

..........................................................


THE ROCHESTER NY CLIMATE NORMALS FOR TODAY
                         NORMAL    RECORD    YEAR
 MAXIMUM TEMPERATURE (F)   68        90      1962
 MINIMUM TEMPERATURE (F)   47        29      1956


SUNRISE AND SUNSET
MAY 17 2018...........SUNRISE   545 AM EDT   SUNSET   830 PM EDT
MAY 18 2018...........SUNRISE   544 AM EDT   SUNSET   831 PM EDT


-  INDICATES NEGATIVE NUMBERS.
R  INDICATES RECORD WAS SET OR TIED.
MM INDICATES DATA IS MISSING.
T  INDICATES TRACE AMOUNT.

$$
