338
CDUS41 KBUF 140705
CLIROC


CLIMATE REPORT
NATIONAL WEATHER SERVICE BUFFALO NY
305 AM EDT SAT APR 14 2018


...................................

...THE ROCHESTER NY CLIMATE SUMMARY FOR APRIL 13 2018...

CLIMATE NORMAL PERIOD 1981 TO 2010
CLIMATE RECORD PERIOD 1871 TO 2018


WEATHER ITEM   OBSERVED TIME   RECORD YEAR NORMAL DEPARTURE LAST
                VALUE   (LST)  VALUE       VALUE  FROM      YEAR
                                                  NORMAL
..................................................................
TEMPERATURE (F)
 YESTERDAY
  MAXIMUM         52   1207 AM  86    1945  55     -3       55
  MINIMUM         40   1159 PM  20    1874  36      4       34
  AVERAGE         46                        45      1       45

PRECIPITATION (IN)
  YESTERDAY        T             0.94 1996   0.10  -0.10     0.00
  MONTH TO DATE    1.06                      1.24  -0.18     2.64
  SINCE MAR 1      4.08                      3.74   0.34     7.30
  SINCE JAN 1      9.34                      8.10   1.24    12.38

SNOWFALL (IN)
  YESTERDAY       MM             4.0  1932   0.2   MM        0.0
  MONTH TO DATE    3.9                       2.6    1.3      2.5
  SINCE MAR 1     33.3                      18.9   14.4     35.5
  SINCE JUL 1    119.2                      97.8   21.4    107.1
  SNOW DEPTH       0

DEGREE DAYS
 HEATING
  YESTERDAY       19                        20     -1       20
  MONTH TO DATE  360                       289     71      215
  SINCE MAR 1   1371                      1241    130     1203
  SINCE JUL 1   5768                      6027   -259     5071

 COOLING
  YESTERDAY        0                         0      0        0
  MONTH TO DATE    0                         0      0        3
  SINCE MAR 1      0                         0      0        3
  SINCE JAN 1      0                         0      0        3
..................................................................


WIND (MPH)
  HIGHEST WIND SPEED    20   HIGHEST WIND DIRECTION    NE (40)
  HIGHEST GUST SPEED    24   HIGHEST GUST DIRECTION    NE (30)
  AVERAGE WIND SPEED     7.8


SKY COVER
  AVERAGE SKY COVER 1.0


WEATHER CONDITIONS
 THE FOLLOWING WEATHER WAS RECORDED YESTERDAY.
  LIGHT RAIN
  FOG


RELATIVE HUMIDITY (PERCENT)
 HIGHEST    92          1100 PM
 LOWEST     71           300 PM
 AVERAGE    82

..........................................................


THE ROCHESTER NY CLIMATE NORMALS FOR TODAY
                         NORMAL    RECORD    YEAR
 MAXIMUM TEMPERATURE (F)   55        85      1968
 MINIMUM TEMPERATURE (F)   36        19      1904


SUNRISE AND SUNSET
APRIL 14 2018.........SUNRISE   630 AM EDT   SUNSET   752 PM EDT
APRIL 15 2018.........SUNRISE   629 AM EDT   SUNSET   753 PM EDT


-  INDICATES NEGATIVE NUMBERS.
R  INDICATES RECORD WAS SET OR TIED.
MM INDICATES DATA IS MISSING.
T  INDICATES TRACE AMOUNT.




$$
