000
CDUS41 KBUF 262029
CLIROC


CLIMATE REPORT
NATIONAL WEATHER SERVICE BUFFALO NY
428 PM EDT THU APR 26 2018


...................................

...THE ROCHESTER NY CLIMATE SUMMARY FOR APRIL 26 2018...
VALID TODAY AS OF 0400 PM LOCAL TIME.

CLIMATE NORMAL PERIOD 1981 TO 2010
CLIMATE RECORD PERIOD 1871 TO 2018


WEATHER ITEM   OBSERVED TIME   RECORD YEAR NORMAL DEPARTURE LAST
                VALUE   (LST)  VALUE       VALUE  FROM      YEAR
                                                  NORMAL
..................................................................
TEMPERATURE (F)
 TODAY
  MAXIMUM         57    259 PM  86    1990  61     -4       71
                                      1915
  MINIMUM         40    614 AM  23    1919  40      0       52
  AVERAGE         49                        50     -1       62

PRECIPITATION (IN)
  TODAY            T             1.31 1874   0.09  -0.09      T
  MONTH TO DATE    3.09                      2.37   0.72     4.33
  SINCE MAR 1      6.11                      4.87   1.24     8.99
  SINCE JAN 1     11.37                      9.23   2.14    14.07

SNOWFALL (IN)
  TODAY            0.0           4.2  1874   0.0    0.0      0.0
  MONTH TO DATE    4.9                       3.7    1.2      2.5
  SINCE MAR 1     34.3                      20.0   14.3     35.5
  SINCE JUL 1    120.2                      98.9   21.3    107.1
  SNOW DEPTH       0

DEGREE DAYS
 HEATING
  TODAY           16                        15      1        3
  MONTH TO DATE  648                       510    138      380
  SINCE MAR 1   1659                      1462    197     1368
  SINCE JUL 1   6056                      6248   -192     5236

 COOLING
  TODAY            0                         0      0        0
  MONTH TO DATE    0                         0      0        7
  SINCE MAR 1      0                         0      0        7
  SINCE JAN 1      0                         0      0        7
..................................................................


WIND (MPH)
  HIGHEST WIND SPEED    24   HIGHEST WIND DIRECTION     W (270)
  HIGHEST GUST SPEED    32   HIGHEST GUST DIRECTION     W (270)
  AVERAGE WIND SPEED    15.9


SKY COVER
  AVERAGE SKY COVER 0.8


WEATHER CONDITIONS
 THE FOLLOWING WEATHER WAS RECORDED TODAY.
  LIGHT RAIN
  FOG


RELATIVE HUMIDITY (PERCENT)
 HIGHEST   100           500 AM
 LOWEST     55           200 PM
 AVERAGE    78

..........................................................


THE ROCHESTER NY CLIMATE NORMALS FOR TOMORROW
                         NORMAL    RECORD    YEAR
 MAXIMUM TEMPERATURE (F)   61        86      2017
                                             1990
                                             1962
 MINIMUM TEMPERATURE (F)   41        26      1993


SUNRISE AND SUNSET
APRIL 26 2018.........SUNRISE   611 AM EDT   SUNSET   806 PM EDT
APRIL 27 2018.........SUNRISE   610 AM EDT   SUNSET   807 PM EDT


-  INDICATES NEGATIVE NUMBERS.
R  INDICATES RECORD WAS SET OR TIED.
MM INDICATES DATA IS MISSING.
T  INDICATES TRACE AMOUNT.




$$
