000
CDUS41 KBUF 182037
CLIROC


CLIMATE REPORT
NATIONAL WEATHER SERVICE BUFFALO NY
436 PM EDT WED APR 18 2018


...................................

...THE ROCHESTER NY CLIMATE SUMMARY FOR APRIL 18 2018...
VALID TODAY AS OF 0400 PM LOCAL TIME.

CLIMATE NORMAL PERIOD 1981 TO 2010
CLIMATE RECORD PERIOD 1871 TO 2018


WEATHER ITEM   OBSERVED TIME   RECORD YEAR NORMAL DEPARTURE LAST
                VALUE   (LST)  VALUE       VALUE  FROM      YEAR
                                                  NORMAL
..................................................................
TEMPERATURE (F)
 TODAY
  MAXIMUM         41   1131 AM  85    1976  57    -16       51
  MINIMUM         33   1208 AM  15    1875  38     -5       36
  AVERAGE         37                        47    -10       44

PRECIPITATION (IN)
  TODAY            T             0.85 1969   0.09  -0.09     0.00
  MONTH TO DATE    2.81                      1.70   1.11     2.72
  SINCE MAR 1      5.83                      4.20   1.63     7.38
  SINCE JAN 1     11.09                      8.56   2.53    12.46

SNOWFALL (IN)
  TODAY            T             1.2  1887   0.2   -0.2      0.0
  MONTH TO DATE    4.5                       3.3    1.2      2.5
  SINCE MAR 1     33.9                      19.6   14.3     35.5
  SINCE JUL 1    119.8                      98.5   21.3    107.1
  SNOW DEPTH       T

DEGREE DAYS
 HEATING
  TODAY           28                        18     10       21
  MONTH TO DATE  503                       381    122      278
  SINCE MAR 1   1514                      1333    181     1266
  SINCE JUL 1   5911                      6119   -208     5134

 COOLING
  TODAY            0                         0      0        0
  MONTH TO DATE    0                         0      0        7
  SINCE MAR 1      0                         0      0        7
  SINCE JAN 1      0                         0      0        7
..................................................................


WIND (MPH)
  HIGHEST WIND SPEED    23   HIGHEST WIND DIRECTION     W (270)
  HIGHEST GUST SPEED    29   HIGHEST GUST DIRECTION     W (270)
  AVERAGE WIND SPEED    15.6


SKY COVER
  AVERAGE SKY COVER 1.0


WEATHER CONDITIONS
 THE FOLLOWING WEATHER WAS RECORDED TODAY.
  LIGHT SNOW
  FOG


RELATIVE HUMIDITY (PERCENT)
 HIGHEST    89          1200 AM
 LOWEST     64           100 PM
 AVERAGE    77

..........................................................


THE ROCHESTER NY CLIMATE NORMALS FOR TOMORROW
                         NORMAL    RECORD    YEAR
 MAXIMUM TEMPERATURE (F)   58        86      2008
 MINIMUM TEMPERATURE (F)   38        20      1904


SUNRISE AND SUNSET
APRIL 18 2018.........SUNRISE   624 AM EDT   SUNSET   757 PM EDT
APRIL 19 2018.........SUNRISE   622 AM EDT   SUNSET   758 PM EDT


-  INDICATES NEGATIVE NUMBERS.
R  INDICATES RECORD WAS SET OR TIED.
MM INDICATES DATA IS MISSING.
T  INDICATES TRACE AMOUNT.




$$
