080
CDUS41 KBUF 222047
CLIROC


CLIMATE REPORT
NATIONAL WEATHER SERVICE BUFFALO NY
447 PM EDT SUN APR 22 2018


...................................

...THE ROCHESTER NY CLIMATE SUMMARY FOR APRIL 22 2018...
VALID TODAY AS OF 0400 PM LOCAL TIME.

CLIMATE NORMAL PERIOD 1981 TO 2010
CLIMATE RECORD PERIOD 1871 TO 2018


WEATHER ITEM   OBSERVED TIME   RECORD YEAR NORMAL DEPARTURE LAST
                VALUE   (LST)  VALUE       VALUE  FROM      YEAR
                                                  NORMAL
..................................................................
TEMPERATURE (F)
 TODAY
  MAXIMUM         62    240 PM  84    1985  59      3       54
                                      1902
  MINIMUM         32    602 AM  26    1975  39     -7       40
                                      1875
  AVERAGE         47                        49     -2       47

PRECIPITATION (IN)
  TODAY            0.00          0.87 1977   0.08  -0.08     0.00
  MONTH TO DATE    2.85                      2.03   0.82     4.12
  SINCE MAR 1      5.87                      4.53   1.34     8.78
  SINCE JAN 1     11.13                      8.89   2.24    13.86

SNOWFALL (IN)
  TODAY            0.0           1.4  1993   0.0    0.0      0.0
  MONTH TO DATE    4.9                       3.5    1.4      2.5
  SINCE MAR 1     34.3                      19.8   14.5     35.5
  SINCE JUL 1    120.2                      98.7   21.5    107.1
  SNOW DEPTH       0

DEGREE DAYS
 HEATING
  TODAY           18                        16      2       18
  MONTH TO DATE  600                       448    152      336
  SINCE MAR 1   1611                      1400    211     1324
  SINCE JUL 1   6008                      6186   -178     5192

 COOLING
  TODAY            0                         0      0        0
  MONTH TO DATE    0                         0      0        7
  SINCE MAR 1      0                         0      0        7
  SINCE JAN 1      0                         0      0        7
..................................................................


WIND (MPH)
  HIGHEST WIND SPEED    15   HIGHEST WIND DIRECTION     N (20)
  HIGHEST GUST SPEED    19   HIGHEST GUST DIRECTION     N (10)
  AVERAGE WIND SPEED     5.6


SKY COVER
  AVERAGE SKY COVER 0.2


WEATHER CONDITIONS
 THE FOLLOWING WEATHER WAS RECORDED TODAY.
  NO SIGNIFICANT WEATHER WAS OBSERVED.


RELATIVE HUMIDITY (PERCENT)
 HIGHEST    78           500 AM
 LOWEST     19          1200 PM
 AVERAGE    49

..........................................................


THE ROCHESTER NY CLIMATE NORMALS FOR TOMORROW
                         NORMAL    RECORD    YEAR
 MAXIMUM TEMPERATURE (F)   60        90      1885
 MINIMUM TEMPERATURE (F)   39        24      1989
                                             1930


SUNRISE AND SUNSET
APRIL 22 2018.........SUNRISE   617 AM EDT   SUNSET   802 PM EDT
APRIL 23 2018.........SUNRISE   616 AM EDT   SUNSET   803 PM EDT


-  INDICATES NEGATIVE NUMBERS.
R  INDICATES RECORD WAS SET OR TIED.
MM INDICATES DATA IS MISSING.
T  INDICATES TRACE AMOUNT.

$$
