000
CDUS41 KBUF 260705
CLIROC


CLIMATE REPORT
NATIONAL WEATHER SERVICE BUFFALO NY
305 AM EDT THU APR 26 2018


...................................

...THE ROCHESTER NY CLIMATE SUMMARY FOR APRIL 25 2018...

CLIMATE NORMAL PERIOD 1981 TO 2010
CLIMATE RECORD PERIOD 1871 TO 2018


WEATHER ITEM   OBSERVED TIME   RECORD YEAR NORMAL DEPARTURE LAST
                VALUE   (LST)  VALUE       VALUE  FROM      YEAR
                                                  NORMAL
..................................................................
TEMPERATURE (F)
 YESTERDAY
  MAXIMUM         59    141 PM  86    1915  60     -1       65
  MINIMUM         44   1159 PM  21    1919  40      4       42
  AVERAGE         52                        50      2       54

PRECIPITATION (IN)
  YESTERDAY        0.18          0.94 1976   0.08   0.10     0.21
  MONTH TO DATE    3.09                      2.28   0.81     4.33
  SINCE MAR 1      6.11                      4.78   1.33     8.99
  SINCE JAN 1     11.37                      9.14   2.23    14.07

SNOWFALL (IN)
  YESTERDAY       MM             7.0  1874   0.0   MM        0.0
  MONTH TO DATE    4.9                       3.7    1.2      2.5
  SINCE MAR 1     34.3                      20.0   14.3     35.5
  SINCE JUL 1    120.2                      98.9   21.3    107.1
  SNOW DEPTH       0

DEGREE DAYS
 HEATING
  YESTERDAY       13                        15     -2       11
  MONTH TO DATE  632                       495    137      377
  SINCE MAR 1   1643                      1447    196     1365
  SINCE JUL 1   6040                      6233   -193     5233

 COOLING
  YESTERDAY        0                         0      0        0
  MONTH TO DATE    0                         0      0        7
  SINCE MAR 1      0                         0      0        7
  SINCE JAN 1      0                         0      0        7
..................................................................


WIND (MPH)
  HIGHEST WIND SPEED    22   HIGHEST WIND DIRECTION     W (270)
  HIGHEST GUST SPEED    30   HIGHEST GUST DIRECTION     W (270)
  AVERAGE WIND SPEED     8.2


SKY COVER
  AVERAGE SKY COVER 1.0


WEATHER CONDITIONS
 THE FOLLOWING WEATHER WAS RECORDED YESTERDAY.
  RAIN
  LIGHT RAIN
  FOG


RELATIVE HUMIDITY (PERCENT)
 HIGHEST   100          1100 PM
 LOWEST     80           100 PM
 AVERAGE    90

..........................................................


THE ROCHESTER NY CLIMATE NORMALS FOR TODAY
                         NORMAL    RECORD    YEAR
 MAXIMUM TEMPERATURE (F)   61        86      1990
                                             1915
 MINIMUM TEMPERATURE (F)   40        23      1919


SUNRISE AND SUNSET
APRIL 26 2018.........SUNRISE   611 AM EDT   SUNSET   806 PM EDT
APRIL 27 2018.........SUNRISE   610 AM EDT   SUNSET   807 PM EDT


-  INDICATES NEGATIVE NUMBERS.
R  INDICATES RECORD WAS SET OR TIED.
MM INDICATES DATA IS MISSING.
T  INDICATES TRACE AMOUNT.




$$
