961
CDUS41 KBUF 191020
CLIROC


CLIMATE REPORT
NATIONAL WEATHER SERVICE BUFFALO NY
620 AM EDT SAT MAY 19 2018


...................................

...THE ROCHESTER NY CLIMATE SUMMARY FOR MAY 18 2018...

CLIMATE NORMAL PERIOD 1981 TO 2010
CLIMATE RECORD PERIOD 1871 TO 2018


WEATHER ITEM   OBSERVED TIME   RECORD YEAR NORMAL DEPARTURE LAST
                VALUE   (LST)  VALUE       VALUE  FROM      YEAR
                                                  NORMAL
..................................................................
TEMPERATURE (F)
 YESTERDAY
  MAXIMUM         63    458 PM  92    1889  68     -5       87
  MINIMUM         49    614 AM  30    1981  47      2       64
  AVERAGE         56                        58     -2       76

PRECIPITATION (IN)
  YESTERDAY        0.00          1.46 1894   0.09  -0.09     0.04
  MONTH TO DATE    0.84                      1.62  -0.78     3.37
  SINCE MAR 1      7.36                      6.85   0.51    12.98
  SINCE JAN 1     12.62                     11.21   1.41    18.06

SNOWFALL (IN)
  YESTERDAY        0.0           T    1976   0.0    0.0      0.0
  MONTH TO DATE    0.0                       0.3   -0.3      0.0
  SINCE MAR 1     34.6                      20.5   14.1     35.5
  SINCE JUL 1    120.5                      99.4   21.1    107.1
  SNOW DEPTH       0

DEGREE DAYS
 HEATING
  YESTERDAY        9                         8      1        0
  MONTH TO DATE   81                       191   -110      227
  SINCE MAR 1   1810                      1708    102     1626
  SINCE JUL 1   6207                      6494   -287     5494

 COOLING
  YESTERDAY        0                         1     -1       11
  MONTH TO DATE   16                         9      7       16
  SINCE MAR 1     16                        13      3       30
  SINCE JAN 1     16                        13      3       30
..................................................................


WIND (MPH)
  HIGHEST WIND SPEED    21   HIGHEST WIND DIRECTION     E (70)
  HIGHEST GUST SPEED    27   HIGHEST GUST DIRECTION    NE (60)
  AVERAGE WIND SPEED    12.1


SKY COVER
  AVERAGE SKY COVER 0.6


WEATHER CONDITIONS
 THE FOLLOWING WEATHER WAS RECORDED YESTERDAY.
  NO SIGNIFICANT WEATHER WAS OBSERVED.


RELATIVE HUMIDITY (PERCENT)
 HIGHEST    54           600 AM
 LOWEST     36           300 PM
 AVERAGE    45

..........................................................


THE ROCHESTER NY CLIMATE NORMALS FOR TODAY
                         NORMAL    RECORD    YEAR
 MAXIMUM TEMPERATURE (F)   69        89      1996
                                             1971
 MINIMUM TEMPERATURE (F)   47        34      1981


SUNRISE AND SUNSET
MAY 19 2018...........SUNRISE   543 AM EDT   SUNSET   832 PM EDT
MAY 20 2018...........SUNRISE   542 AM EDT   SUNSET   833 PM EDT


-  INDICATES NEGATIVE NUMBERS.
R  INDICATES RECORD WAS SET OR TIED.
MM INDICATES DATA IS MISSING.
T  INDICATES TRACE AMOUNT.




$$
