000
CDUS41 KBUF 150705
CLIROC


CLIMATE REPORT
NATIONAL WEATHER SERVICE BUFFALO NY
305 AM EDT SUN APR 15 2018


...................................

...THE ROCHESTER NY CLIMATE SUMMARY FOR APRIL 14 2018...

CLIMATE NORMAL PERIOD 1981 TO 2010
CLIMATE RECORD PERIOD 1871 TO 2018


WEATHER ITEM   OBSERVED TIME   RECORD YEAR NORMAL DEPARTURE LAST
                VALUE   (LST)  VALUE       VALUE  FROM      YEAR
                                                  NORMAL
..................................................................
TEMPERATURE (F)
 YESTERDAY
  MAXIMUM         41   1257 AM  85    1968  55    -14       61
  MINIMUM         30   1159 PM  19    1904  36     -6       37
  AVERAGE         36                        46    -10       49

PRECIPITATION (IN)
  YESTERDAY        0.05          0.58 1948   0.10  -0.05     0.00
  MONTH TO DATE    1.11                      1.34  -0.23     2.64
  SINCE MAR 1      4.13                      3.84   0.29     7.30
  SINCE JAN 1      9.39                      8.20   1.19    12.38

SNOWFALL (IN)
  YESTERDAY       MM             2.0  1893   0.2   MM        0.0
  MONTH TO DATE    3.9                       2.8    1.1      2.5
  SINCE MAR 1     33.3                      19.1   14.2     35.5
  SINCE JUL 1    119.2                      98.0   21.2    107.1
  SNOW DEPTH       0

DEGREE DAYS
 HEATING
  YESTERDAY       29                        19     10       16
  MONTH TO DATE  389                       308     81      231
  SINCE MAR 1   1400                      1260    140     1219
  SINCE JUL 1   5797                      6046   -249     5087

 COOLING
  YESTERDAY        0                         0      0        0
  MONTH TO DATE    0                         0      0        3
  SINCE MAR 1      0                         0      0        3
  SINCE JAN 1      0                         0      0        3
..................................................................


WIND (MPH)
  HIGHEST WIND SPEED    31   HIGHEST WIND DIRECTION    NE (60)
  HIGHEST GUST SPEED    39   HIGHEST GUST DIRECTION    NE (60)
  AVERAGE WIND SPEED    18.1


SKY COVER
  AVERAGE SKY COVER 1.0


WEATHER CONDITIONS
 THE FOLLOWING WEATHER WAS RECORDED YESTERDAY.
  LIGHT RAIN
  LT FREEZING RAIN
  SNOW
  SLEET
  FOG


RELATIVE HUMIDITY (PERCENT)
 HIGHEST   100          1200 AM
 LOWEST     70          1100 AM
 AVERAGE    85

..........................................................


THE ROCHESTER NY CLIMATE NORMALS FOR TODAY
                         NORMAL    RECORD    YEAR
 MAXIMUM TEMPERATURE (F)   56        86      1994
 MINIMUM TEMPERATURE (F)   37        18      1904


SUNRISE AND SUNSET
APRIL 15 2018.........SUNRISE   629 AM EDT   SUNSET   753 PM EDT
APRIL 16 2018.........SUNRISE   627 AM EDT   SUNSET   755 PM EDT


-  INDICATES NEGATIVE NUMBERS.
R  INDICATES RECORD WAS SET OR TIED.
MM INDICATES DATA IS MISSING.
T  INDICATES TRACE AMOUNT.




$$
