000
CDUS41 KBUF 181009
CLIROC


CLIMATE REPORT
NATIONAL WEATHER SERVICE BUFFALO NY
609 AM EDT WED APR 18 2018


...................................

...THE ROCHESTER NY CLIMATE SUMMARY FOR APRIL 17 2018...

CLIMATE NORMAL PERIOD 1981 TO 2010
CLIMATE RECORD PERIOD 1871 TO 2018


WEATHER ITEM   OBSERVED TIME   RECORD YEAR NORMAL DEPARTURE LAST
                VALUE   (LST)  VALUE       VALUE  FROM      YEAR
                                                  NORMAL
..................................................................
TEMPERATURE (F)
 YESTERDAY
  MAXIMUM         37   1125 AM  85    2002  57    -20       57
  MINIMUM         31    655 PM  19    1875  37     -6       41
  AVERAGE         34                        47    -13       49

PRECIPITATION (IN)
  YESTERDAY        0.05          0.97 1918   0.09  -0.04     0.00
  MONTH TO DATE    2.81                      1.61   1.20     2.72
  SINCE MAR 1      5.83                      4.11   1.72     7.38
  SINCE JAN 1     11.09                      8.47   2.62    12.46

SNOWFALL (IN)
  YESTERDAY        0.5           5.1  1874   0.1    0.4      0.0
  MONTH TO DATE    4.4                       3.1    1.3      2.5
  SINCE MAR 1     33.8                      19.4   14.4     35.5
  SINCE JUL 1    119.7                      98.3   21.4    107.1
  SNOW DEPTH       T

DEGREE DAYS
 HEATING
  YESTERDAY       31                        18     13       16
  MONTH TO DATE  475                       363    112      257
  SINCE MAR 1   1486                      1315    171     1245
  SINCE JUL 1   5883                      6101   -218     5113

 COOLING
  YESTERDAY        0                         0      0        0
  MONTH TO DATE    0                         0      0        7
  SINCE MAR 1      0                         0      0        7
  SINCE JAN 1      0                         0      0        7
..................................................................


WIND (MPH)
  HIGHEST WIND SPEED    24   HIGHEST WIND DIRECTION     W (280)
  HIGHEST GUST SPEED    34   HIGHEST GUST DIRECTION     W (280)
  AVERAGE WIND SPEED    14.5


SKY COVER
  AVERAGE SKY COVER 1.0


WEATHER CONDITIONS
 THE FOLLOWING WEATHER WAS RECORDED YESTERDAY.
  HEAVY SNOW
  SNOW
  LIGHT SNOW
  FOG


RELATIVE HUMIDITY (PERCENT)
 HIGHEST    92          1200 AM
 LOWEST     64           900 AM
 AVERAGE    78

..........................................................


THE ROCHESTER NY CLIMATE NORMALS FOR TODAY
                         NORMAL    RECORD    YEAR
 MAXIMUM TEMPERATURE (F)   57        85      1976
 MINIMUM TEMPERATURE (F)   38        15      1875


SUNRISE AND SUNSET
APRIL 18 2018.........SUNRISE   624 AM EDT   SUNSET   757 PM EDT
APRIL 19 2018.........SUNRISE   622 AM EDT   SUNSET   758 PM EDT


-  INDICATES NEGATIVE NUMBERS.
R  INDICATES RECORD WAS SET OR TIED.
MM INDICATES DATA IS MISSING.
T  INDICATES TRACE AMOUNT.




$$
