682
CDUS41 KBUF 131016
CLIROC


CLIMATE REPORT
NATIONAL WEATHER SERVICE BUFFALO NY
613 AM EDT FRI APR 13 2018


...................................

...THE ROCHESTER NY CLIMATE SUMMARY FOR APRIL 12 2018...

CLIMATE NORMAL PERIOD 1981 TO 2010
CLIMATE RECORD PERIOD 1871 TO 2018


WEATHER ITEM   OBSERVED TIME   RECORD YEAR NORMAL DEPARTURE LAST
                VALUE   (LST)  VALUE       VALUE  FROM      YEAR
                                                  NORMAL
..................................................................
TEMPERATURE (F)
 YESTERDAY
  MAXIMUM         61    844 PM  85    1945  55      6       54
  MINIMUM         29    425 AM  20    1882  36     -7       41
                                      1880
                                      1874
  AVERAGE         45                        45      0       48

PRECIPITATION (IN)
  YESTERDAY        0.05          1.33 1944   0.09  -0.04     0.00
  MONTH TO DATE    1.06                      1.14  -0.08     2.64
  SINCE MAR 1      4.08                      3.64   0.44     7.30
  SINCE JAN 1      9.34                      8.00   1.34    12.38

SNOWFALL (IN)
  YESTERDAY        0.0           2.9  1990   0.1   -0.1      0.0
  MONTH TO DATE    3.9                       2.4    1.5      2.5
  SINCE MAR 1     33.3                      18.7   14.6     35.5
  SINCE JUL 1    119.2                      97.6   21.6    107.1
  SNOW DEPTH       0

DEGREE DAYS
 HEATING
  YESTERDAY       20                        20      0       17
  MONTH TO DATE  341                       269     72      195
  SINCE MAR 1   1352                      1221    131     1183
  SINCE JUL 1   5749                      6007   -258     5051

 COOLING
  YESTERDAY        0                         0      0        0
  MONTH TO DATE    0                         0      0        3
  SINCE MAR 1      0                         0      0        3
  SINCE JAN 1      0                         0      0        3
..................................................................


WIND (MPH)
  HIGHEST WIND SPEED    26   HIGHEST WIND DIRECTION    SW (220)
  HIGHEST GUST SPEED    34   HIGHEST GUST DIRECTION     S (200)
  AVERAGE WIND SPEED     7.8


SKY COVER
  AVERAGE SKY COVER 0.8


WEATHER CONDITIONS
 THE FOLLOWING WEATHER WAS RECORDED YESTERDAY.
  LIGHT RAIN
  FOG


RELATIVE HUMIDITY (PERCENT)
 HIGHEST   100           100 AM
 LOWEST     60           900 PM
 AVERAGE    80

..........................................................


THE ROCHESTER NY CLIMATE NORMALS FOR TODAY
                         NORMAL    RECORD    YEAR
 MAXIMUM TEMPERATURE (F)   55        86      1945
 MINIMUM TEMPERATURE (F)   36        20      1874


SUNRISE AND SUNSET
APRIL 13 2018.........SUNRISE   632 AM EDT   SUNSET   751 PM EDT
APRIL 14 2018.........SUNRISE   630 AM EDT   SUNSET   752 PM EDT


-  INDICATES NEGATIVE NUMBERS.
R  INDICATES RECORD WAS SET OR TIED.
MM INDICATES DATA IS MISSING.
T  INDICATES TRACE AMOUNT.




$$
