226
CDUS41 KBUF 140705
CLIROC


CLIMATE REPORT
NATIONAL WEATHER SERVICE BUFFALO NY
305 AM EDT MON MAY 14 2018


...................................

...THE ROCHESTER NY CLIMATE SUMMARY FOR MAY 13 2018...

CLIMATE NORMAL PERIOD 1981 TO 2010
CLIMATE RECORD PERIOD 1871 TO 2018


WEATHER ITEM   OBSERVED TIME   RECORD YEAR NORMAL DEPARTURE LAST
                VALUE   (LST)  VALUE       VALUE  FROM      YEAR
                                                  NORMAL
..................................................................
TEMPERATURE (F)
 YESTERDAY
  MAXIMUM         70    443 PM  89    1879  67      3       61
  MINIMUM         43    317 AM  31    2005  45     -2       48
  AVERAGE         57                        56      1       55

PRECIPITATION (IN)
  YESTERDAY        0.00          1.23 1990   0.09  -0.09     0.01
  MONTH TO DATE    0.50                      1.16  -0.66     3.18
  SINCE MAR 1      7.02                      6.39   0.63    12.79
  SINCE JAN 1     12.28                     10.75   1.53    17.87

SNOWFALL (IN)
  YESTERDAY        0.0           T    2013   0.0    0.0      0.0
                                      1912
  MONTH TO DATE    0.0                       0.3   -0.3      0.0
  SINCE MAR 1     34.6                      20.5   14.1     35.5
  SINCE JUL 1    120.5                      99.4   21.1    107.1
  SNOW DEPTH       0

DEGREE DAYS
 HEATING
  YESTERDAY        8                        10     -2       10
  MONTH TO DATE   67                       148    -81      201
  SINCE MAR 1   1796                      1665    131     1600
  SINCE JUL 1   6193                      6451   -258     5468

 COOLING
  YESTERDAY        0                         1     -1        0
  MONTH TO DATE   13                         4      9        0
  SINCE MAR 1     13                         8      5       14
  SINCE JAN 1     13                         8      5       14
..................................................................


WIND (MPH)
  HIGHEST WIND SPEED    14   HIGHEST WIND DIRECTION    SE (140)
  HIGHEST GUST SPEED    18   HIGHEST GUST DIRECTION     S (200)
  AVERAGE WIND SPEED     6.1


SKY COVER
  AVERAGE SKY COVER 0.6


WEATHER CONDITIONS
 THE FOLLOWING WEATHER WAS RECORDED YESTERDAY.
  NO SIGNIFICANT WEATHER WAS OBSERVED.


RELATIVE HUMIDITY (PERCENT)
 HIGHEST    93           600 AM
 LOWEST     52          1000 AM
 AVERAGE    73

..........................................................


THE ROCHESTER NY CLIMATE NORMALS FOR TODAY
                         NORMAL    RECORD    YEAR
 MAXIMUM TEMPERATURE (F)   67        94      1974
 MINIMUM TEMPERATURE (F)   46        31      1878


SUNRISE AND SUNSET
MAY 14 2018...........SUNRISE   548 AM EDT   SUNSET   826 PM EDT
MAY 15 2018...........SUNRISE   547 AM EDT   SUNSET   828 PM EDT


-  INDICATES NEGATIVE NUMBERS.
R  INDICATES RECORD WAS SET OR TIED.
MM INDICATES DATA IS MISSING.
T  INDICATES TRACE AMOUNT.




$$
