000
CXUS55 KABQ 011135
CF6ROW
PRELIMINARY LOCAL CLIMATOLOGICAL DATA (WS FORM: F-6)
STATION: ROSWELL NM
MONTH: JULY
YEAR: 2020
LATITUDE: 33 17 N
LONGITUDE: 104 32 W
TEMPERATURE IN F: :PCPN: SNOW: WIND :SUNSHINE: SKY :PK WND
================================================================================
1 2 3 4 5 6A 6B 7 8 9 10 11 12 13 14 15 16 17 18
12Z AVG MX 2MIN
DY MAX MIN AVG DEP HDD CDD WTR SNW DPTH SPD SPD DIR MIN PSBL S-S WX SPD DR
================================================================================
1 101 69 85 5 0 20 0.00 0.0 0 9.1 23 190 M M 0 31 210
2 102 76 89 9 0 24 T 0.0 0 9.0 20 190 M M 1 31 140
3 101 72 87 7 0 22 T 0.0 0 7.9 25 50 M M 1 3 33 50
4 100 71 86 5 0 21 0.08 0.0 0 9.0 25 150 M M 2 38 35 150
5 99 72 86 5 0 21 0.02 0.0 0 8.8 36 300 M M 0 3 46 310
6 99 68 84 3 0 19 0.00 0.0 0 6.3 31 320 M M 1 40 320
7 100 72 86 5 0 21 0.00 0.0 0 7.4 17 200 M M 0 24 220
8 107 72 90 9 0 25 0.00 0.0 0 7.8 18 200 M M 0 23 200
9 111 79 95 14 0 30 0.00 0.0 0 8.5 21 170 M M 0 29 170
10 111 79 95 14 0 30 0.00 0.0 0 13.0 23 180 M M 0 8 32 170
11 111 74 93 12 0 28 0.00 0.0 0 10.5 22 160 M M 0 35 180
12 110 74 92 11 0 27 T 0.0 0 11.6 29 170 M M 0 39 160
13 111 81 96 16 0 31 0.00 0.0 0 10.7 35 330 M M 0 8 51 320
14 108 77 93 13 0 28 T 0.0 0 7.9 31 260 M M 0 8 42 270
15 105 79 92 12 0 27 0.01 0.0 0 10.4 38 310 M M 1 38 50 300
16 101 71 86 6 0 21 0.00 0.0 0 9.4 22 180 M M 0 27 180
17 105 71 88 8 0 23 0.00 0.0 0 7.4 18 160 M M 0 30 160
18 104 74 89 9 0 24 0.00 0.0 0 10.9 28 170 M M 0 37 150
19 97 72 85 5 0 20 0.00 0.0 0 11.5 18 150 M M 0 26 140
20 97 75 86 6 0 21 0.00 0.0 0 9.4 28 30 M M 1 36 40
21 96 71 84 4 0 19 0.00 0.0 0 7.2 22 110 M M 1 35 110
22 96 71 84 4 0 19 0.00 0.0 0 6.8 21 260 M M 1 29 250
23 99 75 87 7 0 22 0.00 0.0 0 11.4 29 170 M M 3 37 160
24 99 72 86 6 0 21 0.70 0.0 0 11.8 48 150 M M 2 38 68 150
25 98 70 84 4 0 19 T 0.0 0 6.8 24 170 M M 3 38 32 170
26 96 73 85 5 0 20 0.00 0.0 0 9.7 23 150 M M 3 31 130
27 97 71 84 4 0 19 0.00 0.0 0 7.2 21 180 M M 1 26 150
28 100 70 85 5 0 20 0.00 0.0 0 8.3 17 330 M M 1 23 170
29 105 71 88 8 0 23 T 0.0 0 6.3 22 170 M M 0 28 170
30 106 71 89 9 0 24 0.00 0.0 0 8.3 22 70 M M 0 38 32 70
31 96 70 83 3 0 18 T 0.0 0 8.5 33 80 M M 3 38 47 80
================================================================================
SM 3168 2263 0 707 0.81 0.0 278.8 M 25
================================================================================
AV102.2 73.0 9.0 FASTST M M 1 MAX(MPH)
MISC ----> # 48 150 # 68 150
================================================================================
NOTES:
# LAST OF SEVERAL OCCURRENCES
COLUMN 17 PEAK WIND IN M.P.H.
PRELIMINARY LOCAL CLIMATOLOGICAL DATA (WS FORM: F-6) , PAGE 2
STATION: ROSWELL NM
MONTH: JULY
YEAR: 2020
LATITUDE: 33 17 N
LONGITUDE: 104 32 W
[TEMPERATURE DATA] [PRECIPITATION DATA] SYMBOLS USED IN COLUMN 16
AVERAGE MONTHLY: 87.6 TOTAL FOR MONTH: 0.81 1 = FOG OR MIST
DPTR FM NORMAL: 7.3 DPTR FM NORMAL: -1.25 2 = FOG REDUCING VISIBILITY
HIGHEST: 111 ON 13,11 GRTST 24HR 0.70 ON 24-24 TO 1/4 MILE OR LESS
LOWEST: 68 ON 6 3 = THUNDER
SNOW, ICE PELLETS, HAIL 4 = ICE PELLETS
TOTAL MONTH: 0.0 INCH 5 = HAIL
GRTST 24HR 0.0 6 = FREEZING RAIN OR DRIZZLE
GRTST DEPTH: 0 7 = DUSTSTORM OR SANDSTORM:
VSBY 1/2 MILE OR LESS
8 = SMOKE OR HAZE
[NO. OF DAYS WITH] [WEATHER - DAYS WITH] 9 = BLOWING SNOW
X = TORNADO
MAX 32 OR BELOW: 0 0.01 INCH OR MORE: 4
MAX 90 OR ABOVE: 31 0.10 INCH OR MORE: 1
MIN 32 OR BELOW: 0 0.50 INCH OR MORE: 1
MIN 0 OR BELOW: 0 1.00 INCH OR MORE: 0
[HDD (BASE 65) ]
TOTAL THIS MO. 0 CLEAR (SCALE 0-3) 31
DPTR FM NORMAL 0 PTCLDY (SCALE 4-7) 0
TOTAL FM JUL 1 0 CLOUDY (SCALE 8-10) 0
DPTR FM NORMAL 0
[CDD (BASE 65) ]
TOTAL THIS MO. 707
DPTR FM NORMAL 231 [PRESSURE DATA]
TOTAL FM JAN 1 1650 HIGHEST SLP 30.04 ON 31
DPTR FM NORMAL 552 LOWEST SLP 29.55 ON 13
[REMARKS]
#FINAL-07-20#