614
CXUS54 KFWD 010830
CF6RPH
PRELIMINARY LOCAL CLIMATOLOGICAL DATA (WS FORM: F-6)
STATION: GRAHAM
MONTH: JANUARY
YEAR: 2021
LATITUDE: 33 6 N
LONGITUDE: 98 30 W
TEMPERATURE IN F: :PCPN: SNOW: WIND :SUNSHINE: SKY :PK WND
================================================================================
1 2 3 4 5 6A 6B 7 8 9 10 11 12 13 14 15 16 17 18
12Z AVG MX 2MIN
DY MAX MIN AVG DEP HDD CDD WTR SNW DPTH SPD SPD DIR MIN PSBL S-S WX SPD DR
================================================================================
1 38 28 33 -9 32 0 0.03 M M 5.9 18 330 M M 7 24 330
2 59 29 44 2 21 0 0.00 M M 3.1 8 240 M M 0 16 240
3 60 31 46 4 19 0 0.00 M M 3.5 12 270 M M 0 M M
4 63 31 47 5 18 0 0.00 M M 2.3 12 350 M M 0 17 350
5 66 27 47 5 18 0 0.00 M M 4.4 10 140 M M 0 17 140
6 57 40 49 7 16 0 0.00 M M 10.7 21 300 M M 3 30 310
7 51 32 42 0 23 0 0.00 M M 9.4 16 310 M M 1 22 310
8 47 27 37 -5 28 0 0.00 M M 3.5 13 360 M M 3 17 330
9 49 22 36 -6 29 0 0.00 M M 1.8 6 70 M M 1 M M
10 39 32 36 -6 29 0 0.13 M M 4.1 10 330 M M 2 M M
11 46 26 36 -6 29 0 0.00 M M 2.9 9 310 M M 1 1 17 310
12 53 22 38 -4 27 0 0.00 M M 2.5 10 210 M M 0 1 17 210
13 65 25 45 3 20 0 0.00 M M 4.1 13 200 M M 0 1 16 200
14 59 29 44 2 21 0 0.00 M M 10.2 28 350 M M 0 41 340
15 53 29 41 -1 24 0 0.00 M M 14.8 29 310 M M 0 8 44 310
16 57 24 41 -1 24 0 0.00 M M 2.1 6 280 M M 0 8 M M
17 58 24 41 -1 24 0 0.00 M M 2.0 10 300 M M 0 M M
18 71 26 49 7 16 0 0.00 M M 6.1 13 350 M M 0 20 150
19 52 45 49 6 16 0 0.05 M M 9.4 16 360 M M 4 22 40
20 45 39 42 -1 23 0 0.04 M M 2.5 8 160 M M 4 M M
21 61 43 52 9 13 0 0.00 M M 1.8 6 230 M M 0 M M
22 48 41 45 2 20 0 0.00 M M 3.1 8 360 M M 7 M M
23 54 37 46 3 19 0 0.00 M M 3.5 9 140 M M 7 17 140
24 60 53 57 14 8 0 0.01 M M 3.4 8 100 M M 9 17 100
25 65 38 52 9 13 0 0.08 M M 7.6 21 300 M M 1 30 220
26 55 29 42 -1 23 0 0.00 M M 5.2 13 20 M M 0 20 20
27 46 27 37 -6 28 0 0.00 M M 6.4 15 350 M M 0 24 340
28 50 24 37 -6 28 0 0.00 M M 3.4 8 190 M M 0 M M
29 M 33 M M M M 0.00 M M 1.7 7 150 M M 0 M M
30 M M M M M M M M M M M M M M M M M
31 M M M M M M M M M M M M M M M M M
================================================================================
SM 1527 913 609 0 0.34 M 141.4 M 50
================================================================================
AV 54.5 31.5 4.9 FASTST M M 2 MAX(MPH)
MISC ----> 29 310 44 310
================================================================================
NOTES:
# LAST OF SEVERAL OCCURRENCES
COLUMN 17 PEAK WIND IN M.P.H.
PRELIMINARY LOCAL CLIMATOLOGICAL DATA (WS FORM: F-6) , PAGE 2
STATION: GRAHAM
MONTH: JANUARY
YEAR: 2021
LATITUDE: 33 6 N
LONGITUDE: 98 30 W
[TEMPERATURE DATA] [PRECIPITATION DATA] SYMBOLS USED IN COLUMN 16
AVERAGE MONTHLY: 43.0 TOTAL FOR MONTH: 0.34 1 = FOG OR MIST
DPTR FM NORMAL: 0.5 DPTR FM NORMAL: -0.89 2 = FOG REDUCING VISIBILITY
HIGHEST: 71 ON 18 GRTST 24HR 0.43 ON 20-20 TO 1/4 MILE OR LESS
LOWEST: 22 ON 12, 9 3 = THUNDER
SNOW, ICE PELLETS, HAIL 4 = ICE PELLETS
TOTAL MONTH: M 5 = HAIL
GRTST 24HR M ON M 6 = FREEZING RAIN OR DRIZZLE
GRTST DEPTH: M ON M 7 = DUSTSTORM OR SANDSTORM:
VSBY 1/2 MILE OR LESS
8 = SMOKE OR HAZE
[NO. OF DAYS WITH] [WEATHER - DAYS WITH] 9 = BLOWING SNOW
X = TORNADO
MAX 32 OR BELOW: 0 0.01 INCH OR MORE: 6
MAX 90 OR ABOVE: 0 0.10 INCH OR MORE: 1
MIN 32 OR BELOW: 20 0.50 INCH OR MORE: 0
MIN 0 OR BELOW: 0 1.00 INCH OR MORE: 0
[HDD (BASE 65) ]
TOTAL THIS MO. 609 CLEAR (SCALE 0-3) 23
DPTR FM NORMAL -87 PTCLDY (SCALE 4-7) 5
TOTAL FM JUL 1 1667 CLOUDY (SCALE 8-10) 3
DPTR FM NORMAL -204
[CDD (BASE 65) ]
TOTAL THIS MO. 0
DPTR FM NORMAL 0 [PRESSURE DATA]
TOTAL FM JAN 1 0 HIGHEST SLP M ON M
DPTR FM NORMAL 0 LOWEST SLP M ON M
[REMARKS]
#FINAL-01-21#