681
CXUS56 KFGZ 010900
CF6RQE
PRELIMINARY LOCAL CLIMATOLOGICAL DATA (WS FORM: F-6)
STATION: WINDOW ROCK AZ AIRPORT
MONTH: SEPTEMBER
YEAR: 2020
LATITUDE: 35 39 N
LONGITUDE: 109 4 W
TEMPERATURE IN F: :PCPN: SNOW: WIND :SUNSHINE: SKY :PK WND
================================================================================
1 2 3 4 5 6A 6B 7 8 9 10 11 12 13 14 15 16 17 18
12Z AVG MX 2MIN
DY MAX MIN AVG DEP HDD CDD WTR SNW DPTH SPD SPD DIR MIN PSBL S-S WX SPD DR
================================================================================
1 83 45 64 -1 1 0 0.02 M M 10.4 23 280 M M 1 31 280
2 90 35 63 -1 2 0 0.00 M M 2.7 16 330 M M 0 23 340
3 92 38 65 1 0 0 0.00 M M 3.7 16 30 M M 0 22 30
4 95 43 69 5 0 4 0.00 M M 3.3 15 220 M M 0 19 150
5 93 47 70 7 0 5 0.00 M M 3.1 18 60 M M 0 24 60
6 96 45 71 8 0 6 0.00 M M 3.5 17 60 M M 0 24 130
7 93 47 70 7 0 5 0.00 M M 5.1 18 330 M M 0 8 26 330
8 80 41 61 -1 4 0 0.12 M M 9.7 39 240 M M 2 8 52 230
9 65 39 52 -10 13 0 T M M 6.9 21 230 M M 8 29 180
10 68 41 55 -7 10 0 0.00 M M 5.3 16 260 M M 6 21 250
11 75 30 53 -8 12 0 0.00 M M 3.3 14 140 M M 0 18 70
12 79 31 55 -6 10 0 0.00 M M 3.8 15 60 M M 0 20 60
13 82 34 58 -3 7 0 0.00 M M 2.9 17 90 M M 0 28 50
14 81 35 58 -2 7 0 0.00 M M 2.9 16 40 M M 0 24 10
15 83 35 59 -1 6 0 0.00 M M 3.4 15 350 M M 0 19 350
16 86 34 60 1 5 0 0.00 M M 2.6 16 30 M M 0 25 340
17 85 38 62 3 3 0 0.00 M M 3.4 13 50 M M 0 16 50
18 85 37 61 2 4 0 0.00 M M 3.9 15 180 M M 0 22 200
19 83 42 63 5 2 0 0.00 M M 4.3 16 250 M M 2 25 170
20 85 42 64 6 1 0 0.00 M M 2.2 13 240 M M 1 18 180
21 85 40 63 6 2 0 T M M 4.7 21 310 M M 1 31 300
22 82 50 66 9 0 1 0.01 M M 4.0 20 10 M M 6 27 360
23 84 44 64 7 1 0 T M M 4.1 17 340 M M 2 22 360
24 87 37 62 6 3 0 0.00 M M 2.4 13 260 M M 0 18 270
25 86 39 63 7 2 0 0.00 M M 5.1 22 250 M M 0 28 250
26 86 40 63 8 2 0 0.00 M M 8.0 25 250 M M 0 33 260
27 84 47 66 11 0 1 0.00 M M 7.6 20 280 M M 0 27 280
28 77 34 56 1 9 0 0.00 M M 3.7 15 60 M M 0 22 40
29 82 24 53 -1 12 0 0.00 M M 2.8 14 270 M M 0 18 280
30 86 28 57 3 8 0 0.00 M M 3.4 13 140 M M 0 20 100
================================================================================
SM 2518 1162 126 22 0.15 M 132.2 M 29
================================================================================
AV 83.9 38.7 4.4 FASTST M M 1 MAX(MPH)
MISC ----> # 39 240 # 52 230
================================================================================
NOTES:
# LAST OF SEVERAL OCCURRENCES
COLUMN 17 PEAK WIND IN M.P.H.
PRELIMINARY LOCAL CLIMATOLOGICAL DATA (WS FORM: F-6) , PAGE 2
STATION: WINDOW ROCK AZ AIRPORT
MONTH: SEPTEMBER
YEAR: 2020
LATITUDE: 35 39 N
LONGITUDE: 109 4 W
[TEMPERATURE DATA] [PRECIPITATION DATA] SYMBOLS USED IN COLUMN 16
AVERAGE MONTHLY: 61.3 TOTAL FOR MONTH: 0.15 1 = FOG OR MIST
DPTR FM NORMAL: 1.8 DPTR FM NORMAL: -1.26 2 = FOG REDUCING VISIBILITY
HIGHEST: 96 ON 6 GRTST 24HR 0.12 ON 8- 8 TO 1/4 MILE OR LESS
LOWEST: 24 ON 29 3 = THUNDER
SNOW, ICE PELLETS, HAIL 4 = ICE PELLETS
TOTAL MONTH: M 5 = HAIL
GRTST 24HR M ON M 6 = FREEZING RAIN OR DRIZZLE
GRTST DEPTH: M ON M 7 = DUSTSTORM OR SANDSTORM:
VSBY 1/2 MILE OR LESS
8 = SMOKE OR HAZE
[NO. OF DAYS WITH] [WEATHER - DAYS WITH] 9 = BLOWING SNOW
X = TORNADO
MAX 32 OR BELOW: 0 0.01 INCH OR MORE: 3
MAX 90 OR ABOVE: 6 0.10 INCH OR MORE: 1
MIN 32 OR BELOW: 4 0.50 INCH OR MORE: 0
MIN 0 OR BELOW: 0 1.00 INCH OR MORE: 0
[HDD (BASE 65) ]
TOTAL THIS MO. 126 CLEAR (SCALE 0-3) 27
DPTR FM NORMAL -49 PTCLDY (SCALE 4-7) 3
TOTAL FM JUL 1 126 CLOUDY (SCALE 8-10) 0
DPTR FM NORMAL -58
[CDD (BASE 65) ]
TOTAL THIS MO. 22
DPTR FM NORMAL 16 [PRESSURE DATA]
TOTAL FM JAN 1 497 HIGHEST SLP M ON M
DPTR FM NORMAL 217 LOWEST SLP 29.50 ON 8
[REMARKS]
#FINAL-09-20#