000
CXUS54 KLZK 011230
CF6RUE
PRELIMINARY LOCAL CLIMATOLOGICAL DATA (WS FORM: F-6)
STATION: RUSSELLVILLE
MONTH: JULY
YEAR: 2023
LATITUDE: 35 15 N
LONGITUDE: 93 6 W
TEMPERATURE IN F: :PCPN: SNOW: WIND :SUNSHINE: SKY :PK WND
================================================================================
1 2 3 4 5 6A 6B 7 8 9 10 11 12 13 14 15 16 17 18
12Z AVG MX 2MIN
DY MAX MIN AVG DEP HDD CDD WTR SNW DPTH SPD SPD DIR MIN PSBL S-S WX SPD DR
================================================================================
1 96 77 87 6 0 22 0.00 M M 4.6 16 250 M M 1 3 24 230
2 96 72 84 3 0 19 0.00 M M 4.6 18 270 M M 1 25 280
3 95 69 82 1 0 17 0.00 M M 2.3 17 260 M M 1 3 22 270
4 92 69 81 0 0 16 0.00 M M 2.2 8 170 M M 0 12 180
5 92 73 83 2 0 18 0.00 M M 3.7 13 200 M M 1 13 19 200
6 90 72 81 0 0 16 0.00 M M 3.1 12 350 M M 3 1 16 290
7 90 70 80 -1 0 15 0.00 M M 3.6 15 190 M M 3 3 23 190
8 91 72 82 1 0 17 0.13 M M 1.8 12 330 M M 3 1 16 340
9 85 67 76 -6 0 11 0.71 M M 2.8 14 250 M M 5 13 21 240
10 86 63 75 -7 0 10 0.00 M M 1.4 8 110 M M 0 1 11 120
11 83 65 74 -8 0 9 T M M 2.1 9 100 M M 2 13 14 110
12 88 72 80 -2 0 15 0.00 M M 2.3 9 170 M M 6 1 14 180
13 93 73 83 1 0 18 0.57 M M 4.6 18 60 M M 4 13 24 50
14 91 70 81 -1 0 16 1.12 M M 4.4 24 340 M M 4 13 33 10
15 92 70 81 -1 0 16 0.46 M M 3.5 12 300 M M 3 13 16 280
16 89 69 79 -3 0 14 0.00 M M 1.4 7 220 M M 0 1 11 200
17 91 71 81 -1 0 16 0.00 M M 2.3 7 80 M M 2 12 11 110
18 99 76 88 6 0 23 0.00 M M 3.1 12 230 M M 0 1 16 170
19 98 75 87 5 0 22 0.00 M M 4.9 14 240 M M 0 18 220
20 96 76 86 4 0 21 0.00 M M 1.3 6 350 M M 1 9 160
21 82 73 78 -4 0 13 0.88 M M 3.0 22 270 M M 5 138 29 40
22 88 69 79 -3 0 14 0.00 M M 3.8 12 340 M M 3 16 300
23 92 65 79 -3 0 14 0.00 M M 2.3 9 250 M M 0 1 14 340
24 94 68 81 -1 0 16 0.00 M M 1.7 8 190 M M 0 1 11 180
25 95 69 82 0 0 17 0.00 M M 3.3 10 190 M M 0 1 14 180
26 96 74 85 3 0 20 0.00 M M 4.2 10 190 M M 0 14 190
27 97 76 87 5 0 22 0.00 M M 3.6 12 220 M M 0 18 190
28 98 73 86 4 0 21 0.00 M M 3.2 12 190 M M 0 1 16 210
29 99 72 86 4 0 21 0.00 M M 1.7 12 320 M M 0 18 15 340
30 100 74 87 5 0 22 0.21 M M 2.6 28 50 M M 1 3 33 50
31 91 70 81 -1 0 16 0.64 M M 3.3 25 350 M M 1 138 36 20
================================================================================
SM 2865 2204 0 527 4.72 M 92.7 M 50
================================================================================
AV 92.4 71.1 3.0 FASTST M M 2 MAX(MPH)
MISC ----> 28 50 36 20
================================================================================
NOTES:
# LAST OF SEVERAL OCCURRENCES
COLUMN 17 PEAK WIND IN M.P.H.
PRELIMINARY LOCAL CLIMATOLOGICAL DATA (WS FORM: F-6) , PAGE 2
STATION: RUSSELLVILLE
MONTH: JULY
YEAR: 2023
LATITUDE: 35 15 N
LONGITUDE: 93 6 W
[TEMPERATURE DATA] [PRECIPITATION DATA] SYMBOLS USED IN COLUMN 16
AVERAGE MONTHLY: 81.8 TOTAL FOR MONTH: 4.72 1 = FOG OR MIST
DPTR FM NORMAL: 0.0 DPTR FM NORMAL: 1.27 2 = FOG REDUCING VISIBILITY
HIGHEST: 100 ON 30 GRTST 24HR 1.37 ON 14-15 TO 1/4 MILE OR LESS
LOWEST: 63 ON 10 3 = THUNDER
SNOW, ICE PELLETS, HAIL 4 = ICE PELLETS
TOTAL MONTH: M 5 = HAIL
GRTST 24HR M ON M 6 = FREEZING RAIN OR DRIZZLE
GRTST DEPTH: M ON M 7 = DUSTSTORM OR SANDSTORM:
VSBY 1/2 MILE OR LESS
8 = SMOKE OR HAZE
[NO. OF DAYS WITH] [WEATHER - DAYS WITH] 9 = BLOWING SNOW
X = TORNADO
MAX 32 OR BELOW: 0 0.01 INCH OR MORE: 8
MAX 90 OR ABOVE: 24 0.10 INCH OR MORE: 8
MIN 32 OR BELOW: 0 0.50 INCH OR MORE: 5
MIN 0 OR BELOW: 0 1.00 INCH OR MORE: 1
[HDD (BASE 65) ]
TOTAL THIS MO. 0 CLEAR (SCALE 0-3) 24
DPTR FM NORMAL 0 PTCLDY (SCALE 4-7) 7
TOTAL FM JUL 1 0 CLOUDY (SCALE 8-10) 0
DPTR FM NORMAL 0
[CDD (BASE 65) ]
TOTAL THIS MO. 527
DPTR FM NORMAL 6 [PRESSURE DATA]
TOTAL FM JAN 1 1162 HIGHEST SLP 30.14 ON 31
DPTR FM NORMAL 19 LOWEST SLP 29.78 ON 14
[REMARKS]
#FINAL-07-23#