000
CXUS54 KTSA 010850
CF6RVS
PRELIMINARY LOCAL CLIMATOLOGICAL DATA (WS FORM: F-6)
STATION: TULSA-RIVERSIDE OKLAHOMA
MONTH: AUGUST
YEAR: 2023
LATITUDE: 36 2 N
LONGITUDE: 95 59 W
TEMPERATURE IN F: :PCPN: SNOW: WIND :SUNSHINE: SKY :PK WND
================================================================================
1 2 3 4 5 6A 6B 7 8 9 10 11 12 13 14 15 16 17 18
12Z AVG MX 2MIN
DY MAX MIN AVG DEP HDD CDD WTR SNW DPTH SPD SPD DIR MIN PSBL S-S WX SPD DR
================================================================================
1 104 74 89 5 0 24 0.00 0.0 M 6.6 16 190 M M 0 25 200
2 106 77 92 8 0 27 0.00 0.0 M 8.8 18 190 M M 0 28 190
3 106 75 91 7 0 26 0.00 0.0 M 5.8 18 210 M M 0 28 230
4 105 76 91 7 0 26 0.00 0.0 M 4.3 14 180 M M 1 20 200
5 86 71 79 -5 0 14 0.41 0.0 M 4.2 20 30 M M 2 3 34 10
6 90 69 80 -4 0 15 1.30 0.0 M 3.7 13 180 M M 3 3 29 320
7 88 66 77 -6 0 12 1.17 0.0 M 3.3 13 360 M M 2 3 23 10
8 88 69 79 -4 0 14 0.60 0.0 M 7.8 23 180 M M 2 3 36 180
9 89 73 81 -2 0 16 0.10 0.0 M 5.8 12 10 M M 3 3 19 170
10 94 73 84 1 0 19 0.00 0.0 M 3.7 10 70 M M 0 14 60
11 100 75 88 5 0 23 0.00 0.0 M 6.6 17 70 M M 0 24 70
12 91 77 84 1 0 19 0.15 0.0 M 3.8 12 170 M M 0 3 20 160
13 96 73 85 2 0 20 0.66 0.0 M 4.6 22 330 M M 1 3 40 360
14 85 65 75 -8 0 10 0.22 0.0 M 4.5 13 360 M M 4 3 26 360
15 85 62 74 -9 0 9 0.00 0.0 M 3.0 14 10 M M 0 20 10
16 87 61 74 -8 0 9 0.00 0.0 M 3.9 10 170 M M 0 17 160
17 93 65 79 -3 0 14 0.00 0.0 M 5.8 18 190 M M 0 25 200
18 95 71 83 1 0 18 0.00 0.0 M 5.3 12 40 M M 0 16 30
19 101 77 89 7 0 24 0.00 0.0 M 5.6 13 180 M M 0 18 170
20 102 73 88 6 0 23 0.00 0.0 M 1.2 7 250 M M 0 11 320
21 104 76 90 8 0 25 0.00 0.0 M 1.0 9 20 M M 0 14 40
22 99 78 89 8 0 24 0.00 0.0 M 2.9 9 130 M M 0 14 160
23 98 76 87 6 0 22 0.00 0.0 M 3.8 10 170 M M 0 16 190
24 101 76 89 8 0 24 0.00 0.0 M 2.3 10 190 M M 0 16 220
25 103 76 90 9 0 25 T 0.0 M 2.3 15 70 M M 0 3 23 70
26 96 76 86 6 0 21 0.00 0.0 M 8.2 17 30 M M 0 26 30
27 91 74 83 3 0 18 T 0.0 M 8.1 16 30 M M 2 25 30
28 87 65 76 -4 0 11 0.00 0.0 M 5.4 15 30 M M 0 25 40
29 93 65 79 -1 0 14 0.00 0.0 M 2.4 13 30 M M 0 19 40
30 91 68 80 0 0 15 0.00 0.0 M 4.8 14 60 M M 1 23 60
31 91 66 79 0 0 14 0.00 0.0 M 5.0 12 110 M M 0 19 110
================================================================================
SM 2945 2218 0 575 4.61 0.0 144.5 M 21
================================================================================
AV 95.0 71.5 4.7 FASTST M M 1 MAX(MPH)
MISC ----> 23 180 40 360
================================================================================
NOTES:
# LAST OF SEVERAL OCCURRENCES
COLUMN 17 PEAK WIND IN M.P.H.
PRELIMINARY LOCAL CLIMATOLOGICAL DATA (WS FORM: F-6) , PAGE 2
STATION: TULSA-RIVERSIDE OKLAHOMA
MONTH: AUGUST
YEAR: 2023
LATITUDE: 36 2 N
LONGITUDE: 95 59 W
[TEMPERATURE DATA] [PRECIPITATION DATA] SYMBOLS USED IN COLUMN 16
AVERAGE MONTHLY: 83.3 TOTAL FOR MONTH: 4.61 1 = FOG OR MIST
DPTR FM NORMAL: 1.2 DPTR FM NORMAL: 0.97 2 = FOG REDUCING VISIBILITY
HIGHEST: 106 ON 3, 2 GRTST 24HR 1.70 ON 5- 6 TO 1/4 MILE OR LESS
LOWEST: 61 ON 16 3 = THUNDER
SNOW, ICE PELLETS, HAIL 4 = ICE PELLETS
TOTAL MONTH: 0.0 INCH 5 = HAIL
GRTST 24HR 0.0 6 = FREEZING RAIN OR DRIZZLE
GRTST DEPTH: M ON M 7 = DUSTSTORM OR SANDSTORM:
VSBY 1/2 MILE OR LESS
8 = SMOKE OR HAZE
[NO. OF DAYS WITH] [WEATHER - DAYS WITH] 9 = BLOWING SNOW
X = TORNADO
MAX 32 OR BELOW: 0 0.01 INCH OR MORE: 8
MAX 90 OR ABOVE: 23 0.10 INCH OR MORE: 8
MIN 32 OR BELOW: 0 0.50 INCH OR MORE: 4
MIN 0 OR BELOW: 0 1.00 INCH OR MORE: 2
[HDD (BASE 65) ]
TOTAL THIS MO. 0 CLEAR (SCALE 0-3) 30
DPTR FM NORMAL 0 PTCLDY (SCALE 4-7) 1
TOTAL FM JUL 1 0 CLOUDY (SCALE 8-10) 0
DPTR FM NORMAL 0
[CDD (BASE 65) ]
TOTAL THIS MO. 575
DPTR FM NORMAL 45 [PRESSURE DATA]
TOTAL FM JAN 1 1772 HIGHEST SLP 30.21 ON 15
DPTR FM NORMAL -4 LOWEST SLP 29.72 ON 9
[REMARKS]
#FINAL-08-23#