000
CXUS55 KPIH 011200
CF6RXE
PRELIMINARY LOCAL CLIMATOLOGICAL DATA (WS FORM: F-6)
STATION: REXBURG
MONTH: JANUARY
YEAR: 2023
LATITUDE: 43 49 N
LONGITUDE: 111 48 W
TEMPERATURE IN F: :PCPN: SNOW: WIND :SUNSHINE: SKY :PK WND
================================================================================
1 2 3 4 5 6A 6B 7 8 9 10 11 12 13 14 15 16 17 18
12Z AVG MX 2MIN
DY MAX MIN AVG DEP HDD CDD WTR SNW DPTH SPD SPD DIR MIN PSBL S-S WX SPD DR
================================================================================
1 32 20 26 6 39 0 0.00 M M 5.8 13 20 M M 6 18 10
2 25 8 17 -3 48 0 T M M 4.6 13 200 M M 4 17 210
3 25 16 21 1 44 0 T M M 3.4 10 250 M M 10 18 15 190
4 26 13 20 0 45 0 0.00 M M 3.6 9 60 M M 8 12 40
5 35 11 23 3 42 0 0.03 M M 4.4 8 60 M M 9 1 12 50
6 35 32 34 14 31 0 0.07 M M 4.2 10 220 M M 10 1 13 210
7 36 16 26 6 39 0 T M M 4.0 12 220 M M 9 1 16 220
8 35 13 24 4 41 0 0.03 M M 7.1 17 200 M M 5 1 27 190
9 34 12 23 3 42 0 0.14 M M 4.0 10 200 M M 6 1 M M
10 34 32 33 13 32 0 0.09 M M 3.5 10 60 M M 10 1 14 80
11 32 21 27 7 38 0 0.15 M M 9.7 20 200 M M 8 1 27 210
12 34 16 25 5 40 0 0.00 M M 4.2 8 60 M M 8 10 70
13 33 18 26 6 39 0 T M M 3.1 7 30 M M 2 10 40
14 38 30 34 14 31 0 0.04 M M 5.1 20 220 M M 9 1 28 220
15 33 29 31 11 34 0 0.30 M M 4.8 16 200 M M 10 1 23 200
16 32 14 23 3 42 0 T M M 5.5 16 200 M M 5 1 23 200
17 26 9 18 -2 47 0 0.00 M M 3.5 9 170 M M 3 12 13 180
18 20 11 16 -4 49 0 0.00 M M 3.9 8 20 M M 10 1 12 210
19 26 8 17 -3 48 0 T M M 3.8 8 20 M M 9 1 11 10
20 19 0 10 -10 55 0 0.00 M M 4.0 13 240 M M 6 18 17 190
21 19 9 14 -6 51 0 T M M 2.5 7 240 M M 10 18 11 80
22 19 0 10 -11 55 0 0.01 M M 2.4 8 200 M M 7 18 10 210
23 14 3 9 -12 56 0 T M M 3.6 12 220 M M 9 1 16 220
24 14 9 12 -9 53 0 0.04 M M 2.3 8 230 M M 10 1 9 230
25 18 6 12 -9 53 0 T M M 3.7 9 50 M M 10 1 12 40
26 18 12 15 -6 50 0 0.16 M M 0.8 7 210 M M 10 12 11 220
27 25 15 20 -1 45 0 0.35 M M 1.7 10 240 M M 10 12 13 240
28 22 2 12 -9 53 0 T M M 5.5 13 60 M M 9 1 18 50
29 5 -22 -8 -29 73 0 0.00 M M 8.5 17 30 M M 3 25 30
30 -2 -27 -14 -35 79 0 0.00 M M 3.2 8 20 M M 1 18 9 20
31 9 -26 -8 -29 73 0 0.00 M M 2.2 7 30 M M 8 18 8 40
================================================================================
SM 771 310 1467 0 1.41 M 128.6 M 234
================================================================================
AV 24.9 10.0 4.1 FASTST M M 8 MAX(MPH)
MISC ----> # 20 200 28 220
================================================================================
NOTES:
# LAST OF SEVERAL OCCURRENCES
COLUMN 17 PEAK WIND IN M.P.H.
PRELIMINARY LOCAL CLIMATOLOGICAL DATA (WS FORM: F-6) , PAGE 2
STATION: REXBURG
MONTH: JANUARY
YEAR: 2023
LATITUDE: 43 49 N
LONGITUDE: 111 48 W
[TEMPERATURE DATA] [PRECIPITATION DATA] SYMBOLS USED IN COLUMN 16
AVERAGE MONTHLY: 17.4 TOTAL FOR MONTH: 1.41 1 = FOG OR MIST
DPTR FM NORMAL: -2.9 DPTR FM NORMAL: 0.36 2 = FOG REDUCING VISIBILITY
HIGHEST: 38 ON 14 GRTST 24HR 0.35 ON 27-27 TO 1/4 MILE OR LESS
LOWEST: -27 ON 30 3 = THUNDER
SNOW, ICE PELLETS, HAIL 4 = ICE PELLETS
TOTAL MONTH: M 5 = HAIL
GRTST 24HR M ON M 6 = FREEZING RAIN OR DRIZZLE
GRTST DEPTH: M ON M 7 = DUSTSTORM OR SANDSTORM:
VSBY 1/2 MILE OR LESS
8 = SMOKE OR HAZE
[NO. OF DAYS WITH] [WEATHER - DAYS WITH] 9 = BLOWING SNOW
X = TORNADO
MAX 32 OR BELOW: 21 0.01 INCH OR MORE: 12
MAX 90 OR ABOVE: 0 0.10 INCH OR MORE: 5
MIN 32 OR BELOW: 31 0.50 INCH OR MORE: 0
MIN 0 OR BELOW: 5 1.00 INCH OR MORE: 0
[HDD (BASE 65) ]
TOTAL THIS MO. 1467 CLEAR (SCALE 0-3) 2
DPTR FM NORMAL 83 PTCLDY (SCALE 4-7) 12
TOTAL FM JUL 1 4553 CLOUDY (SCALE 8-10) 17
DPTR FM NORMAL -86
[CDD (BASE 65) ]
TOTAL THIS MO. 0
DPTR FM NORMAL 0 [PRESSURE DATA]
TOTAL FM JAN 1 0 HIGHEST SLP 30.82 ON 30
DPTR FM NORMAL 0 LOWEST SLP 29.48 ON 15
[REMARKS]
#FINAL-01-23#