000
CXUS55 KPIH 011335
CF6RXE
PRELIMINARY LOCAL CLIMATOLOGICAL DATA (WS FORM: F-6)
STATION: REXBURG ID
MONTH: APRIL
YEAR: 2021
LATITUDE: 43 49 N
LONGITUDE: 111 48 W
TEMPERATURE IN F: :PCPN: SNOW: WIND :SUNSHINE: SKY :PK WND
================================================================================
1 2 3 4 5 6A 6B 7 8 9 10 11 12 13 14 15 16 17 18
12Z AVG MX 2MIN
DY MAX MIN AVG DEP HDD CDD WTR SNW DPTH SPD SPD DIR MIN PSBL S-S WX SPD DR
================================================================================
1 55 22 39 -1 26 0 0.00 M M 5.3 13 60 M M 0 8 19 70
2 68 27 48 8 17 0 0.00 M M 8.6 20 210 M M 0 32 210
3 72 32 52 11 13 0 0.00 M M 6.2 18 200 M M 0 26 210
4 72 37 55 14 10 0 0.00 M M 9.8 28 240 M M 0 39 240
5 54 33 44 3 21 0 0.19 M M 10.0 22 260 M M 6 1 31 200
6 44 31 38 -4 27 0 0.17 M M 7.6 16 200 M M 9 1 23 210
7 57 28 43 1 22 0 0.00 M M 6.5 18 180 M M 1 1 30 160
8 54 32 43 1 22 0 0.00 M M 14.5 41 240 M M 5 62 230
9 49 24 37 -5 28 0 0.00 M M 5.6 14 220 M M 0 22 320
10 61 25 43 1 22 0 0.00 M M 16.7 46 240 M M 2 8 67 240
11 46 28 37 -6 28 0 0.00 M M 5.8 16 10 M M 3 25 10
12 48 25 37 -6 28 0 0.00 M M 8.8 18 30 M M 3 27 30
13 51 29 40 -3 25 0 0.00 M M 16.6 25 20 M M 1 40 40
14 48 29 39 -4 26 0 T M M 13.0 23 40 M M 8 34 20
15 49 31 40 -4 25 0 0.08 M M 7.3 18 30 M M 10 1 27 50
16 53 30 42 -2 23 0 0.00 M M 11.7 20 40 M M 5 33 20
17 60 27 44 0 21 0 0.00 M M 6.2 14 40 M M 0 27 30
18 65 27 46 2 19 0 0.00 M M 6.9 20 210 M M 1 29 210
19 48 26 37 -8 28 0 T M M 13.4 24 10 M M 3 1 35 20
20 50 19 35 -10 30 0 0.00 M M 5.8 16 50 M M 0 25 70
21 58 26 42 -3 23 0 0.00 M M 6.1 14 20 M M 0 22 330
22 61 23 42 -3 23 0 0.05 M M 8.8 28 230 M M 2 8 47 220
23 57 35 46 0 19 0 T M M 7.1 17 200 M M 7 27 210
24 59 44 52 6 13 0 0.00 M M 14.2 26 190 M M 6 40 240
25 49 42 46 0 19 0 0.07 M M 10.9 20 200 M M 8 28 210
26 53 36 45 -1 20 0 0.46 M M 5.9 13 220 M M 9 1 19 240
27 59 37 48 1 17 0 0.01 M M 7.0 15 200 M M 4 1 20 200
28 66 34 50 3 15 0 0.00 M M 8.1 16 180 M M 0 23 180
29 72 35 54 7 11 0 0.00 M M 6.7 14 200 M M 0 21 200
30 82 43 63 15 2 0 0.00 M M 9.0 22 240 M M 0 33 210
================================================================================
SM 1720 917 623 0 1.03 M 270.1 M 93
================================================================================
AV 57.3 30.6 9.0 FASTST M M 3 MAX(MPH)
MISC ----> 46 240 67 240
================================================================================
NOTES:
# LAST OF SEVERAL OCCURRENCES
PRECIPITATION AMOUNTS ARE SUSPECT DURING FREEZING/FROZEN EVENTS
COLUMN 17 PEAK WIND IN M.P.H.
PRELIMINARY LOCAL CLIMATOLOGICAL DATA (WS FORM: F-6) , PAGE 2
STATION: REXBURG ID
MONTH: APRIL
YEAR: 2021
LATITUDE: 43 49 N
LONGITUDE: 111 48 W
[TEMPERATURE DATA] [PRECIPITATION DATA] SYMBOLS USED IN COLUMN 16
AVERAGE MONTHLY: 44.0 TOTAL FOR MONTH: 1.03 1 = FOG OR MIST
DPTR FM NORMAL: 0.2 DPTR FM NORMAL: -0.45 2 = FOG REDUCING VISIBILITY
HIGHEST: 82 ON 30 GRTST 24HR 0.47 ON 26-27 TO 1/4 MILE OR LESS
LOWEST: 19 ON 20 3 = THUNDER
SNOW, ICE PELLETS, HAIL 4 = ICE PELLETS
TOTAL MONTH: M 5 = HAIL
GRTST 24HR M ON M 6 = FREEZING RAIN OR DRIZZLE
GRTST DEPTH: M ON M 7 = DUSTSTORM OR SANDSTORM:
VSBY 1/2 MILE OR LESS
8 = SMOKE OR HAZE
[NO. OF DAYS WITH] [WEATHER - DAYS WITH] 9 = BLOWING SNOW
X = TORNADO
MAX 32 OR BELOW: 0 0.01 INCH OR MORE: 7
MAX 90 OR ABOVE: 0 0.10 INCH OR MORE: 3
MIN 32 OR BELOW: 20 0.50 INCH OR MORE: 0
MIN 0 OR BELOW: 0 1.00 INCH OR MORE: 0
[HDD (BASE 65) ]
TOTAL THIS MO. 623 CLEAR (SCALE 0-3) 17
DPTR FM NORMAL -13 PTCLDY (SCALE 4-7) 10
TOTAL FM JUL 1 7336 CLOUDY (SCALE 8-10) 3
DPTR FM NORMAL -230
[CDD (BASE 65) ]
TOTAL THIS MO. 0
DPTR FM NORMAL 0 [PRESSURE DATA]
TOTAL FM JAN 1 0 HIGHEST SLP 30.43 ON 1
DPTR FM NORMAL 0 LOWEST SLP 29.58 ON 26
[REMARKS]
#FINAL-04-21#