000
CXUS54 KEWX 011011
CF6RYW
PRELIMINARY LOCAL CLIMATOLOGICAL DATA (WS FORM: F-6)
STATION: LAGO VISTA
MONTH: MAY
YEAR: 2020
LATITUDE: 30 30 N
LONGITUDE: 97 58 W
TEMPERATURE IN F: :PCPN: SNOW: WIND :SUNSHINE: SKY :PK WND
================================================================================
1 2 3 4 5 6A 6B 7 8 9 10 11 12 13 14 15 16 17 18
12Z AVG MX 2MIN
DY MAX MIN AVG DEP HDD CDD WTR SNW DPTH SPD SPD DIR MIN PSBL S-S WX SPD DR
================================================================================
1 85 63 74 M 0 9 0.00 M M 10.1 15 160 M M 0 22 160
2 89 65 77 M 0 12 0.00 M M 10.0 14 170 M M 3 24 150
3 90 66 78 M 0 13 0.00 M M 10.1 15 190 M M 3 20 190
4 92 69 81 M 0 16 0.00 M M 9.0 13 210 M M 4 21 210
5 79 66 73 M 0 8 0.00 M M 7.6 17 40 M M 9 24 40
6 83 60 72 M 0 7 0.00 M M 7.9 10 80 M M 3 17 80
7 80 62 71 M 0 6 0.00 M M 8.6 14 190 M M 5 28 160
8 80 58 69 M 0 4 0.00 M M 12.5 20 200 M M 5 33 10
9 75 55 65 M 0 0 0.00 M M 7.8 12 100 M M 2 18 60
10 78 51 65 M 0 0 0.00 M M 5.7 12 80 M M 0 17 80
11 82 56 69 M 0 4 0.00 M M 7.3 12 130 M M 3 24 160
12 70 64 67 M 0 2 1.00 M M 5.8 10 120 M M 10 13 18 160
13 84 64 74 M 0 9 0.00 M M 6.5 13 130 M M 7 1 21 130
14 88 69 79 M 0 14 0.00 M M 8.5 15 180 M M 4 22 150
15 88 62 75 M 0 10 1.49 M M 7.9 23 320 M M 8 3 32 320
16 79 59 69 M 0 4 0.50 M M 8.5 15 320 M M 6 13 24 340
17 87 63 75 M 0 10 0.00 M M 4.8 7 30 M M 0 M M
18 92 67 80 M 0 15 0.00 M M 5.2 10 190 M M 0 16 190
19 95 71 83 M 0 18 0.00 M M 7.7 13 210 M M 0 18 200
20 91 71 81 M 0 16 0.00 M M 7.3 12 210 M M 3 1 21 150
21 90 67 79 M 0 14 0.00 M M 7.4 14 300 M M 4 8 23 300
22 92 65 79 M 0 14 0.01 M M 8.6 13 140 M M 5 21 20
23 90 71 81 M 0 16 0.00 M M 9.2 15 140 M M 6 22 140
24 91 63 77 M 0 12 0.76 M M 8.6 13 230 M M 7 3 23 90
25 76 62 69 M 0 4 0.55 M M 4.5 14 40 M M 8 3 18 30
26 82 62 72 M 0 7 0.01 M M 5.6 12 280 M M 4 3 21 280
27 89 64 77 M 0 12 0.14 M M 7.4 13 50 M M 3 3 21 50
28 87 62 75 M 0 10 0.00 M M 3.3 8 40 M M 1 M M
29 85 67 76 M 0 11 0.00 M M 7.6 15 20 M M 0 21 20
30 85 65 75 M 0 10 0.00 M M 7.0 9 80 M M 1 18 80
31 84 64 74 M 0 9 0.00 0.0 0 6.0 9 90 M M 5 16 90
================================================================================
SM 2638 1973 0 296 4.46 0.0 234.0 M 119
================================================================================
AV 85.1 63.7 7.5 FASTST M M 4 MAX(MPH)
MISC ----> # 23 320 # 33 10
================================================================================
NOTES:
# LAST OF SEVERAL OCCURRENCES
COLUMN 17 PEAK WIND IN M.P.H.
PRELIMINARY LOCAL CLIMATOLOGICAL DATA (WS FORM: F-6) , PAGE 2
STATION: LAGO VISTA
MONTH: MAY
YEAR: 2020
LATITUDE: 30 30 N
LONGITUDE: 97 58 W
[TEMPERATURE DATA] [PRECIPITATION DATA] SYMBOLS USED IN COLUMN 16
AVERAGE MONTHLY: 74.4 TOTAL FOR MONTH: 4.46 1 = FOG OR MIST
DPTR FM NORMAL: M DPTR FM NORMAL: M 2 = FOG REDUCING VISIBILITY
HIGHEST: 95 ON 19 GRTST 24HR 1.49 ON 15-15 TO 1/4 MILE OR LESS
LOWEST: 51 ON 10 3 = THUNDER
SNOW, ICE PELLETS, HAIL 4 = ICE PELLETS
TOTAL MONTH: 0.0 INCH 5 = HAIL
GRTST 24HR 0.0 6 = FREEZING RAIN OR DRIZZLE
GRTST DEPTH: 0 7 = DUSTSTORM OR SANDSTORM:
VSBY 1/2 MILE OR LESS
8 = SMOKE OR HAZE
[NO. OF DAYS WITH] [WEATHER - DAYS WITH] 9 = BLOWING SNOW
X = TORNADO
MAX 32 OR BELOW: 0 0.01 INCH OR MORE: 8
MAX 90 OR ABOVE: 9 0.10 INCH OR MORE: 6
MIN 32 OR BELOW: 0 0.50 INCH OR MORE: 5
MIN 0 OR BELOW: 0 1.00 INCH OR MORE: 2
[HDD (BASE 65) ]
TOTAL THIS MO. 0 CLEAR (SCALE 0-3) 14
DPTR FM NORMAL M PTCLDY (SCALE 4-7) 14
TOTAL FM JUL 1 1652 CLOUDY (SCALE 8-10) 3
DPTR FM NORMAL M
[CDD (BASE 65) ]
TOTAL THIS MO. 296
DPTR FM NORMAL M [PRESSURE DATA]
TOTAL FM JAN 1 563 HIGHEST SLP M ON M
DPTR FM NORMAL M LOWEST SLP M ON M
[REMARKS]
#FINAL-05-20#