000
CXUS56 KSTO 011425
CF6SAC
PRELIMINARY LOCAL CLIMATOLOGICAL DATA (WS FORM: F-6)
STATION: SACRAMENTO EXEC. AIRPORT CA
MONTH: APRIL
YEAR: 2021
LATITUDE: 38 31 N
LONGITUDE: 121 30 W
TEMPERATURE IN F: :PCPN: SNOW: WIND :SUNSHINE: SKY :PK WND
================================================================================
1 2 3 4 5 6A 6B 7 8 9 10 11 12 13 14 15 16 17 18
12Z AVG MX 2MIN
DY MAX MIN AVG DEP HDD CDD WTR SNW DPTH SPD SPD DIR MIN PSBL S-S WX SPD DR
================================================================================
1 85 46 66 10 0 1 0.00 0.0 0 2.5 9 310 M M 0 11 220
2 82 48 65 9 0 0 0.00 0.0 0 5.8 17 220 M M 0 22 220
3 70 47 59 3 6 0 0.00 0.0 0 10.4 18 230 M M 0 25 230
4 68 43 56 0 9 0 0.00 0.0 0 6.3 15 210 M M 0 24 220
5 70 48 59 2 6 0 T 0.0 0 8.2 16 220 M M 1 24 210
6 75 46 61 4 4 0 0.00 0.0 0 5.9 14 220 M M 0 1 21 190
7 72 46 59 2 6 0 0.00 0.0 0 10.6 21 220 M M 0 29 230
8 77 44 61 4 4 0 0.00 0.0 0 4.5 12 230 M M 0 14 220
9 75 48 62 5 3 0 0.00 0.0 0 7.0 17 220 M M 0 23 220
10 80 45 63 6 2 0 0.00 0.0 0 6.2 14 230 M M 0 18 220
11 84 45 65 7 0 0 0.00 0.0 0 4.4 13 230 M M 0 17 230
12 85 45 65 7 0 0 0.00 0.0 0 5.4 16 230 M M 0 21 230
13 75 49 62 4 3 0 0.00 0.0 0 10.6 21 210 M M 0 29 240
14 75 43 59 1 6 0 0.00 0.0 0 5.4 21 240 M M 0 26 230
15 76 47 62 4 3 0 0.00 0.0 0 6.9 13 220 M M 0 16 220
16 83 44 64 5 1 0 0.00 0.0 0 5.4 16 220 M M 0 24 240
17 89 45 67 8 0 2 0.00 0.0 0 7.2 21 330 M M 0 29 20
18 91 49 70 11 0 5 0.00 0.0 0 6.6 16 230 M M 0 22 320
19 84 52 68 9 0 3 0.00 0.0 0 6.4 16 220 M M 0 21 230
20 75 51 63 3 2 0 0.00 0.0 0 8.5 18 230 M M 0 24 220
21 79 47 63 3 2 0 0.00 0.0 0 6.5 17 230 M M 0 23 220
22 71 50 61 1 4 0 0.00 0.0 0 11.0 20 220 M M 1 1 25 200
23 74 48 61 1 4 0 0.00 0.0 0 9.5 22 220 M M 1 1 29 230
24 70 50 60 0 5 0 0.00 0.0 0 9.6 21 230 M M 6 28 220
25 63 45 54 -7 11 0 0.01 0.0 0 8.2 20 230 M M 5 26 230
26 67 40 54 -7 11 0 0.00 0.0 0 4.1 13 230 M M 1 16 220
27 79 41 60 -1 5 0 0.00 0.0 0 6.9 18 320 M M 0 23 290
28 88 44 66 5 0 1 0.00 0.0 0 3.9 14 340 M M 0 17 340
29 89 51 70 8 0 5 0.00 0.0 0 4.8 13 220 M M 0 16 210
30 86 55 71 9 0 6 0.00 0.0 0 6.3 15 220 M M 0 21 200
================================================================================
SM 2337 1402 97 23 0.01 0.0 205.0 M 15
================================================================================
AV 77.9 46.7 6.8 FASTST M M 1 MAX(MPH)
MISC ----> # 22 220 # 29 230
================================================================================
NOTES:
# LAST OF SEVERAL OCCURRENCES
COLUMN 17 PEAK WIND IN M.P.H.
PRELIMINARY LOCAL CLIMATOLOGICAL DATA (WS FORM: F-6) , PAGE 2
STATION: SACRAMENTO EXEC. AIRPORT CA
MONTH: APRIL
YEAR: 2021
LATITUDE: 38 31 N
LONGITUDE: 121 30 W
[TEMPERATURE DATA] [PRECIPITATION DATA] SYMBOLS USED IN COLUMN 16
AVERAGE MONTHLY: 62.3 TOTAL FOR MONTH: 0.01 1 = FOG OR MIST
DPTR FM NORMAL: 3.6 DPTR FM NORMAL: -1.14 2 = FOG REDUCING VISIBILITY
HIGHEST: 91 ON 18 GRTST 24HR 0.01 ON 25-25 TO 1/4 MILE OR LESS
LOWEST: 40 ON 26 3 = THUNDER
SNOW, ICE PELLETS, HAIL 4 = ICE PELLETS
TOTAL MONTH: 0.0 INCH 5 = HAIL
GRTST 24HR 0.0 6 = FREEZING RAIN OR DRIZZLE
GRTST DEPTH: 0 7 = DUSTSTORM OR SANDSTORM:
VSBY 1/2 MILE OR LESS
8 = SMOKE OR HAZE
[NO. OF DAYS WITH] [WEATHER - DAYS WITH] 9 = BLOWING SNOW
X = TORNADO
MAX 32 OR BELOW: 0 0.01 INCH OR MORE: 1
MAX 90 OR ABOVE: 1 0.10 INCH OR MORE: 0
MIN 32 OR BELOW: 0 0.50 INCH OR MORE: 0
MIN 0 OR BELOW: 0 1.00 INCH OR MORE: 0
[HDD (BASE 65) ]
TOTAL THIS MO. 97 CLEAR (SCALE 0-3) 28
DPTR FM NORMAL -108 PTCLDY (SCALE 4-7) 2
TOTAL FM JUL 1 2197 CLOUDY (SCALE 8-10) 0
DPTR FM NORMAL -341
[CDD (BASE 65) ]
TOTAL THIS MO. 23
DPTR FM NORMAL 8 [PRESSURE DATA]
TOTAL FM JAN 1 24 HIGHEST SLP 30.20 ON 29
DPTR FM NORMAL 8 LOWEST SLP 29.72 ON 12
[REMARKS]
#FINAL-04-21#