000
CXUS55 KTWC 010855
CF6SAD
PRELIMINARY LOCAL CLIMATOLOGICAL DATA (WS FORM: F-6)
STATION: SAFFORD AZ AIRPORT
MONTH: FEBRUARY
YEAR: 2023
LATITUDE: 32 50 N
LONGITUDE: 109 38 W
TEMPERATURE IN F: :PCPN: SNOW: WIND :SUNSHINE: SKY :PK WND
================================================================================
1 2 3 4 5 6A 6B 7 8 9 10 11 12 13 14 15 16 17 18
12Z AVG MX 2MIN
DY MAX MIN AVG DEP HDD CDD WTR SNW DPTH SPD SPD DIR MIN PSBL S-S WX SPD DR
================================================================================
1 62 28 45 -4 20 0 0.00 M M 5.3 13 280 M M 0 16 270
2 63 29 46 -3 19 0 0.00 M M 4.3 9 130 M M 0 12 270
3 68 36 52 3 13 0 0.00 M M 11.1 23 110 M M 0 31 80
4 72 39 56 7 9 0 0.00 M M 6.8 17 130 M M 0 20 120
5 76 31 54 4 11 0 0.00 M M 7.8 21 320 M M 0 27 310
6 63 33 48 -2 17 0 0.00 M M 11.7 32 290 M M 0 42 300
7 59 32 46 -4 19 0 0.00 M M 7.7 20 310 M M 1 28 310
8 61 26 44 -6 21 0 0.00 M M 6.5 17 280 M M 0 23 300
9 62 26 44 -6 21 0 0.00 M M 9.9 28 280 M M 0 40 270
10 58 31 45 -5 20 0 0.00 M M 11.7 20 150 M M 0 32 140
11 61 36 49 -1 16 0 0.00 M M 12.0 23 80 M M 1 30 70
12 74 45 60 9 5 0 0.00 M M 10.9 18 70 M M 1 27 70
13 61 33 47 -4 18 0 0.03 M M 9.8 29 290 M M 3 3 36 290
14 59 32 46 -5 19 0 0.00 M M 4.7 22 180 M M 5 29 180
15 49 28 39 -12 26 0 0.12 M M 16.1 35 310 M M 4 1 47 310
16 50 21 36 -15 29 0 0.00 M M 5.2 13 130 M M 0 20 120
17 57 30 44 -8 21 0 0.00 M M 13.8 28 140 M M 0 36 140
18 70 42 56 4 9 0 0.00 M M 6.9 16 120 M M M 24 120
19 64 42 53 1 12 0 T M M 8.5 21 150 M M 4 26 130
20 69 50 60 8 5 0 0.00 M M 6.3 14 100 M M 4 18 120
21 68 49 59 7 6 0 0.01 M M 9.2 29 290 M M 5 3 37 300
22 56 33 45 -7 20 0 0.08 M M 16.3 41 310 M M 9 12 57 310
23 58 37 48 -5 17 0 0.00 M M 7.6 17 300 M M 5 23 310
24 68 33 51 -2 14 0 0.00 M M 4.1 14 140 M M 0 19 140
25 75 40 58 5 7 0 0.00 M M 6.5 17 140 M M 0 26 160
26 63 31 47 -6 18 0 0.04 M M 13.1 36 280 M M 3 1 47 290
27 60 26 43 -11 22 0 0.00 M M 4.4 14 290 M M M 17 290
28 63 27 45 -9 20 0 0.00 M M 6.9 21 320 M M M 26 300
================================================================================
SM 1769 946 454 0 0.28 M 245.1 M 45
================================================================================
AV 63.2 33.8 8.8 FASTST M M 2 MAX(MPH)
MISC ----> 41 310 57 310
================================================================================
NOTES:
# LAST OF SEVERAL OCCURRENCES
COLUMN 17 PEAK WIND IN M.P.H.
PRELIMINARY LOCAL CLIMATOLOGICAL DATA (WS FORM: F-6) , PAGE 2
STATION: SAFFORD AZ AIRPORT
MONTH: FEBRUARY
YEAR: 2023
LATITUDE: 32 50 N
LONGITUDE: 109 38 W
[TEMPERATURE DATA] [PRECIPITATION DATA] SYMBOLS USED IN COLUMN 16
AVERAGE MONTHLY: 48.5 TOTAL FOR MONTH: 0.28 1 = FOG OR MIST
DPTR FM NORMAL: -2.7 DPTR FM NORMAL: -0.34 2 = FOG REDUCING VISIBILITY
HIGHEST: 76 ON 5 GRTST 24HR 0.12 ON 15-15 TO 1/4 MILE OR LESS
LOWEST: 21 ON 16 3 = THUNDER
SNOW, ICE PELLETS, HAIL 4 = ICE PELLETS
TOTAL MONTH: M 5 = HAIL
GRTST 24HR M ON M 6 = FREEZING RAIN OR DRIZZLE
GRTST DEPTH: M ON M 7 = DUSTSTORM OR SANDSTORM:
VSBY 1/2 MILE OR LESS
8 = SMOKE OR HAZE
[NO. OF DAYS WITH] [WEATHER - DAYS WITH] 9 = BLOWING SNOW
X = TORNADO
MAX 32 OR BELOW: 0 0.01 INCH OR MORE: 5
MAX 90 OR ABOVE: 0 0.10 INCH OR MORE: 1
MIN 32 OR BELOW: 14 0.50 INCH OR MORE: 0
MIN 0 OR BELOW: 0 1.00 INCH OR MORE: 0
[HDD (BASE 65) ]
TOTAL THIS MO. 454 CLEAR (SCALE 0-3) 17
DPTR FM NORMAL 67 PTCLDY (SCALE 4-7) 7
TOTAL FM JUL 1 2077 CLOUDY (SCALE 8-10) 4
DPTR FM NORMAL 230
[CDD (BASE 65) ]
TOTAL THIS MO. 0
DPTR FM NORMAL 0 [PRESSURE DATA]
TOTAL FM JAN 1 0 HIGHEST SLP M ON M
DPTR FM NORMAL 0 LOWEST SLP 29.46 ON 22
[REMARKS]
#FINAL-02-23#