000
CXUS56 KSGX 011045
CF6SAN
PRELIMINARY LOCAL CLIMATOLOGICAL DATA (WS FORM: F-6)
STATION: SAN DIEGO INTL AIRPORT CA
MONTH: SEPTEMBER
YEAR: 2021
LATITUDE: 32 43 N
LONGITUDE: 117 10 W
TEMPERATURE IN F: :PCPN: SNOW: WIND :SUNSHINE: SKY :PK WND
================================================================================
1 2 3 4 5 6A 6B 7 8 9 10 11 12 13 14 15 16 17 18
12Z AVG MX 2MIN
DY MAX MIN AVG DEP HDD CDD WTR SNW DPTH SPD SPD DIR MIN PSBL S-S WX SPD DR
================================================================================
1 77 70 74 1 0 9 0.00 M M 6.9 14 270 M M 8 26 200
2 78 71 75 2 0 10 0.00 M M 6.6 15 270 M M 7 20 260
3 76 68 72 -1 0 7 0.00 M M 7.6 16 290 M M 8 21 290
4 83 67 75 2 0 10 0.00 M M 6.9 17 300 M M 4 18 24 320
5 79 67 73 0 0 8 0.00 M M 5.6 13 180 M M 3 24 210
6 77 70 74 1 0 9 0.00 M M 5.8 13 190 M M 7 18 23 200
7 81 71 76 4 0 11 0.00 M M 5.0 10 280 M M 5 18 22 200
8 82 71 77 5 0 12 0.00 M M 6.6 16 290 M M 5 8 22 320
9 85 70 78 6 0 13 0.00 M M 4.5 12 290 M M 4 3 15 290
10 81 71 76 4 0 11 0.00 M M 6.5 15 290 M M 4 18 21 310
11 85 70 78 6 0 13 0.00 M M 6.0 17 300 M M 1 8 25 300
12 80 69 75 3 0 10 0.00 M M 7.7 17 310 M M 1 23 320
13 76 66 71 -1 0 6 0.00 M M 6.5 16 280 M M 4 18 20 280
14 77 66 72 0 0 7 0.00 M M 4.5 10 200 M M 7 20 200
15 76 67 72 0 0 7 0.00 M M 5.8 15 280 M M 6 19 280
16 75 66 71 -1 0 6 0.00 M M 6.0 15 280 M M 7 8 20 280
17 75 67 71 -1 0 6 0.00 M M 5.8 13 280 M M 7 19 210
18 75 67 71 -1 0 6 0.00 M M 7.2 17 290 M M 5 8 24 290
19 75 64 70 -2 0 5 0.00 M M 4.4 13 260 M M 5 18 220
20 76 62 69 -2 0 4 0.00 M M 3.8 10 270 M M 2 20 200
21 84 65 75 4 0 10 0.00 M M 5.3 15 290 M M 1 21 310
22 86 69 78 7 0 13 0.00 M M 5.9 18 320 M M 2 8 26 310
23 77 66 72 1 0 7 0.00 M M 6.8 16 290 M M 5 20 320
24 76 66 71 0 0 6 0.50 M M 4.0 14 20 M M 8 3 20 290
25 74 67 71 0 0 6 T M M 4.5 14 270 M M 8 17 280
26 70 67 69 -2 0 4 T M M 6.0 13 280 M M 10 18 15 300
27 70 66 68 -2 0 3 T M M 4.6 10 290 M M 10 14 330
28 72 67 70 0 0 5 0.00 M M 4.4 12 270 M M 9 20 200
29 75 66 71 1 0 6 0.00 M M 6.1 14 270 M M 5 21 210
30 77 60 69 -1 0 4 0.00 M M 3.7 15 280 M M 0 19 280
================================================================================
SM 2330 2019 0 234 0.50 M 171.0 M 158
================================================================================
AV 77.7 67.3 5.7 FASTST M M 5 MAX(MPH)
MISC ----> 18 320 # 26 200
================================================================================
NOTES:
# LAST OF SEVERAL OCCURRENCES
COLUMN 17 PEAK WIND IN M.P.H.
PRELIMINARY LOCAL CLIMATOLOGICAL DATA (WS FORM: F-6) , PAGE 2
STATION: SAN DIEGO INTL AIRPORT CA
MONTH: SEPTEMBER
YEAR: 2021
LATITUDE: 32 43 N
LONGITUDE: 117 10 W
[TEMPERATURE DATA] [PRECIPITATION DATA] SYMBOLS USED IN COLUMN 16
AVERAGE MONTHLY: 72.5 TOTAL FOR MONTH: 0.50 1 = FOG OR MIST
DPTR FM NORMAL: 0.8 DPTR FM NORMAL: 0.38 2 = FOG REDUCING VISIBILITY
HIGHEST: 86 ON 22 GRTST 24HR 0.50 ON 24-24 TO 1/4 MILE OR LESS
LOWEST: 60 ON 30 3 = THUNDER
SNOW, ICE PELLETS, HAIL 4 = ICE PELLETS
TOTAL MONTH: M 5 = HAIL
GRTST 24HR M ON M 6 = FREEZING RAIN OR DRIZZLE
GRTST DEPTH: M ON M 7 = DUSTSTORM OR SANDSTORM:
VSBY 1/2 MILE OR LESS
8 = SMOKE OR HAZE
[NO. OF DAYS WITH] [WEATHER - DAYS WITH] 9 = BLOWING SNOW
X = TORNADO
MAX 32 OR BELOW: 0 0.01 INCH OR MORE: 1
MAX 90 OR ABOVE: 0 0.10 INCH OR MORE: 1
MIN 32 OR BELOW: 0 0.50 INCH OR MORE: 1
MIN 0 OR BELOW: 0 1.00 INCH OR MORE: 0
[HDD (BASE 65) ]
TOTAL THIS MO. 0 CLEAR (SCALE 0-3) 7
DPTR FM NORMAL 0 PTCLDY (SCALE 4-7) 19
TOTAL FM JUL 1 0 CLOUDY (SCALE 8-10) 4
DPTR FM NORMAL -1
[CDD (BASE 65) ]
TOTAL THIS MO. 234
DPTR FM NORMAL 33 [PRESSURE DATA]
TOTAL FM JAN 1 935 HIGHEST SLP 30.09 ON 18
DPTR FM NORMAL 174 LOWEST SLP 29.78 ON 8
[REMARKS]
#FINAL-09-21#