000
CXUS54 KEWX 030804
CF6SAT
PRELIMINARY LOCAL CLIMATOLOGICAL DATA (WS FORM: F-6)
STATION: SAN ANTONIO
MONTH: DECEMBER
YEAR: 2022
LATITUDE: 29 31 N
LONGITUDE: 98 28 W
TEMPERATURE IN F: :PCPN: SNOW: WIND :SUNSHINE: SKY :PK WND
================================================================================
1 2 3 4 5 6A 6B 7 8 9 10 11 12 13 14 15 16 17 18
12Z AVG MX 2MIN
DY MAX MIN AVG DEP HDD CDD WTR SNW DPTH SPD SPD DIR MIN PSBL S-S WX SPD DR
================================================================================
1 51 41 46 -10 19 0 0.04 0.0 0 4.7 12 40 M M 8 18 15 60
2 65 50 58 2 7 0 0.06 0.0 0 3.4 10 220 M M 10 1 14 220
3 66 57 62 6 3 0 T 0.0 0 7.5 16 10 M M 10 1 23 10
4 57 52 55 -1 10 0 0.06 0.0 0 4.7 13 20 M M 10 12 19 30
5 74 56 65 10 0 0 0.00 0.0 0 4.6 16 180 M M 9 12 23 160
6 80 61 71 16 0 6 T 0.0 0 6.7 17 140 M M 9 12 22 140
7 80 68 74 19 0 9 T 0.0 0 9.5 20 170 M M 8 1 25 180
8 81 70 76 21 0 11 0.00 0.0 0 9.7 16 200 M M 9 22 210
9 79 66 73 19 0 8 T 0.0 0 7.7 16 160 M M 8 1 22 150
10 79 69 74 20 0 9 T 0.0 0 8.3 16 170 M M 10 3 24 140
11 75 60 68 14 0 3 T 0.0 0 9.1 20 20 M M 6 3 28 30
12 75 59 67 13 0 2 0.01 0.0 0 10.5 23 140 M M 10 12 29 150
13 79 63 71 17 0 6 T 0.0 0 9.7 18 140 M M 9 25 160
14 70 45 58 4 7 0 0.00 0.0 0 10.2 26 320 M M 4 37 300
15 65 36 51 -3 14 0 0.00 0.0 0 5.0 12 210 M M 0 16 180
16 69 42 56 3 9 0 0.00 0.0 0 8.1 21 360 M M 5 33 10
17 60 39 50 -3 15 0 0.00 0.0 0 4.7 13 10 M M 6 20 360
18 53 34 44 -9 21 0 0.00 0.0 0 5.8 13 100 M M 6 18 100
19 50 44 47 -6 18 0 0.30 0.0 0 7.4 13 350 M M 10 13 17 40
20 53 44 49 -4 16 0 T 0.0 0 8.0 17 10 M M 10 1 23 10
21 50 36 43 -10 22 0 0.00 0.0 0 3.7 9 180 M M 6 128 14 190
22 65 19 42 -10 23 0 0.00 0.0 0 14.7 32 340 M M 7 44 360
23 33 16 25 -27 40 0 0.00 0.0 0 13.0 25 10 M M 2 37 360
24 40 19 30 -22 35 0 0.00 0.0 0 4.3 12 350 M M 2 17 360
25 50 22 36 -16 29 0 0.00 0.0 0 4.7 12 220 M M 1 17 170
26 66 26 46 -6 19 0 0.00 0.0 0 5.5 13 360 M M 2 19 230
27 60 32 46 -6 19 0 0.00 0.0 0 6.0 13 180 M M 4 22 150
28 75 37 56 4 9 0 0.00 0.0 0 6.3 18 160 M M 3 1 25 170
29 74 54 64 12 1 0 0.00 0.0 0 4.2 14 150 M M 9 1 19 160
30 72 49 61 9 4 0 0.00 0.0 0 5.7 15 280 M M 8 22 270
31 77 43 60 8 5 0 0.00 0.0 0 6.4 21 200 M M 2 26 190
================================================================================
SM 2023 1409 345 54 0.47 0.0 219.8 M 203
================================================================================
AV 65.3 45.5 7.1 FASTST M M 7 MAX(MPH)
MISC ----> 32 340 44 360
================================================================================
NOTES:
# LAST OF SEVERAL OCCURRENCES
COLUMN 17 PEAK WIND IN M.P.H.
PRELIMINARY LOCAL CLIMATOLOGICAL DATA (WS FORM: F-6) , PAGE 2
STATION: SAN ANTONIO
MONTH: DECEMBER
YEAR: 2022
LATITUDE: 29 31 N
LONGITUDE: 98 28 W
[TEMPERATURE DATA] [PRECIPITATION DATA] SYMBOLS USED IN COLUMN 16
AVERAGE MONTHLY: 55.4 TOTAL FOR MONTH: 0.47 1 = FOG OR MIST
DPTR FM NORMAL: 1.9 DPTR FM NORMAL: -1.53 2 = FOG REDUCING VISIBILITY
HIGHEST: 81 ON 8 GRTST 24HR 0.30 ON 19-19 TO 1/4 MILE OR LESS
LOWEST: 16 ON 23 3 = THUNDER
SNOW, ICE PELLETS, HAIL 4 = ICE PELLETS
TOTAL MONTH: 0.0 INCH 5 = HAIL
GRTST 24HR 0.0 6 = FREEZING RAIN OR DRIZZLE
GRTST DEPTH: 0 7 = DUSTSTORM OR SANDSTORM:
VSBY 1/2 MILE OR LESS
8 = SMOKE OR HAZE
[NO. OF DAYS WITH] [WEATHER - DAYS WITH] 9 = BLOWING SNOW
X = TORNADO
MAX 32 OR BELOW: 0 0.01 INCH OR MORE: 5
MAX 90 OR ABOVE: 0 0.10 INCH OR MORE: 1
MIN 32 OR BELOW: 6 0.50 INCH OR MORE: 0
MIN 0 OR BELOW: 0 1.00 INCH OR MORE: 0
[HDD (BASE 65) ]
TOTAL THIS MO. 345 CLEAR (SCALE 0-3) 7
DPTR FM NORMAL -24 PTCLDY (SCALE 4-7) 11
TOTAL FM JUL 1 579 CLOUDY (SCALE 8-10) 13
DPTR FM NORMAL -12
[CDD (BASE 65) ]
TOTAL THIS MO. 54
DPTR FM NORMAL 40 [PRESSURE DATA]
TOTAL FM JAN 1 4003 HIGHEST SLP 30.74 ON 23
DPTR FM NORMAL 857 LOWEST SLP 29.60 ON 13
[REMARKS]
#FINAL-12-22#