000
CXUS53 KMKX 010810
CF6SBM
PRELIMINARY LOCAL CLIMATOLOGICAL DATA (WS FORM: F-6)
STATION: SHEBOYGAN WI
MONTH: OCTOBER
YEAR: 2023
LATITUDE: 43 46 N
LONGITUDE: 87 51 W
TEMPERATURE IN F: :PCPN: SNOW: WIND :SUNSHINE: SKY :PK WND
================================================================================
1 2 3 4 5 6A 6B 7 8 9 10 11 12 13 14 15 16 17 18
12Z AVG MX 2MIN
DY MAX MIN AVG DEP HDD CDD WTR SNW DPTH SPD SPD DIR MIN PSBL S-S WX SPD DR
================================================================================
1 84 58 71 16 0 6 0.00 M M 5.3 14 170 M M 0 128 19 150
2 87 55 71 17 0 6 0.00 M M 5.5 15 170 M M 0 1 20 170
3 86 54 70 16 0 5 0.00 M M 7.6 22 220 M M 0 18 34 230
4 82 66 74 21 0 9 T M M 10.9 31 200 M M 3 63 210
5 76 54 65 12 0 0 0.05 M M 7.6 31 200 M M 1 3 61 210
6 61 46 54 1 11 0 0.02 M M 11.1 18 270 M M 5 34 260
7 59 40 50 -2 15 0 0.00 M M 10.3 18 310 M M 2 63 320
8 58 38 48 -4 17 0 0.00 M M 7.2 14 300 M M 3 8 21 350
9 56 35 46 -5 19 0 0.00 M M 9.4 23 260 M M 4 42 180
10 54 44 49 -2 16 0 T M M 5.3 15 290 M M 10 8 22 280
11 59 38 49 -1 16 0 0.00 M M 3.5 10 350 M M 8 14 10
12 57 39 48 -2 17 0 0.20 M M 9.7 20 50 M M 8 25 100
13 52 49 51 1 14 0 1.99 M M 14.8 20 60 M M 10 1 M M
14 58 47 53 4 12 0 0.25 M M 15.9 24 20 M M 10 1 51 350
15 56 45 51 2 14 0 0.00 M M 10.7 17 360 M M 8 24 10
16 55 34 45 -3 20 0 0.00 M M 6.7 14 30 M M 6 22 330
17 61 31 46 -2 19 0 T M M 1.8 10 270 M M 0 1 17 270
18 65 39 52 4 13 0 0.24 M M 8.5 17 170 M M 4 1 25 190
19 63 48 56 9 9 0 0.42 M M 6.7 15 330 M M 10 12 23 320
20 60 35 48 1 17 0 T M M 9.0 18 330 M M 5 1 30 250
21 55 36 46 0 19 0 0.19 M M 7.5 16 10 M M 9 1 23 10
22 55 34 45 -1 20 0 0.00 M M 4.7 14 340 M M 2 19 340
23 59 34 47 1 18 0 0.01 M M 8.0 48 190 M M 6 79 150
24 74 54 64 19 1 0 0.18 M M 10.2 43 200 M M 6 13 63 200
25 68 57 63 18 2 0 0.07 M M 7.8 28 240 M M 10 12 43 260
26 65 57 61 17 4 0 0.24 M M 8.1 18 210 M M 10 12 30 240
27 70 41 56 12 9 0 0.23 M M 11.3 21 220 M M 10 1 40 180
28 46 36 41 -3 24 0 0.00 M M 6.2 15 310 M M 5 21 320
29 41 35 38 -5 27 0 0.00 M M 8.6 16 340 M M 10 21 340
30 37 25 31 -12 34 0 0.00 M M 7.6 18 280 M M 1 45 180
31 35 26 31 -11 34 0 0.04 M M 8.2 20 30 M M 6 128 33 250
================================================================================
SM 1894 1330 421 26 4.13 M 255.7 M 172
================================================================================
AV 61.1 42.9 8.2 FASTST M M 6 MAX(MPH)
MISC ----> 48 190 79 150
================================================================================
NOTES:
# LAST OF SEVERAL OCCURRENCES
COLUMN 17 PEAK WIND IN M.P.H.
PRELIMINARY LOCAL CLIMATOLOGICAL DATA (WS FORM: F-6) , PAGE 2
STATION: SHEBOYGAN WI
MONTH: OCTOBER
YEAR: 2023
LATITUDE: 43 46 N
LONGITUDE: 87 51 W
[TEMPERATURE DATA] [PRECIPITATION DATA] SYMBOLS USED IN COLUMN 16
AVERAGE MONTHLY: 52.0 TOTAL FOR MONTH: 4.13 1 = FOG OR MIST
DPTR FM NORMAL: 3.5 DPTR FM NORMAL: 1.37 2 = FOG REDUCING VISIBILITY
HIGHEST: 87 ON 2 GRTST 24HR 2.06 ON 13-14 TO 1/4 MILE OR LESS
LOWEST: 25 ON 30 3 = THUNDER
SNOW, ICE PELLETS, HAIL 4 = ICE PELLETS
TOTAL MONTH: M 5 = HAIL
GRTST 24HR M ON M 6 = FREEZING RAIN OR DRIZZLE
GRTST DEPTH: M ON M 7 = DUSTSTORM OR SANDSTORM:
VSBY 1/2 MILE OR LESS
8 = SMOKE OR HAZE
[NO. OF DAYS WITH] [WEATHER - DAYS WITH] 9 = BLOWING SNOW
X = TORNADO
MAX 32 OR BELOW: 0 0.01 INCH OR MORE: 14
MAX 90 OR ABOVE: 0 0.10 INCH OR MORE: 9
MIN 32 OR BELOW: 3 0.50 INCH OR MORE: 1
MIN 0 OR BELOW: 0 1.00 INCH OR MORE: 1
[HDD (BASE 65) ]
TOTAL THIS MO. 421 CLEAR (SCALE 0-3) 10
DPTR FM NORMAL -93 PTCLDY (SCALE 4-7) 10
TOTAL FM JUL 1 524 CLOUDY (SCALE 8-10) 11
DPTR FM NORMAL -224
[CDD (BASE 65) ]
TOTAL THIS MO. 26
DPTR FM NORMAL 23 [PRESSURE DATA]
TOTAL FM JAN 1 547 HIGHEST SLP M ON M
DPTR FM NORMAL 141 LOWEST SLP 29.56 ON 19
[REMARKS]
#FINAL-10-23#