000
CXUS56 KSTO 060122
CF6SCK
PRELIMINARY LOCAL CLIMATOLOGICAL DATA (WS FORM: F-6)
STATION: STOCKTON AIRPORT CA
MONTH: MAY
YEAR: 2020
LATITUDE: 37 54 N
LONGITUDE: 121 15 W
TEMPERATURE IN F: :PCPN: SNOW: WIND :SUNSHINE: SKY :PK WND
================================================================================
1 2 3 4 5 6A 6B 7 8 9 10 11 12 13 14 15 16 17 18
12Z AVG MX 2MIN
DY MAX MIN AVG DEP HDD CDD WTR SNW DPTH SPD SPD DIR MIN PSBL S-S WX SPD DR
================================================================================
1 85 48 67 4 0 2 0.00 0.0 0 10.7 24 260 M M 0 30 260
2 79 56 68 5 0 3 0.00 0.0 0 11.3 20 290 M M 0 25 320
3 80 50 65 1 0 0 0.00 0.0 0 9.3 22 260 M M 0 24 250
4 86 46 66 2 0 1 0.00 0.0 0 7.5 17 290 M M 0 22 310
5 88 46 67 3 0 2 0.00 0.0 0 8.5 22 270 M M 0 26 300
6 88 49 69 5 0 4 0.00 0.0 0 10.8 21 320 M M 0 28 340
7 94 51 73 9 0 8 0.00 0.0 0 7.1 13 310 M M 0 19 310
8 98 50 74 9 0 9 0.00 0.0 0 4.3 14 290 M M 0 17 290
9 95 54 75 10 0 10 0.00 0.0 0 6.0 16 270 M M 0 20 280
10 85 53 69 4 0 4 0.00 0.0 0 7.5 22 290 M M 0 26 290
11 86 48 67 2 0 2 0.00 0.0 0 7.0 20 290 M M 3 26 300
12 75 54 65 -1 0 0 0.00 0.0 0 10.5 22 260 M M 7 8 27 260
13 76 47 62 -4 3 0 0.00 0.0 0 5.7 21 280 M M 3 24 290
14 76 52 64 -2 1 0 0.00 0.0 0 7.4 17 270 M M 3 22 270
15 82 53 68 2 0 3 0.00 0.0 0 10.5 18 290 M M 0 25 300
16 85 58 72 6 0 7 0.00 0.0 0 7.9 20 280 M M 0 24 270
17 78 58 68 1 0 3 0.14 0.0 0 5.2 17 290 M M 7 23 260
18 73 52 63 -4 2 0 0.20 0.0 0 6.4 21 140 M M 7 3 24 140
19 75 50 63 -4 2 0 0.00 0.0 0 9.6 24 260 M M 3 18 28 260
20 80 50 65 -2 0 0 0.00 0.0 0 6.6 15 290 M M 0 26 260
21 87 52 70 3 0 5 0.00 0.0 0 7.4 18 280 M M 0 37 220
22 82 56 69 1 0 4 0.00 0.0 0 12.6 22 310 M M 0 28 280
23 88 55 72 4 0 7 0.00 0.0 0 11.2 20 290 M M 0 27 330
24 95 50 73 5 0 8 0.00 0.0 0 6.6 16 300 M M 0 23 320
25 100 60 80 12 0 15 0.00 0.0 0 3.9 15 310 M M 0 19 310
26 105 63 84 16 0 19 0.00 0.0 0 5.6 15 290 M M 0 17 290
27 105 67 86 17 0 21 0.00 0.0 0 7.0 16 300 M M 0 19 320
28 103 61 82 13 0 17 0.00 0.0 0 8.1 18 310 M M 0 25 280
29 91 61 76 7 0 11 0.00 0.0 0 9.4 20 280 M M 0 26 270
30 82 62 72 3 0 7 0.02 0.0 0 8.5 23 240 M M 4 29 250
31 80 56 68 -1 0 3 0.00 0.0 0 7.6 14 310 M M 2 20 260
================================================================================
SM 2682 1668 8 175 0.36 0.0 247.7 M 39
================================================================================
AV 86.5 53.8 8.0 FASTST M M 1 MAX(MPH)
MISC ----> # 24 260 # 37 220
================================================================================
NOTES:
# LAST OF SEVERAL OCCURRENCES
COLUMN 17 PEAK WIND IN M.P.H.
PRELIMINARY LOCAL CLIMATOLOGICAL DATA (WS FORM: F-6) , PAGE 2
STATION: STOCKTON AIRPORT CA
MONTH: MAY
YEAR: 2020
LATITUDE: 37 54 N
LONGITUDE: 121 15 W
[TEMPERATURE DATA] [PRECIPITATION DATA] SYMBOLS USED IN COLUMN 16
AVERAGE MONTHLY: 70.2 TOTAL FOR MONTH: 0.36 1 = FOG OR MIST
DPTR FM NORMAL: 3.9 DPTR FM NORMAL: -0.17 2 = FOG REDUCING VISIBILITY
HIGHEST: 105 ON 27,26 GRTST 24HR 0.20 ON 18-18 TO 1/4 MILE OR LESS
LOWEST: 46 ON 5, 4 3 = THUNDER
SNOW, ICE PELLETS, HAIL 4 = ICE PELLETS
TOTAL MONTH: 0.0 INCH 5 = HAIL
GRTST 24HR 0.0 6 = FREEZING RAIN OR DRIZZLE
GRTST DEPTH: 0 7 = DUSTSTORM OR SANDSTORM:
VSBY 1/2 MILE OR LESS
8 = SMOKE OR HAZE
[NO. OF DAYS WITH] [WEATHER - DAYS WITH] 9 = BLOWING SNOW
X = TORNADO
MAX 32 OR BELOW: 0 0.01 INCH OR MORE: 3
MAX 90 OR ABOVE: 9 0.10 INCH OR MORE: 2
MIN 32 OR BELOW: 0 0.50 INCH OR MORE: 0
MIN 0 OR BELOW: 0 1.00 INCH OR MORE: 0
[HDD (BASE 65) ]
TOTAL THIS MO. 8 CLEAR (SCALE 0-3) 27
DPTR FM NORMAL -52 PTCLDY (SCALE 4-7) 4
TOTAL FM JUL 1 1930 CLOUDY (SCALE 8-10) 0
DPTR FM NORMAL -706
[CDD (BASE 65) ]
TOTAL THIS MO. 175
DPTR FM NORMAL 73 [PRESSURE DATA]
TOTAL FM JAN 1 239 HIGHEST SLP 30.18 ON 6
DPTR FM NORMAL 120 LOWEST SLP 29.73 ON 29
[REMARKS]
#FINAL-05-20#