000
CXUS55 KPSR 011005
CF6SDL
PRELIMINARY LOCAL CLIMATOLOGICAL DATA (WS FORM: F-6)
STATION: SCOTTSDALE AZ
MONTH: FEBRUARY
YEAR: 2023
LATITUDE: 33 37 N
LONGITUDE: 111 54 W
TEMPERATURE IN F: :PCPN: SNOW: WIND :SUNSHINE: SKY :PK WND
================================================================================
1 2 3 4 5 6A 6B 7 8 9 10 11 12 13 14 15 16 17 18
12Z AVG MX 2MIN
DY MAX MIN AVG DEP HDD CDD WTR SNW DPTH SPD SPD DIR MIN PSBL S-S WX SPD DR
================================================================================
1 68 40 54 -2 11 0 0.00 M M 2.9 13 260 M M 1 20 250
2 67 40 54 -2 11 0 0.00 M M 2.4 7 360 M M 0 12 270
3 73 44 59 3 6 0 0.00 M M 3.5 14 90 M M 0 22 100
4 75 44 60 4 5 0 0.00 M M 1.5 7 200 M M 0 10 210
5 72 43 58 2 7 0 0.00 M M 2.0 10 260 M M 0 16 250
6 67 44 56 0 9 0 0.00 M M 3.6 15 90 M M 0 21 100
7 67 42 55 -1 10 0 0.00 M M 3.8 12 40 M M 0 15 20
8 67 39 53 -3 12 0 0.00 M M 1.7 9 260 M M 0 13 270
9 68 40 54 -2 11 0 0.00 M M 8.8 25 40 M M 0 33 40
10 70 49 60 4 5 0 0.00 M M 6.3 20 30 M M 0 27 30
11 73 53 63 6 2 0 0.00 M M 5.4 15 150 M M 0 24 120
12 77 46 62 5 3 0 0.00 M M 4.8 21 250 M M 0 34 250
13 55 46 51 -6 14 0 0.03 0.0 0 4.5 13 130 M M 6 3 20 120
14 57 40 49 -8 16 0 0.26 0.0 0 6.9 22 310 M M 9 13 39 310
15 53 36 45 -12 20 0 0.00 M M 4.9 14 250 M M 3 21 250
16 58 33 46 -11 19 0 0.00 M M 6.4 16 30 M M 0 23 50
17 64 41 53 -4 12 0 0.00 M M 7.7 20 90 M M 0 32 110
18 71 49 60 2 5 0 0.00 0.0 0 4.5 15 150 M M 1 22 100
19 72 50 61 3 4 0 0.00 0.0 0 2.7 12 150 M M 4 18 190
20 75 49 62 4 3 0 0.00 M M 1.8 9 160 M M 3 15 180
21 63 53 58 0 7 0 0.00 M M 4.5 12 170 M M 5 18 160
22 57 47 52 -6 13 0 0.14 M M 15.8 31 260 M M 5 1 48 260
23 57 45 51 -8 14 0 T M M 4.7 14 160 M M 7 23 180
24 65 43 54 -5 11 0 0.00 M M 2.5 12 140 M M 0 16 130
25 73 49 61 2 4 0 0.00 M M 3.8 18 210 M M 0 29 220
26 57 42 50 -9 15 0 0.14 M M 6.9 17 230 M M 6 1 29 270
27 62 37 50 -10 15 0 0.00 M M 1.8 10 180 M M 0 16 160
28 62 42 52 -8 13 0 0.00 M M 3.6 13 230 M M 2 20 230
================================================================================
SM 1845 1226 277 0 0.57 0.0 129.7 M 52
================================================================================
AV 65.9 43.8 4.6 FASTST M M 2 MAX(MPH)
MISC ----> 31 260 48 260
================================================================================
NOTES:
# LAST OF SEVERAL OCCURRENCES
COLUMN 17 PEAK WIND IN M.P.H.
PRELIMINARY LOCAL CLIMATOLOGICAL DATA (WS FORM: F-6) , PAGE 2
STATION: SCOTTSDALE AZ
MONTH: FEBRUARY
YEAR: 2023
LATITUDE: 33 37 N
LONGITUDE: 111 54 W
[TEMPERATURE DATA] [PRECIPITATION DATA] SYMBOLS USED IN COLUMN 16
AVERAGE MONTHLY: 54.8 TOTAL FOR MONTH: 0.57 1 = FOG OR MIST
DPTR FM NORMAL: -2.5 DPTR FM NORMAL: -0.67 2 = FOG REDUCING VISIBILITY
HIGHEST: 77 ON 12 GRTST 24HR 0.26 ON 14-14 TO 1/4 MILE OR LESS
LOWEST: 33 ON 16 3 = THUNDER
SNOW, ICE PELLETS, HAIL 4 = ICE PELLETS
TOTAL MONTH: 0.0 INCH 5 = HAIL
GRTST 24HR 0.0 6 = FREEZING RAIN OR DRIZZLE
GRTST DEPTH: 0 7 = DUSTSTORM OR SANDSTORM:
VSBY 1/2 MILE OR LESS
8 = SMOKE OR HAZE
[NO. OF DAYS WITH] [WEATHER - DAYS WITH] 9 = BLOWING SNOW
X = TORNADO
MAX 32 OR BELOW: 0 0.01 INCH OR MORE: 4
MAX 90 OR ABOVE: 0 0.10 INCH OR MORE: 3
MIN 32 OR BELOW: 0 0.50 INCH OR MORE: 0
MIN 0 OR BELOW: 0 1.00 INCH OR MORE: 0
[HDD (BASE 65) ]
TOTAL THIS MO. 277 CLEAR (SCALE 0-3) 19
DPTR FM NORMAL 57 PTCLDY (SCALE 4-7) 8
TOTAL FM JUL 1 1223 CLOUDY (SCALE 8-10) 1
DPTR FM NORMAL 205
[CDD (BASE 65) ]
TOTAL THIS MO. 0
DPTR FM NORMAL -6 [PRESSURE DATA]
TOTAL FM JAN 1 0 HIGHEST SLP 30.36 ON 2
DPTR FM NORMAL -1 LOWEST SLP 29.44 ON 22
[REMARKS]
#FINAL-02-23#