000
CXUS55 KPSR 011005
CF6SDL
PRELIMINARY LOCAL CLIMATOLOGICAL DATA (WS FORM: F-6)
STATION: SCOTTSDALE AZ
MONTH: FEBRUARY
YEAR: 2024
LATITUDE: 33 37 N
LONGITUDE: 111 54 W
TEMPERATURE IN F: :PCPN: SNOW: WIND :SUNSHINE: SKY :PK WND
================================================================================
1 2 3 4 5 6A 6B 7 8 9 10 11 12 13 14 15 16 17 18
12Z AVG MX 2MIN
DY MAX MIN AVG DEP HDD CDD WTR SNW DPTH SPD SPD DIR MIN PSBL S-S WX SPD DR
================================================================================
1 76 53 65 9 0 0 0.50 M M 6.9 28 260 M M 5 1 40 250
2 61 50 56 0 9 0 0.18 M M 7.1 21 230 M M 7 31 260
3 62 44 53 -3 12 0 0.00 M M 2.6 14 250 M M 1 20 230
4 66 43 55 -1 10 0 0.00 M M 3.0 10 140 M M 2 17 120
5 72 47 60 4 5 0 0.00 M M 2.3 12 110 M M 0 17 120
6 67 49 58 2 7 0 0.30 M M 5.8 21 240 M M 6 13 33 240
7 58 47 53 -3 12 0 0.33 M M 6.0 17 220 M M 7 13 27 280
8 55 40 48 -8 17 0 0.37 M M 6.8 20 280 M M 5 1 33 300
9 58 36 47 -9 18 0 0.00 M M 1.0 8 50 M M 3 13 50
10 56 42 49 -7 16 0 0.14 M M 3.3 13 230 M M 7 1 19 230
11 59 36 48 -9 17 0 0.00 M M 1.9 9 240 M M 0 14 250
12 65 38 52 -5 13 0 0.00 M M 1.5 7 210 M M 0 9 190
13 68 41 55 -2 10 0 0.00 M M 2.5 12 150 M M 0 15 170
14 68 41 55 -2 10 0 0.00 M M 1.3 9 190 M M 0 13 170
15 71 43 57 0 8 0 0.00 M M 1.7 8 240 M M 0 11 230
16 71 45 58 1 7 0 0.00 M M 1.4 8 250 M M 0 11 190
17 73 46 60 3 5 0 0.00 M M 1.8 9 230 M M 0 12 250
18 75 47 61 3 4 0 0.00 0.0 0 1.3 7 190 M M 0 11 200
19 75 49 62 4 3 0 0.00 0.0 0 2.3 12 130 M M 0 17 130
20 78 49 64 6 1 0 0.00 0.0 0 2.5 10 170 M M 0 17 150
21 71 54 63 5 2 0 T 0.0 0 3.4 12 250 M M 2 22 250
22 73 49 61 3 4 0 0.00 0.0 0 2.0 10 260 M M 0 13 260
23 79 48 64 5 1 0 0.00 M M 2.0 13 100 M M 0 18 100
24 76 53 65 6 0 0 0.00 M M 2.1 9 210 M M 0 12 180
25 80 54 67 8 0 2 0.00 M M 1.0 9 180 M M 0 14 170
26 73 61 67 8 0 2 T M M 1.5 7 200 M M 1 11 180
27 72 56 64 4 1 0 0.00 M M 3.2 14 240 M M 1 19 220
28 77 51 64 4 1 0 0.00 M M 3.5 15 150 M M 0 24 180
29 73 50 62 2 3 0 0.00 M M 3.1 10 240 M M 0 17 210
================================================================================
SM 2008 1362 196 4 1.82 0.0 84.8 M 47
================================================================================
AV 69.2 47.0 2.9 FASTST M M 2 MAX(MPH)
MISC ----> 28 260 40 250
================================================================================
NOTES:
# LAST OF SEVERAL OCCURRENCES
COLUMN 17 PEAK WIND IN M.P.H.
PRELIMINARY LOCAL CLIMATOLOGICAL DATA (WS FORM: F-6) , PAGE 2
STATION: SCOTTSDALE AZ
MONTH: FEBRUARY
YEAR: 2024
LATITUDE: 33 37 N
LONGITUDE: 111 54 W
[TEMPERATURE DATA] [PRECIPITATION DATA] SYMBOLS USED IN COLUMN 16
AVERAGE MONTHLY: 58.1 TOTAL FOR MONTH: 1.82 1 = FOG OR MIST
DPTR FM NORMAL: 0.8 DPTR FM NORMAL: 0.58 2 = FOG REDUCING VISIBILITY
HIGHEST: 80 ON 25 GRTST 24HR 0.68 ON 1- 2 TO 1/4 MILE OR LESS
LOWEST: 36 ON 11, 9 3 = THUNDER
SNOW, ICE PELLETS, HAIL 4 = ICE PELLETS
TOTAL MONTH: 0.0 INCH 5 = HAIL
GRTST 24HR 0.0 6 = FREEZING RAIN OR DRIZZLE
GRTST DEPTH: 0 7 = DUSTSTORM OR SANDSTORM:
VSBY 1/2 MILE OR LESS
8 = SMOKE OR HAZE
[NO. OF DAYS WITH] [WEATHER - DAYS WITH] 9 = BLOWING SNOW
X = TORNADO
MAX 32 OR BELOW: 0 0.01 INCH OR MORE: 6
MAX 90 OR ABOVE: 0 0.10 INCH OR MORE: 6
MIN 32 OR BELOW: 0 0.50 INCH OR MORE: 1
MIN 0 OR BELOW: 0 1.00 INCH OR MORE: 0
[HDD (BASE 65) ]
TOTAL THIS MO. 196 CLEAR (SCALE 0-3) 23
DPTR FM NORMAL -24 PTCLDY (SCALE 4-7) 6
TOTAL FM JUL 1 860 CLOUDY (SCALE 8-10) 0
DPTR FM NORMAL -170
[CDD (BASE 65) ]
TOTAL THIS MO. 4
DPTR FM NORMAL -2 [PRESSURE DATA]
TOTAL FM JAN 1 4 HIGHEST SLP 30.19 ON 11
DPTR FM NORMAL -3 LOWEST SLP 29.65 ON 1
[REMARKS]
#FINAL-02-24#