000
CXUS55 KPSR 011005
CF6SDL
PRELIMINARY LOCAL CLIMATOLOGICAL DATA (WS FORM: F-6)
STATION: SCOTTSDALE AZ
MONTH: AUGUST
YEAR: 2021
LATITUDE: 33 37 N
LONGITUDE: 111 54 W
TEMPERATURE IN F: :PCPN: SNOW: WIND :SUNSHINE: SKY :PK WND
================================================================================
1 2 3 4 5 6A 6B 7 8 9 10 11 12 13 14 15 16 17 18
12Z AVG MX 2MIN
DY MAX MIN AVG DEP HDD CDD WTR SNW DPTH SPD SPD DIR MIN PSBL S-S WX SPD DR
================================================================================
1 102 84 93 0 0 28 0.00 M M 3.0 10 210 M M 0 15 230
2 108 86 97 4 0 32 0.00 M M 2.5 10 210 M M 0 8 14 210
3 110 86 98 5 0 33 0.00 M M 3.6 12 140 M M 0 15 130
4 113 84 99 6 0 34 0.00 M M 3.2 10 230 M M 0 8 15 240
5 107 88 98 5 0 33 0.00 0.0 M 4.3 13 130 M M 0 18 160
6 106 88 97 4 0 32 0.00 0.0 M 4.6 12 270 M M 0 8 15 260
7 105 87 96 3 0 31 0.00 0.0 M 3.5 16 240 M M 0 20 250
8 105 87 96 3 0 31 0.00 0.0 M 6.3 17 240 M M 0 8 24 240
9 94 84 89 -4 0 24 T M M 4.9 14 170 M M 1 3 19 160
10 93 76 85 -8 0 20 0.05 M M 5.4 14 140 M M 2 3 19 140
11 94 73 84 -9 0 19 0.72 M M 5.2 16 30 M M 4 123 19 30
12 96 74 85 -8 0 20 0.35 M M 3.4 14 50 M M 3 13 17 70
13 97 73 85 -8 0 20 0.26 M M 5.3 21 10 M M 1 138 27 50
14 93 72 83 -10 0 18 0.38 M M 3.7 10 50 M M 4 13 14 250
15 96 81 89 -3 0 24 0.00 M M 1.7 16 140 M M 1 3 22 110
16 99 70 85 -7 0 20 0.14 M M 3.4 39 60 M M 1 13 56 60
17 93 70 82 -10 0 17 1.36 M M 3.7 12 210 M M 4 123 21 170
18 92 74 83 -9 0 18 0.64 M M 5.9 24 30 M M 5 138 31 30
19 95 73 84 -8 0 19 0.00 M M 3.6 13 200 M M 1 8 17 190
20 97 79 88 -4 0 23 0.00 M M 3.2 12 100 M M 1 16 100
21 99 78 89 -3 0 24 0.00 M M 4.0 12 140 M M 0 16 120
22 101 79 90 -2 0 25 0.00 M M 2.2 13 230 M M 0 18 240
23 103 75 89 -3 0 24 0.00 M M 3.6 12 190 M M 0 15 180
24 103 76 90 -2 0 25 0.00 M M 2.6 9 250 M M 0 14 110
25 108 79 94 2 0 29 0.00 M M 2.1 9 10 M M 0 17 300
26 110 83 97 5 0 32 0.00 M M 2.0 8 230 M M 0 12 110
27 112 82 97 5 0 32 0.00 M M 2.9 12 120 M M 0 15 260
28 105 86 96 4 0 31 0.00 M M 3.1 13 130 M M 0 19 140
29 107 86 97 5 0 32 0.00 M M 4.2 21 50 M M 0 26 50
30 103 84 94 3 0 29 0.00 M M 3.2 18 120 M M 0 8 24 130
31 97 72 85 -6 0 20 0.35 M M 4.6 18 250 M M 3 1 26 240
================================================================================
SM 3143 2469 0 799 4.25 0.0 114.9 M 31
================================================================================
AV101.4 79.6 3.7 FASTST M M 1 MAX(MPH)
MISC ----> 39 60 56 60
================================================================================
NOTES:
# LAST OF SEVERAL OCCURRENCES
COLUMN 17 PEAK WIND IN M.P.H.
PRELIMINARY LOCAL CLIMATOLOGICAL DATA (WS FORM: F-6) , PAGE 2
STATION: SCOTTSDALE AZ
MONTH: AUGUST
YEAR: 2021
LATITUDE: 33 37 N
LONGITUDE: 111 54 W
[TEMPERATURE DATA] [PRECIPITATION DATA] SYMBOLS USED IN COLUMN 16
AVERAGE MONTHLY: 90.5 TOTAL FOR MONTH: 4.25 1 = FOG OR MIST
DPTR FM NORMAL: -1.8 DPTR FM NORMAL: 3.42 2 = FOG REDUCING VISIBILITY
HIGHEST: 113 ON 4 GRTST 24HR 1.50 ON 16-17 TO 1/4 MILE OR LESS
LOWEST: 70 ON 17,16 3 = THUNDER
SNOW, ICE PELLETS, HAIL 4 = ICE PELLETS
TOTAL MONTH: 0.0 INCH 5 = HAIL
GRTST 24HR 0.0 6 = FREEZING RAIN OR DRIZZLE
GRTST DEPTH: M ON M 7 = DUSTSTORM OR SANDSTORM:
VSBY 1/2 MILE OR LESS
8 = SMOKE OR HAZE
[NO. OF DAYS WITH] [WEATHER - DAYS WITH] 9 = BLOWING SNOW
X = TORNADO
MAX 32 OR BELOW: 0 0.01 INCH OR MORE: 9
MAX 90 OR ABOVE: 31 0.10 INCH OR MORE: 8
MIN 32 OR BELOW: 0 0.50 INCH OR MORE: 3
MIN 0 OR BELOW: 0 1.00 INCH OR MORE: 1
[HDD (BASE 65) ]
TOTAL THIS MO. 0 CLEAR (SCALE 0-3) 26
DPTR FM NORMAL 0 PTCLDY (SCALE 4-7) 5
TOTAL FM JUL 1 0 CLOUDY (SCALE 8-10) 0
DPTR FM NORMAL 0
[CDD (BASE 65) ]
TOTAL THIS MO. 799
DPTR FM NORMAL -49 [PRESSURE DATA]
TOTAL FM JAN 1 3310 HIGHEST SLP 30.06 ON 14
DPTR FM NORMAL 165 LOWEST SLP 29.56 ON 27
[REMARKS]
#FINAL-08-21#