000
CXUS55 KPSR 011005
CF6SDL
PRELIMINARY LOCAL CLIMATOLOGICAL DATA (WS FORM: F-6)
STATION: SCOTTSDALE AZ
MONTH: NOVEMBER
YEAR: 2020
LATITUDE: 33 37 N
LONGITUDE: 111 54 W
TEMPERATURE IN F: :PCPN: SNOW: WIND :SUNSHINE: SKY :PK WND
================================================================================
1 2 3 4 5 6A 6B 7 8 9 10 11 12 13 14 15 16 17 18
12Z AVG MX 2MIN
DY MAX MIN AVG DEP HDD CDD WTR SNW DPTH SPD SPD DIR MIN PSBL S-S WX SPD DR
================================================================================
1 93 62 78 10 0 13 0.00 M M 4.4 13 90 M M 0 18 80
2 93 71 82 14 0 17 0.00 M M 5.9 14 70 M M 0 8 21 80
3 92 67 80 13 0 15 0.00 M M 3.0 12 130 M M 0 15 140
4 91 60 76 9 0 11 0.00 M M 3.0 9 10 M M 0 12 280
5 96 64 80 14 0 15 0.00 M M 3.9 14 110 M M 0 20 70
6 88 72 80 14 0 15 T M M 2.7 12 150 M M 1 20 140
7 79 58 69 4 0 4 T M M 9.6 21 260 M M 5 31 260
8 65 48 57 -8 8 0 T M M 6.3 23 240 M M 3 32 230
9 61 47 54 -10 11 0 0.01 M M 3.1 15 300 M M 4 24 300
10 65 42 54 -10 11 0 0.00 M M 2.4 10 280 M M 0 14 260
11 70 41 56 -8 9 0 0.00 M M 1.9 7 230 M M 0 10 190
12 72 44 58 -5 7 0 0.00 M M 1.4 8 210 M M 0 11 210
13 75 47 61 -2 4 0 0.00 M M 2.1 9 250 M M 0 11 240
14 74 48 61 -1 4 0 0.00 M M 2.2 8 220 M M 0 13 250
15 81 46 64 2 1 0 0.00 M M 2.1 7 210 M M 0 9 230
16 92 52 72 11 0 7 0.00 M M 1.8 13 120 M M 0 18 110
17 89 58 74 13 0 9 0.00 M M 2.6 12 140 M M 0 15 120
18 87 57 72 11 0 7 0.00 M M 1.9 8 190 M M 0 12 150
19 86 58 72 12 0 7 0.00 M M 1.9 8 10 M M 0 9 260
20 86 58 72 12 0 7 0.00 M M 1.2 7 20 M M 0 9 10
21 84 58 71 12 0 6 0.00 M M 1.2 7 250 M M 0 9 250
22 82 59 71 12 0 6 0.00 M M 1.0 6 310 M M 0 8 180
23 77 57 67 9 0 2 0.00 M M 3.0 10 250 M M 0 15 220
24 71 49 60 2 5 0 0.00 M M 1.6 9 270 M M 0 13 220
25 70 44 57 -1 8 0 0.00 M M 1.4 10 150 M M 0 13 150
26 70 41 56 -1 9 0 0.00 M M 2.2 9 240 M M 0 13 240
27 63 42 53 -4 12 0 0.00 M M 2.3 8 230 M M 0 11 180
28 69 41 55 -2 10 0 0.00 M M 2.8 8 260 M M 0 10 340
29 74 40 57 1 8 0 0.00 M M 1.5 7 260 M M 0 10 360
30 72 48 60 4 5 0 0.00 M M 3.1 15 90 M M 0 19 100
================================================================================
SM 2367 1579 112 141 0.01 M 83.5 M 13
================================================================================
AV 78.9 52.6 2.8 FASTST M M 0 MAX(MPH)
MISC ----> 23 240 32 230
================================================================================
NOTES:
# LAST OF SEVERAL OCCURRENCES
COLUMN 17 PEAK WIND IN M.P.H.
PRELIMINARY LOCAL CLIMATOLOGICAL DATA (WS FORM: F-6) , PAGE 2
STATION: SCOTTSDALE AZ
MONTH: NOVEMBER
YEAR: 2020
LATITUDE: 33 37 N
LONGITUDE: 111 54 W
[TEMPERATURE DATA] [PRECIPITATION DATA] SYMBOLS USED IN COLUMN 16
AVERAGE MONTHLY: 65.8 TOTAL FOR MONTH: 0.01 1 = FOG OR MIST
DPTR FM NORMAL: 4.0 DPTR FM NORMAL: -0.84 2 = FOG REDUCING VISIBILITY
HIGHEST: 96 ON 5 GRTST 24HR 0.01 ON 8- 9 TO 1/4 MILE OR LESS
LOWEST: 40 ON 29 3 = THUNDER
SNOW, ICE PELLETS, HAIL 4 = ICE PELLETS
TOTAL MONTH: M 5 = HAIL
GRTST 24HR M ON M 6 = FREEZING RAIN OR DRIZZLE
GRTST DEPTH: M ON M 7 = DUSTSTORM OR SANDSTORM:
VSBY 1/2 MILE OR LESS
8 = SMOKE OR HAZE
[NO. OF DAYS WITH] [WEATHER - DAYS WITH] 9 = BLOWING SNOW
X = TORNADO
MAX 32 OR BELOW: 0 0.01 INCH OR MORE: 1
MAX 90 OR ABOVE: 6 0.10 INCH OR MORE: 0
MIN 32 OR BELOW: 0 0.50 INCH OR MORE: 0
MIN 0 OR BELOW: 0 1.00 INCH OR MORE: 0
[HDD (BASE 65) ]
TOTAL THIS MO. 112 CLEAR (SCALE 0-3) 27
DPTR FM NORMAL -24 PTCLDY (SCALE 4-7) 3
TOTAL FM JUL 1 131 CLOUDY (SCALE 8-10) 0
DPTR FM NORMAL -16
[CDD (BASE 65) ]
TOTAL THIS MO. 141
DPTR FM NORMAL 102 [PRESSURE DATA]
TOTAL FM JAN 1 4863 HIGHEST SLP 30.22 ON 30
DPTR FM NORMAL 910 LOWEST SLP 29.54 ON 7
[REMARKS]
#FINAL-11-20#