000
CXUS56 KSGX 011106
CF6SDM
PRELIMINARY LOCAL CLIMATOLOGICAL DATA (WS FORM: F-6)
STATION: SAN DIEGO/BROWN
MONTH: JUNE
YEAR: 2023
LATITUDE: 32 34 N
LONGITUDE: 116 59 W
TEMPERATURE IN F: :PCPN: SNOW: WIND :SUNSHINE: SKY :PK WND
================================================================================
1 2 3 4 5 6A 6B 7 8 9 10 11 12 13 14 15 16 17 18
12Z AVG MX 2MIN
DY MAX MIN AVG DEP HDD CDD WTR SNW DPTH SPD SPD DIR MIN PSBL S-S WX SPD DR
================================================================================
1 64 57 61 -3 4 0 T M M 4.5 10 240 M M 9 15 280
2 70 58 64 0 1 0 0.00 M M 5.7 15 270 M M 7 20 280
3 69 59 64 0 1 0 0.00 M M 4.1 14 250 M M 8 18 20 230
4 71 60 66 2 0 1 0.00 M M 4.6 13 260 M M 7 19 280
5 67 56 62 -3 3 0 0.00 M M 7.3 17 260 M M 9 20 250
6 70 56 63 -2 2 0 0.00 M M 4.5 15 260 M M 8 8 19 260
7 69 57 63 -2 2 0 0.00 M M 5.2 14 280 M M 8 19 280
8 72 58 65 0 0 0 0.00 M M 5.3 14 270 M M 7 20 270
9 71 60 66 1 0 1 0.00 M M 6.7 15 260 M M 9 21 270
10 66 58 62 -3 3 0 0.07 M M 5.3 10 250 M M 10 1 21 230
11 63 57 60 -5 5 0 0.12 M M 4.6 12 260 M M 10 18 33 90
12 68 57 63 -3 2 0 0.01 M M 5.4 15 270 M M 9 1 21 280
13 68 60 64 -2 1 0 0.00 M M 4.7 15 280 M M 10 20 280
14 71 60 66 0 0 1 0.00 M M 5.4 15 270 M M 8 18 21 260
15 72 59 66 0 0 1 0.00 M M 5.3 13 260 M M 7 1 17 270
16 74 61 68 2 0 3 0.00 M M 5.4 14 280 M M 4 40 80
17 75 58 67 1 0 2 0.00 M M 5.5 24 210 M M 4 1 35 90
18 72 59 66 0 0 1 0.00 M M 5.2 13 260 M M 7 1 33 90
19 73 59 66 -1 0 1 0.00 M M 4.4 13 280 M M 6 8 39 320
20 73 58 66 -1 0 1 0.00 M M 3.1 12 290 M M 4 36 M
21 75 53 64 -3 1 0 0.00 M M 4.7 14 250 M M 2 18 26 320
22 70 57 64 -3 1 0 0.00 M M 5.2 14 280 M M 6 M M
23 71 57 64 -3 1 0 0.00 M M 6.2 15 270 M M 3 21 300
24 73 53 63 -4 2 0 0.00 M M 6.0 15 270 M M 2 1 21 280
25 72 58 65 -3 0 0 0.00 M M 5.4 13 270 M M 3 18 270
26 73 58 66 -2 0 1 T M M 4.6 14 260 M M 4 18 19 280
27 75 58 67 -1 0 2 0.00 M M 4.6 13 270 M M 4 18 18 280
28 72 57 65 -3 0 0 0.00 M M 4.7 13 270 M M 5 20 270
29 74 58 66 -2 0 1 0.00 M M 4.4 13 270 M M 4 8 17 280
30 76 60 68 0 0 3 0.00 M M 3.9 12 270 M M 4 18 17 280
================================================================================
SM 2129 1736 29 19 0.20 M 151.9 M 188
================================================================================
AV 71.0 57.9 5.1 FASTST M M 6 MAX(MPH)
MISC ----> 24 210 40 80
================================================================================
NOTES:
# LAST OF SEVERAL OCCURRENCES
COLUMN 17 PEAK WIND IN M.P.H.
PRELIMINARY LOCAL CLIMATOLOGICAL DATA (WS FORM: F-6) , PAGE 2
STATION: SAN DIEGO/BROWN
MONTH: JUNE
YEAR: 2023
LATITUDE: 32 34 N
LONGITUDE: 116 59 W
[TEMPERATURE DATA] [PRECIPITATION DATA] SYMBOLS USED IN COLUMN 16
AVERAGE MONTHLY: 64.4 TOTAL FOR MONTH: 0.20 1 = FOG OR MIST
DPTR FM NORMAL: -1.7 DPTR FM NORMAL: 0.10 2 = FOG REDUCING VISIBILITY
HIGHEST: 76 ON 30 GRTST 24HR 0.19 ON 10-11 TO 1/4 MILE OR LESS
LOWEST: 53 ON 24,21 3 = THUNDER
SNOW, ICE PELLETS, HAIL 4 = ICE PELLETS
TOTAL MONTH: M 5 = HAIL
GRTST 24HR M ON M 6 = FREEZING RAIN OR DRIZZLE
GRTST DEPTH: M ON M 7 = DUSTSTORM OR SANDSTORM:
VSBY 1/2 MILE OR LESS
8 = SMOKE OR HAZE
[NO. OF DAYS WITH] [WEATHER - DAYS WITH] 9 = BLOWING SNOW
X = TORNADO
MAX 32 OR BELOW: 0 0.01 INCH OR MORE: 3
MAX 90 OR ABOVE: 0 0.10 INCH OR MORE: 1
MIN 32 OR BELOW: 0 0.50 INCH OR MORE: 0
MIN 0 OR BELOW: 0 1.00 INCH OR MORE: 0
[HDD (BASE 65) ]
TOTAL THIS MO. 29 CLEAR (SCALE 0-3) 2
DPTR FM NORMAL 7 PTCLDY (SCALE 4-7) 17
TOTAL FM JUL 1 1975 CLOUDY (SCALE 8-10) 11
DPTR FM NORMAL 379
[CDD (BASE 65) ]
TOTAL THIS MO. 19
DPTR FM NORMAL -36 [PRESSURE DATA]
TOTAL FM JAN 1 25 HIGHEST SLP 30.06 ON 25
DPTR FM NORMAL -78 LOWEST SLP 29.83 ON 30
[REMARKS]
#FINAL-06-23#