000
CXUS54 KFWD 010730
CF6SEP
PRELIMINARY LOCAL CLIMATOLOGICAL DATA (WS FORM: F-6)
STATION: STEPHENVILLE
MONTH: OCTOBER
YEAR: 2021
LATITUDE: 32 13 N
LONGITUDE: 98 11 W
TEMPERATURE IN F: :PCPN: SNOW: WIND :SUNSHINE: SKY :PK WND
================================================================================
1 2 3 4 5 6A 6B 7 8 9 10 11 12 13 14 15 16 17 18
12Z AVG MX 2MIN
DY MAX MIN AVG DEP HDD CDD WTR SNW DPTH SPD SPD DIR MIN PSBL S-S WX SPD DR
================================================================================
1 75 65 70 0 0 5 0.31 M M 2.6 7 90 M M 7 M M
2 81 65 73 4 0 8 0.05 M M 1.9 7 220 M M 7 M M
3 84 62 73 4 0 8 0.00 M M 3.8 10 340 M M 1 M M
4 85 59 72 4 0 7 0.00 M M 3.3 10 350 M M 0 16 350
5 84 57 71 3 0 6 0.00 M M 1.3 7 30 M M 2 M M
6 85 55 70 2 0 5 0.00 M M 1.6 7 300 M M 0 M M
7 90 60 75 7 0 10 0.00 M M 4.7 13 190 M M 0 18 180
8 91 63 77 10 0 12 0.00 M M 7.2 16 220 M M 0 23 220
9 91 63 77 10 0 12 0.00 M M 8.5 14 190 M M 0 22 190
10 90 64 77 10 0 12 0.08 M M 11.9 20 170 M M 3 36 260
11 81 53 67 1 0 2 0.00 M M 3.7 8 300 M M 0 M M
12 86 61 74 8 0 9 0.00 M M 10.7 20 160 M M 7 28 170
13 85 63 74 8 0 9 0.08 M M 10.9 21 190 M M 8 28 170
14 83 65 74 9 0 9 0.04 M M 5.0 10 180 M M 6 M M
15 73 53 63 -2 2 0 0.00 M M 10.5 20 360 M M 4 27 360
16 71 46 59 -6 6 0 0.00 M M 4.8 12 40 M M 0 17 30
17 71 45 58 -7 7 0 0.00 M M 1.5 7 110 M M 0 M M
18 75 43 59 -5 6 0 0.00 M M 4.7 10 170 M M 0 18 140
19 80 57 69 5 0 4 0.00 M M 9.8 16 160 M M 0 22 180
20 83 62 73 9 0 8 0.00 M M 4.5 12 200 M M 4 17 180
21 82 61 72 9 0 7 0.00 M M 3.5 8 40 M M 2 M M
22 84 56 70 7 0 5 0.00 M M 4.0 9 140 M M 1 M M
23 86 62 74 11 0 9 0.00 M M 8.5 15 180 M M 1 23 190
24 89 67 78 16 0 13 0.00 M M 8.0 14 190 M M 3 23 200
25 89 61 75 13 0 10 0.00 M M 4.6 8 160 M M 0 M M
26 84 69 77 15 0 12 0.00 M M 11.2 21 170 M M 5 30 160
27 76 56 66 4 0 1 0.13 M M 10.2 22 290 M M 3 3 31 290
28 72 55 64 3 1 0 0.00 M M 16.4 36 310 M M 0 46 310
29 70 44 57 -4 8 0 0.00 M M 13.6 27 340 M M 0 36 340
30 79 41 60 0 5 0 0.00 M M 2.8 6 180 M M 0 M M
31 82 47 65 5 0 0 0.00 M M 3.2 8 140 M M 0 M M
================================================================================
SM 2537 1780 35 183 0.69 M 199.1 M 64
================================================================================
AV 81.8 57.4 6.4 FASTST M M 2 MAX(MPH)
MISC ----> 36 310 46 310
================================================================================
NOTES:
# LAST OF SEVERAL OCCURRENCES
COLUMN 17 PEAK WIND IN M.P.H.
PRELIMINARY LOCAL CLIMATOLOGICAL DATA (WS FORM: F-6) , PAGE 2
STATION: STEPHENVILLE
MONTH: OCTOBER
YEAR: 2021
LATITUDE: 32 13 N
LONGITUDE: 98 11 W
[TEMPERATURE DATA] [PRECIPITATION DATA] SYMBOLS USED IN COLUMN 16
AVERAGE MONTHLY: 69.6 TOTAL FOR MONTH: 0.69 1 = FOG OR MIST
DPTR FM NORMAL: 4.7 DPTR FM NORMAL: -2.42 2 = FOG REDUCING VISIBILITY
HIGHEST: 91 ON 9, 8 GRTST 24HR 0.31 ON 1- 1 TO 1/4 MILE OR LESS
LOWEST: 41 ON 30 3 = THUNDER
SNOW, ICE PELLETS, HAIL 4 = ICE PELLETS
TOTAL MONTH: M 5 = HAIL
GRTST 24HR M ON M 6 = FREEZING RAIN OR DRIZZLE
GRTST DEPTH: M ON M 7 = DUSTSTORM OR SANDSTORM:
VSBY 1/2 MILE OR LESS
8 = SMOKE OR HAZE
[NO. OF DAYS WITH] [WEATHER - DAYS WITH] 9 = BLOWING SNOW
X = TORNADO
MAX 32 OR BELOW: 0 0.01 INCH OR MORE: 6
MAX 90 OR ABOVE: 4 0.10 INCH OR MORE: 2
MIN 32 OR BELOW: 0 0.50 INCH OR MORE: 0
MIN 0 OR BELOW: 0 1.00 INCH OR MORE: 0
[HDD (BASE 65) ]
TOTAL THIS MO. 35 CLEAR (SCALE 0-3) 22
DPTR FM NORMAL -68 PTCLDY (SCALE 4-7) 9
TOTAL FM JUL 1 35 CLOUDY (SCALE 8-10) 0
DPTR FM NORMAL -82
[CDD (BASE 65) ]
TOTAL THIS MO. 183
DPTR FM NORMAL 84 [PRESSURE DATA]
TOTAL FM JAN 1 2352 HIGHEST SLP M ON M
DPTR FM NORMAL 127 LOWEST SLP M ON M
[REMARKS]
#FINAL-10-21#