000
CXUS54 KFWD 010733
CF6SEP
PRELIMINARY LOCAL CLIMATOLOGICAL DATA (WS FORM: F-6)
STATION: STEPHENVILLE
MONTH: AUGUST
YEAR: 2021
LATITUDE: 32 13 N
LONGITUDE: 98 11 W
TEMPERATURE IN F: :PCPN: SNOW: WIND :SUNSHINE: SKY :PK WND
================================================================================
1 2 3 4 5 6A 6B 7 8 9 10 11 12 13 14 15 16 17 18
12Z AVG MX 2MIN
DY MAX MIN AVG DEP HDD CDD WTR SNW DPTH SPD SPD DIR MIN PSBL S-S WX SPD DR
================================================================================
1 91 73 82 -1 0 17 0.05 M M 2.3 9 310 M M 3 16 360
2 87 72 80 -3 0 15 0.00 M M 6.3 13 30 M M 6 18 360
3 90 67 79 -4 0 14 0.00 M M 4.4 9 40 M M 3 M M
4 91 66 79 -4 0 14 0.00 M M 3.6 10 70 M M 2 M M
5 93 69 81 -2 0 16 0.00 M M 5.1 12 140 M M 2 16 140
6 94 72 83 0 0 18 0.00 M M 6.7 10 160 M M 2 16 140
7 95 72 84 1 0 19 0.00 M M 9.6 14 160 M M 2 20 170
8 96 75 86 3 0 21 0.00 M M 11.9 18 180 M M 0 26 180
9 97 75 86 3 0 21 0.00 M M 10.7 15 180 M M 0 24 170
10 96 73 85 2 0 20 0.00 M M 10.7 17 160 M M 0 26 160
11 97 70 84 1 0 19 0.00 M M 9.3 17 170 M M 0 25 180
12 98 74 86 3 0 21 0.00 M M 7.6 13 140 M M 0 18 140
13 96 73 85 2 0 20 0.00 M M 4.4 9 130 M M 0 M M
14 88 69 79 -4 0 14 1.73 M M 3.0 13 340 M M 3 3 22 110
15 88 72 80 -3 0 15 M M M 3.4 10 160 M M 4 M M
16 92 70 81 -2 0 16 M M M 3.5 7 130 M M 2 17 170
17 82 72 77 -6 0 12 0.00 M M 5.6 12 250 M M 4 16 240
18 86 71 79 -4 0 14 0.84 M M 6.6 16 90 M M 8 23 90
19 94 75 85 2 0 20 0.04 M M 8.2 14 160 M M 5 21 210
20 95 74 85 3 0 20 0.00 M M 8.1 13 170 M M 0 20 210
21 95 73 84 2 0 19 0.00 M M 7.1 13 210 M M 0 18 210
22 96 73 85 3 0 20 0.00 M M 5.7 10 220 M M 1 17 220
23 96 70 83 1 0 18 0.00 M M 4.9 13 140 M M 0 17 140
24 96 71 84 2 0 19 0.00 M M 5.0 9 140 M M 0 M M
25 95 71 83 1 0 18 0.00 M M 4.2 8 140 M M 0 10 180
26 95 72 84 2 0 19 0.00 M M 3.1 12 110 M M 1 16 110
27 91 72 82 1 0 17 0.00 M M 5.6 14 110 M M 2 20 110
28 92 70 81 0 0 16 0.00 M M 4.2 14 90 M M 2 M M
29 91 71 81 0 0 16 0.00 M M 4.2 13 60 M M 3 16 40
30 92 72 82 1 0 17 0.00 M M 3.2 9 50 M M 3 M M
31 97 71 84 4 0 19 0.00 M M 2.6 8 130 M M 0 M M
================================================================================
SM 2882 2220 0 544 2.66 M 180.8 M 58
================================================================================
AV 93.0 71.6 5.8 FASTST M M 2 MAX(MPH)
MISC ----> 18 180 # 26 180
================================================================================
NOTES:
# LAST OF SEVERAL OCCURRENCES
COLUMN 17 PEAK WIND IN M.P.H.
PRELIMINARY LOCAL CLIMATOLOGICAL DATA (WS FORM: F-6) , PAGE 2
STATION: STEPHENVILLE
MONTH: AUGUST
YEAR: 2021
LATITUDE: 32 13 N
LONGITUDE: 98 11 W
[TEMPERATURE DATA] [PRECIPITATION DATA] SYMBOLS USED IN COLUMN 16
AVERAGE MONTHLY: 82.3 TOTAL FOR MONTH: 2.66 1 = FOG OR MIST
DPTR FM NORMAL: -0.2 DPTR FM NORMAL: 0.28 2 = FOG REDUCING VISIBILITY
HIGHEST: 98 ON 12 GRTST 24HR 1.73 ON 14-14 TO 1/4 MILE OR LESS
LOWEST: 66 ON 4 3 = THUNDER
SNOW, ICE PELLETS, HAIL 4 = ICE PELLETS
TOTAL MONTH: M 5 = HAIL
GRTST 24HR M ON M 6 = FREEZING RAIN OR DRIZZLE
GRTST DEPTH: M ON M 7 = DUSTSTORM OR SANDSTORM:
VSBY 1/2 MILE OR LESS
8 = SMOKE OR HAZE
[NO. OF DAYS WITH] [WEATHER - DAYS WITH] 9 = BLOWING SNOW
X = TORNADO
MAX 32 OR BELOW: 0 0.01 INCH OR MORE: 4
MAX 90 OR ABOVE: 26 0.10 INCH OR MORE: 2
MIN 32 OR BELOW: 0 0.50 INCH OR MORE: 2
MIN 0 OR BELOW: 0 1.00 INCH OR MORE: 1
[HDD (BASE 65) ]
TOTAL THIS MO. 0 CLEAR (SCALE 0-3) 25
DPTR FM NORMAL 0 PTCLDY (SCALE 4-7) 6
TOTAL FM JUL 1 0 CLOUDY (SCALE 8-10) 0
DPTR FM NORMAL 0
[CDD (BASE 65) ]
TOTAL THIS MO. 544
DPTR FM NORMAL 2 [PRESSURE DATA]
TOTAL FM JAN 1 1775 HIGHEST SLP M ON M
DPTR FM NORMAL -35 LOWEST SLP M ON M
[REMARKS]
#FINAL-08-21#