828
CXUS54 KFWD 010731
CF6SEP
PRELIMINARY LOCAL CLIMATOLOGICAL DATA (WS FORM: F-6)
STATION: STEPHENVILLE
MONTH: SEPTEMBER
YEAR: 2020
LATITUDE: 32 13 N
LONGITUDE: 98 11 W
TEMPERATURE IN F: :PCPN: SNOW: WIND :SUNSHINE: SKY :PK WND
================================================================================
1 2 3 4 5 6A 6B 7 8 9 10 11 12 13 14 15 16 17 18
12Z AVG MX 2MIN
DY MAX MIN AVG DEP HDD CDD WTR SNW DPTH SPD SPD DIR MIN PSBL S-S WX SPD DR
================================================================================
1 99 75 87 7 0 22 0.02 0.0 0 13.5 37 340 M M 6 50 340
2 79 69 74 -6 0 9 0.82 0.0 M 3.2 8 180 M M 7 16 180
3 86 71 79 -1 0 14 0.00 0.0 0 3.7 9 150 M M 5 M M
4 83 70 77 -2 0 12 0.09 0.0 0 4.2 9 120 M M 6 M M
5 89 68 79 0 0 14 0.00 0.0 0 3.2 15 80 M M 2 20 80
6 91 67 79 1 0 14 0.00 0.0 0 3.5 9 200 M M 2 M M
7 92 70 81 3 0 16 0.00 0.0 0 7.1 13 220 M M 0 18 220
8 85 72 79 1 0 14 0.00 0.0 0 8.7 17 140 M M 1 24 130
9 74 52 63 -15 2 0 1.30 0.0 0 10.9 16 320 M M 10 3 25 320
10 62 52 57 -20 8 0 0.36 0.0 0 11.2 18 330 M M 10 24 330
11 74 58 66 -11 0 1 0.08 0.0 0 4.0 8 340 M M 7 M M
12 87 64 76 0 0 11 0.00 0.0 0 1.0 4 50 M M 2 M M
13 87 67 77 1 0 12 0.00 0.0 0 4.8 13 10 M M 2 20 350
14 85 66 76 0 0 11 0.00 0.0 0 6.8 12 360 M M 2 16 360
15 85 68 77 2 0 12 0.00 0.0 0 5.8 12 310 M M 5 M M
16 85 69 77 2 0 12 0.00 0.0 0 2.2 7 60 M M 3 M M
17 84 68 76 1 0 11 0.77 0.0 0 4.1 9 20 M M 4 M M
18 84 64 74 0 0 9 0.00 0.0 0 5.2 9 50 M M 2 M M
19 79 62 71 -3 0 6 0.00 0.0 0 4.4 10 70 M M 1 M M
20 81 56 69 -5 0 4 0.00 0.0 0 4.1 10 60 M M 1 M M
21 80 65 73 0 0 8 0.00 0.0 0 7.9 14 40 M M 9 18 30
22 72 65 69 -4 0 4 0.03 0.0 0 6.1 8 50 M M 10 M M
23 69 64 67 -5 0 2 0.00 0.0 0 6.0 13 350 M M 10 17 350
24 80 62 71 -1 0 6 0.00 0.0 0 3.6 8 340 M M 5 M M
25 86 60 73 1 0 8 0.00 0.0 0 6.3 9 160 M M 3 M M
26 87 64 76 5 0 11 0.00 0.0 0 7.2 13 160 M M 0 20 190
27 92 64 78 7 0 13 0.00 0.0 0 11.3 20 340 M M 4 32 340
28 76 51 64 -7 1 0 0.00 0.0 0 12.8 29 350 M M 5 37 350
29 80 46 63 -7 2 0 0.00 0.0 0 6.1 13 320 M M 0 17 290
30 88 51 70 0 0 5 0.00 0.0 0 2.3 8 200 M M 0 M M
================================================================================
SM 2481 1900 13 261 3.47 0.0 181.2 M 124
================================================================================
AV 82.7 63.3 6.0 FASTST M M 4 MAX(MPH)
MISC ----> # 37 340 # 50 340
================================================================================
NOTES:
# LAST OF SEVERAL OCCURRENCES
COLUMN 17 PEAK WIND IN M.P.H.
PRELIMINARY LOCAL CLIMATOLOGICAL DATA (WS FORM: F-6) , PAGE 2
STATION: STEPHENVILLE
MONTH: SEPTEMBER
YEAR: 2020
LATITUDE: 32 13 N
LONGITUDE: 98 11 W
[TEMPERATURE DATA] [PRECIPITATION DATA] SYMBOLS USED IN COLUMN 16
AVERAGE MONTHLY: 73.0 TOTAL FOR MONTH: 3.47 1 = FOG OR MIST
DPTR FM NORMAL: -2.1 DPTR FM NORMAL: 0.45 2 = FOG REDUCING VISIBILITY
HIGHEST: 99 ON 1 GRTST 24HR 1.30 ON 9- 9 TO 1/4 MILE OR LESS
LOWEST: 46 ON 29 3 = THUNDER
SNOW, ICE PELLETS, HAIL 4 = ICE PELLETS
TOTAL MONTH: 0.0 INCH 5 = HAIL
GRTST 24HR 0.0 6 = FREEZING RAIN OR DRIZZLE
GRTST DEPTH: 0 7 = DUSTSTORM OR SANDSTORM:
VSBY 1/2 MILE OR LESS
8 = SMOKE OR HAZE
[NO. OF DAYS WITH] [WEATHER - DAYS WITH] 9 = BLOWING SNOW
X = TORNADO
MAX 32 OR BELOW: 0 0.01 INCH OR MORE: 8
MAX 90 OR ABOVE: 4 0.10 INCH OR MORE: 4
MIN 32 OR BELOW: 0 0.50 INCH OR MORE: 3
MIN 0 OR BELOW: 0 1.00 INCH OR MORE: 1
[HDD (BASE 65) ]
TOTAL THIS MO. 13 CLEAR (SCALE 0-3) 15
DPTR FM NORMAL 0 PTCLDY (SCALE 4-7) 10
TOTAL FM JUL 1 13 CLOUDY (SCALE 8-10) 5
DPTR FM NORMAL 0
[CDD (BASE 65) ]
TOTAL THIS MO. 261
DPTR FM NORMAL -55 [PRESSURE DATA]
TOTAL FM JAN 1 2398 HIGHEST SLP M ON M
DPTR FM NORMAL 272 LOWEST SLP M ON M
[REMARKS]
#FINAL-09-20#