000
CXUS52 KMLB 010628
CF6SFB
PRELIMINARY LOCAL CLIMATOLOGICAL DATA (WS FORM: F-6)
STATION: SANFORD
MONTH: OCTOBER
YEAR: 2023
LATITUDE: 28 46 N
LONGITUDE: 81 15 W
TEMPERATURE IN F: :PCPN: SNOW: WIND :SUNSHINE: SKY :PK WND
================================================================================
1 2 3 4 5 6A 6B 7 8 9 10 11 12 13 14 15 16 17 18
12Z AVG MX 2MIN
DY MAX MIN AVG DEP HDD CDD WTR SNW DPTH SPD SPD DIR MIN PSBL S-S WX SPD DR
================================================================================
1 83 74 79 0 0 14 0.44 0.0 0 9.2 22 70 M M 7 1 33 50
2 86 72 79 0 0 14 0.09 0.0 0 9.8 23 70 M M 5 18 29 90
3 87 71 79 0 0 14 0.09 0.0 0 9.9 24 70 M M 7 18 31 70
4 87 72 80 1 0 15 0.00 0.0 0 9.2 21 80 M M 4 32 50
5 87 73 80 2 0 15 0.05 0.0 0 7.4 17 70 M M 3 23 110
6 89 73 81 3 0 16 0.00 0.0 0 6.1 15 80 M M 1 18 80
7 88 73 81 3 0 16 0.00 0.0 0 5.8 17 350 M M 5 26 350
8 77 65 71 -7 0 6 0.00 0.0 0 8.5 15 10 M M 2 21 350
9 80 63 72 -6 0 7 0.00 0.0 0 7.3 12 30 M M 0 18 40
10 83 67 75 -2 0 10 0.00 0.0 0 6.4 13 80 M M 1 17 10
11 85 71 78 1 0 13 0.04 0.0 0 8.9 18 100 M M 6 1 23 110
12 86 76 81 4 0 16 0.43 0.0 0 11.7 28 230 M M 8 13 41 220
13 89 74 82 6 0 17 0.06 0.0 0 5.5 13 250 M M 5 1 18 300
14 83 70 77 1 0 12 0.00 0.0 0 9.8 17 310 M M 2 23 280
15 79 64 72 -4 0 7 0.00 0.0 0 10.9 22 290 M M 2 29 290
16 72 57 65 -11 0 0 0.00 0.0 0 10.7 20 320 M M 5 28 320
17 71 51 61 -14 4 0 0.00 0.0 0 7.4 15 330 M M 0 22 300
18 79 54 67 -8 0 2 0.00 0.0 0 6.6 14 70 M M 0 19 40
19 82 62 72 -3 0 7 0.00 0.0 0 5.1 12 60 M M 0 16 40
20 82 59 71 -3 0 6 0.00 0.0 0 7.6 18 260 M M 0 28 250
21 85 63 74 0 0 9 0.00 0.0 0 7.2 17 310 M M 0 22 310
22 85 57 71 -3 0 6 0.00 0.0 0 4.2 9 320 M M 0 14 340
23 83 66 75 1 0 10 0.00 0.0 0 8.0 17 70 M M 1 23 40
24 85 66 76 3 0 11 0.00 0.0 0 9.3 23 80 M M 3 30 80
25 85 68 77 4 0 12 T 0.0 0 9.5 23 70 M M 6 29 80
26 85 68 77 4 0 12 0.00 0.0 0 9.2 20 100 M M 6 27 90
27 85 67 76 3 0 11 0.00 0.0 0 9.1 18 90 M M 6 24 100
28 86 68 77 5 0 12 0.00 0.0 0 8.0 20 80 M M 1 25 90
29 87 68 78 6 0 13 0.00 0.0 0 7.6 20 100 M M 1 27 90
30 86 68 77 5 0 12 0.00 0.0 0 6.0 14 80 M M 1 20 80
31 85 67 76 4 0 11 0.00 0.0 0 5.1 14 350 M M 1 12 19 350
================================================================================
SM 2592 2067 4 326 1.20 0.0 247.0 M 89
================================================================================
AV 83.6 66.7 8.0 FASTST M M 3 MAX(MPH)
MISC ----> 28 230 41 220
================================================================================
NOTES:
# LAST OF SEVERAL OCCURRENCES
COLUMN 17 PEAK WIND IN M.P.H.
PRELIMINARY LOCAL CLIMATOLOGICAL DATA (WS FORM: F-6) , PAGE 2
STATION: SANFORD
MONTH: OCTOBER
YEAR: 2023
LATITUDE: 28 46 N
LONGITUDE: 81 15 W
[TEMPERATURE DATA] [PRECIPITATION DATA] SYMBOLS USED IN COLUMN 16
AVERAGE MONTHLY: 75.1 TOTAL FOR MONTH: 1.20 1 = FOG OR MIST
DPTR FM NORMAL: -0.4 DPTR FM NORMAL: -2.70 2 = FOG REDUCING VISIBILITY
HIGHEST: 89 ON 13, 6 GRTST 24HR 0.47 ON 12-13 TO 1/4 MILE OR LESS
LOWEST: 51 ON 17 3 = THUNDER
SNOW, ICE PELLETS, HAIL 4 = ICE PELLETS
TOTAL MONTH: 0.0 INCH 5 = HAIL
GRTST 24HR 0.0 6 = FREEZING RAIN OR DRIZZLE
GRTST DEPTH: 0 7 = DUSTSTORM OR SANDSTORM:
VSBY 1/2 MILE OR LESS
8 = SMOKE OR HAZE
[NO. OF DAYS WITH] [WEATHER - DAYS WITH] 9 = BLOWING SNOW
X = TORNADO
MAX 32 OR BELOW: 0 0.01 INCH OR MORE: 7
MAX 90 OR ABOVE: 0 0.10 INCH OR MORE: 2
MIN 32 OR BELOW: 0 0.50 INCH OR MORE: 0
MIN 0 OR BELOW: 0 1.00 INCH OR MORE: 0
[HDD (BASE 65) ]
TOTAL THIS MO. 4 CLEAR (SCALE 0-3) 19
DPTR FM NORMAL -2 PTCLDY (SCALE 4-7) 11
TOTAL FM JUL 1 4 CLOUDY (SCALE 8-10) 1
DPTR FM NORMAL 1
[CDD (BASE 65) ]
TOTAL THIS MO. 326
DPTR FM NORMAL -8 [PRESSURE DATA]
TOTAL FM JAN 1 3740 HIGHEST SLP M ON M
DPTR FM NORMAL 400 LOWEST SLP 29.64 ON 12
[REMARKS]
#FINAL-10-23#