000
CXUS56 KOTX 010910
CF6SFF
PRELIMINARY LOCAL CLIMATOLOGICAL DATA (WS FORM: F-6)
STATION: SPOKANE WA FELTS AIRPORT
MONTH: AUGUST
YEAR: 2022
LATITUDE: 47 40 N
LONGITUDE: 117 20 W
TEMPERATURE IN F: :PCPN: SNOW: WIND :SUNSHINE: SKY :PK WND
================================================================================
1 2 3 4 5 6A 6B 7 8 9 10 11 12 13 14 15 16 17 18
12Z AVG MX 2MIN
DY MAX MIN AVG DEP HDD CDD WTR SNW DPTH SPD SPD DIR MIN PSBL S-S WX SPD DR
================================================================================
1 100 64 82 8 0 17 T M M 7.4 24 230 M M 1 30 240
2 92 64 78 5 0 13 0.00 M M 8.4 24 230 M M 0 29 220
3 94 63 79 6 0 14 0.00 M M 8.9 26 220 M M 0 33 220
4 83 59 71 -2 0 6 0.00 M M 10.2 28 220 M M 0 8 35 230
5 82 50 66 -7 0 1 0.00 M M 2.9 10 60 M M 0 13 290
6 86 50 68 -5 0 3 0.00 M M 2.1 10 240 M M 0 14 240
7 93 53 73 0 0 8 0.00 M M 2.9 9 240 M M 0 13 230
8 98 58 78 6 0 13 0.00 M M 2.2 13 180 M M 0 15 170
9 95 59 77 5 0 12 T M M 3.5 13 250 M M 1 8 18 260
10 95 72 84 12 0 19 T M M 4.6 15 130 M M 3 19 100
11 97 65 81 9 0 16 T M M 2.1 25 150 M M 1 3 30 140
12 97 62 80 8 0 15 0.00 M M 4.3 14 240 M M 1 19 220
13 85 59 72 1 0 7 0.00 M M 6.3 17 220 M M 1 23 220
14 88 56 72 1 0 7 0.00 M M 3.6 12 250 M M 0 16 230
15 93 54 74 3 0 9 0.00 M M 2.3 8 270 M M 0 11 290
16 96 58 77 6 0 12 0.00 M M 1.6 10 140 M M 0 14 130
17 100 59 80 10 0 15 0.00 M M 2.3 10 70 M M 0 14 60
18 102 60 81 11 0 16 0.00 M M 3.1 13 340 M M 0 18 340
19 96 66 81 11 0 16 0.00 M M 1.0 12 110 M M 0 20 130
20 94 66 80 10 0 15 0.00 M M 1.8 10 220 M M 0 14 90
21 96 64 80 11 0 15 0.00 M M 3.7 14 220 M M 0 17 220
22 91 59 75 6 0 10 T M M 1.5 15 80 M M 0 19 90
23 92 59 76 7 0 11 0.00 M M 2.5 9 10 M M 0 14 20
24 91 60 76 8 0 11 0.00 M M 5.3 18 340 M M 0 3 28 340
25 90 63 77 9 0 12 T M 0 3.5 22 340 M M 2 33 340
26 92 58 75 7 0 10 0.00 M M 5.9 21 210 M M 1 25 220
27 80 58 69 2 0 4 0.00 M M 10.2 26 230 M M 5 33 230
28 79 48 64 -3 1 0 0.00 M M 3.8 12 190 M M 0 17 240
29 88 49 69 2 0 4 0.00 M M 2.1 9 110 M M 0 13 120
30 94 53 74 7 0 9 0.00 M M 1.7 8 280 M M 0 12 250
31 103 56 80 14 0 15 0.00 M M 3.0 16 240 M M 0 38 24 250
================================================================================
SM 2862 1824 1 335 T M 124.7 M 16
================================================================================
AV 92.3 58.8 4.0 FASTST M M 1 MAX(MPH)
MISC ----> 28 220 35 230
================================================================================
NOTES:
# LAST OF SEVERAL OCCURRENCES
COLUMN 17 PEAK WIND IN M.P.H.
PRELIMINARY LOCAL CLIMATOLOGICAL DATA (WS FORM: F-6) , PAGE 2
STATION: SPOKANE WA FELTS AIRPORT
MONTH: AUGUST
YEAR: 2022
LATITUDE: 47 40 N
LONGITUDE: 117 20 W
[TEMPERATURE DATA] [PRECIPITATION DATA] SYMBOLS USED IN COLUMN 16
AVERAGE MONTHLY: 75.6 TOTAL FOR MONTH: T 1 = FOG OR MIST
DPTR FM NORMAL: 5.2 DPTR FM NORMAL: -0.54 2 = FOG REDUCING VISIBILITY
HIGHEST: 103 ON 31 GRTST 24HR T ON 1- 1 TO 1/4 MILE OR LESS
LOWEST: 48 ON 28 3 = THUNDER
SNOW, ICE PELLETS, HAIL 4 = ICE PELLETS
TOTAL MONTH: M 5 = HAIL
GRTST 24HR M ON M 6 = FREEZING RAIN OR DRIZZLE
GRTST DEPTH: 0 7 = DUSTSTORM OR SANDSTORM:
VSBY 1/2 MILE OR LESS
8 = SMOKE OR HAZE
[NO. OF DAYS WITH] [WEATHER - DAYS WITH] 9 = BLOWING SNOW
X = TORNADO
MAX 32 OR BELOW: 0 0.01 INCH OR MORE: 0
MAX 90 OR ABOVE: 23 0.10 INCH OR MORE: 0
MIN 32 OR BELOW: 0 0.50 INCH OR MORE: 0
MIN 0 OR BELOW: 0 1.00 INCH OR MORE: 0
[HDD (BASE 65) ]
TOTAL THIS MO. 1 CLEAR (SCALE 0-3) 30
DPTR FM NORMAL -17 PTCLDY (SCALE 4-7) 1
TOTAL FM JUL 1 4 CLOUDY (SCALE 8-10) 0
DPTR FM NORMAL -26
[CDD (BASE 65) ]
TOTAL THIS MO. 335
DPTR FM NORMAL 151 [PRESSURE DATA]
TOTAL FM JAN 1 676 HIGHEST SLP M ON M
DPTR FM NORMAL 207 LOWEST SLP 29.66 ON 26
[REMARKS]
#FINAL-08-22#