000
CXUS53 KSGF 010710
CF6SGF
PRELIMINARY LOCAL CLIMATOLOGICAL DATA (WS FORM: F-6)
STATION: SPRINGFIELD MO
MONTH: AUGUST
YEAR: 2023
LATITUDE: 37 13 N
LONGITUDE: 93 23 W
TEMPERATURE IN F: :PCPN: SNOW: WIND :SUNSHINE: SKY :PK WND
================================================================================
1 2 3 4 5 6A 6B 7 8 9 10 11 12 13 14 15 16 17 18
12Z AVG MX 2MIN
DY MAX MIN AVG DEP HDD CDD WTR SNW DPTH SPD SPD DIR MIN PSBL S-S WX SPD DR
================================================================================
1 89 75 82 2 0 17 0.01 0.0 0 13.3 24 140 M M 2 3 31 150
2 97 75 86 6 0 21 0.00 0.0 0 11.8 20 190 M M 1 26 160
3 96 77 87 7 0 22 0.00 0.0 0 6.9 16 260 M M 0 24 260
4 94 78 86 6 0 21 T 0.0 0 8.6 18 170 M M 2 3 26 180
5 88 70 79 -1 0 14 0.14 0.0 0 6.5 30 250 M M 2 13 40 250
6 89 72 81 1 0 16 0.03 0.0 0 11.9 23 280 M M 1 3 34 240
7 82 65 74 -5 0 9 0.00 0.0 0 7.9 16 330 M M 3 22 310
8 89 64 77 -2 0 12 0.00 0.0 0 6.5 14 180 M M 1 17 190
9 78 67 73 -6 0 8 2.49 0.0 0 7.7 20 160 M M 6 13 27 160
10 88 64 76 -3 0 11 0.00 0.0 0 4.3 9 80 M M 2 12 16 140
11 94 71 83 4 0 18 0.00 0.0 0 8.0 14 200 M M 2 1 18 230
12 83 69 76 -3 0 11 0.82 0.0 0 8.3 30 210 M M 3 13 42 230
13 83 72 78 -1 0 13 0.88 0.0 0 7.7 29 210 M M 4 13 49 210
14 80 65 73 -6 0 8 1.83 0.0 0 9.7 21 260 M M 5 13 30 250
15 78 59 69 -10 0 4 0.00 0.0 0 8.3 16 340 M M 3 24 340
16 80 56 68 -11 0 3 0.00 0.0 0 4.9 13 190 M M 0 17 190
17 86 62 74 -4 0 9 0.00 0.0 0 8.1 16 210 M M 0 22 290
18 85 60 73 -5 0 8 0.00 0.0 0 8.1 17 150 M M 0 24 150
19 94 70 82 4 0 17 0.00 0.0 0 12.3 20 160 M M 0 27 150
20 100 73 87 9 0 22 0.00 0.0 0 6.3 14 280 M M 0 21 290
21 97 75 86 8 0 21 0.00 0.0 0 5.1 12 20 M M 0 1 16 10
22 96 80 88 10 0 23 0.00 0.0 0 5.8 10 180 M M 1 1 14 170
23 95 77 86 9 0 21 0.00 0.0 0 6.1 13 190 M M 0 18 17 180
24 97 77 87 10 0 22 0.00 0.0 0 6.4 12 270 M M 0 18 16 250
25 98 76 87 10 0 22 0.00 0.0 0 5.8 10 240 M M 0 16 240
26 87 72 80 3 0 15 T 0.0 0 7.5 17 10 M M 4 13 22 20
27 84 65 75 -1 0 10 T 0.0 0 9.2 18 10 M M 5 1 25 50
28 84 63 74 -2 0 9 0.00 0.0 0 6.7 13 10 M M 5 1 17 360
29 88 61 75 -1 0 10 0.00 0.0 0 2.7 12 340 M M 1 15 310
30 87 63 75 -1 0 10 0.00 0.0 0 6.7 16 40 M M 1 22 40
31 83 60 72 -4 0 7 0.00 0.0 0 6.9 13 90 M M 0 17 50
================================================================================
SM 2749 2133 0 434 6.20 0.0 236.0 M 54
================================================================================
AV 88.7 68.8 7.6 FASTST M M 2 MAX(MPH)
MISC ----> # 30 250 49 210
================================================================================
NOTES:
# LAST OF SEVERAL OCCURRENCES
COLUMN 17 PEAK WIND IN M.P.H.
PRELIMINARY LOCAL CLIMATOLOGICAL DATA (WS FORM: F-6) , PAGE 2
STATION: SPRINGFIELD MO
MONTH: AUGUST
YEAR: 2023
LATITUDE: 37 13 N
LONGITUDE: 93 23 W
[TEMPERATURE DATA] [PRECIPITATION DATA] SYMBOLS USED IN COLUMN 16
AVERAGE MONTHLY: 78.7 TOTAL FOR MONTH: 6.20 1 = FOG OR MIST
DPTR FM NORMAL: 0.5 DPTR FM NORMAL: 2.61 2 = FOG REDUCING VISIBILITY
HIGHEST: 100 ON 20 GRTST 24HR 2.71 ON 13-14 TO 1/4 MILE OR LESS
LOWEST: 56 ON 16 3 = THUNDER
SNOW, ICE PELLETS, HAIL 4 = ICE PELLETS
TOTAL MONTH: 0.0 INCH 5 = HAIL
GRTST 24HR 0.0 6 = FREEZING RAIN OR DRIZZLE
GRTST DEPTH: 0 7 = DUSTSTORM OR SANDSTORM:
VSBY 1/2 MILE OR LESS
8 = SMOKE OR HAZE
[NO. OF DAYS WITH] [WEATHER - DAYS WITH] 9 = BLOWING SNOW
X = TORNADO
MAX 32 OR BELOW: 0 0.01 INCH OR MORE: 7
MAX 90 OR ABOVE: 11 0.10 INCH OR MORE: 5
MIN 32 OR BELOW: 0 0.50 INCH OR MORE: 4
MIN 0 OR BELOW: 0 1.00 INCH OR MORE: 2
[HDD (BASE 65) ]
TOTAL THIS MO. 0 CLEAR (SCALE 0-3) 25
DPTR FM NORMAL -1 PTCLDY (SCALE 4-7) 6
TOTAL FM JUL 1 0 CLOUDY (SCALE 8-10) 0
DPTR FM NORMAL 0
[CDD (BASE 65) ]
TOTAL THIS MO. 434
DPTR FM NORMAL 24 [PRESSURE DATA]
TOTAL FM JAN 1 1355 HIGHEST SLP M ON M
DPTR FM NORMAL 54 LOWEST SLP 29.72 ON 9
[REMARKS]
#FINAL-08-23#