833
CXUS54 KHGX 011515
CF6SGR
PRELIMINARY LOCAL CLIMATOLOGICAL DATA (WS FORM: F-6)
STATION: SUGAR LAND/HULL FLD
MONTH: JULY
YEAR: 2020
LATITUDE: 29 37 N
LONGITUDE: 95 39 W
TEMPERATURE IN F: :PCPN: SNOW: WIND :SUNSHINE: SKY :PK WND
================================================================================
1 2 3 4 5 6A 6B 7 8 9 10 11 12 13 14 15 16 17 18
12Z AVG MX 2MIN
DY MAX MIN AVG DEP HDD CDD WTR SNW DPTH SPD SPD DIR MIN PSBL S-S WX SPD DR
================================================================================
1 94 80 87 4 0 22 0.00 0.0 0 11.9 20 170 M M 7 24 170
2 95 80 88 5 0 23 0.00 0.0 0 8.1 15 190 M M 6 19 200
3 95 75 85 2 0 20 0.00 0.0 0 4.7 21 70 M M 2 1 26 50
4 95 74 85 2 0 20 0.00 0.0 0 5.3 13 270 M M 1 1 16 210
5 95 75 85 2 0 20 T 0.0 0 7.6 16 200 M M 2 20 180
6 95 80 88 5 0 23 0.01 0.0 0 9.9 18 180 M M 2 24 180
7 95 79 87 4 0 22 T 0.0 0 9.1 17 180 M M 2 23 170
8 96 80 88 4 0 23 0.00 0.0 0 10.9 18 170 M M 5 23 170
9 95 78 87 3 0 22 0.00 0.0 0 10.3 20 160 M M 3 1 26 160
10 98 77 88 4 0 23 0.00 0.0 0 7.3 15 180 M M 2 19 170
11 99 77 88 4 0 23 0.00 0.0 0 6.9 14 200 M M 1 1 21 230
12 96 76 86 2 0 21 T 0.0 0 6.1 16 230 M M 2 1 20 210
13 99 80 90 6 0 25 0.00 0.0 0 9.2 16 180 M M 3 21 220
14 97 77 87 3 0 22 0.00 0.0 0 9.4 20 180 M M 1 1 25 210
15 98 79 89 5 0 24 0.00 0.0 0 9.5 17 170 M M 2 23 180
16 97 76 87 3 0 22 0.00 0.0 0 6.2 21 170 M M 1 1 24 170
17 91 77 84 0 0 19 0.07 0.0 0 6.1 16 140 M M 3 13 21 150
18 93 74 84 0 0 19 0.00 0.0 0 7.1 18 150 M M 1 22 150
19 94 75 85 1 0 20 0.00 0.0 0 6.4 16 130 M M 1 20 120
20 88 76 82 -2 0 17 T 0.0 0 7.1 18 90 M M 3 3 23 70
21 90 77 84 0 0 19 0.12 0.0 0 7.9 14 150 M M 5 13 17 140
22 86 77 82 -2 0 17 0.32 0.0 0 1.7 10 290 M M 2 13 13 280
23 97 76 87 3 0 22 0.00 0.0 0 7.2 16 50 M M 2 28 70
24 93 79 86 2 0 21 0.35 0.0 0 11.9 26 90 M M 5 13 37 100
25 87 75 81 -3 0 16 1.10 0.0 0 11.1 28 140 M M 6 13 35 140
26 88 75 82 -2 0 17 1.29 0.0 0 8.1 29 170 M M 5 13 34 170
27 94 77 86 2 0 21 0.04 0.0 0 5.2 23 160 M M 4 13 28 160
28 85 75 80 -4 0 15 0.15 0.0 0 4.4 15 160 M M 1 13 18 160
29 89 73 81 -3 0 16 1.16 0.0 0 4.1 24 200 M M 2 1 35 200
30 94 78 86 2 0 21 0.00 0.0 0 9.4 18 180 M M 3 1 23 180
31 95 77 86 2 0 21 T 0.0 0 8.5 16 190 M M 1 37 240
================================================================================
SM 2903 2384 0 636 4.61 0.0 238.6 M 86
================================================================================
AV 93.7 76.9 7.7 FASTST M M 3 MAX(MPH)
MISC ----> # 29 170 # 37 100
================================================================================
NOTES:
# LAST OF SEVERAL OCCURRENCES
COLUMN 17 PEAK WIND IN M.P.H.
PRELIMINARY LOCAL CLIMATOLOGICAL DATA (WS FORM: F-6) , PAGE 2
STATION: SUGAR LAND/HULL FLD
MONTH: JULY
YEAR: 2020
LATITUDE: 29 37 N
LONGITUDE: 95 39 W
[TEMPERATURE DATA] [PRECIPITATION DATA] SYMBOLS USED IN COLUMN 16
AVERAGE MONTHLY: 85.3 TOTAL FOR MONTH: 4.61 1 = FOG OR MIST
DPTR FM NORMAL: 1.7 DPTR FM NORMAL: 0.25 2 = FOG REDUCING VISIBILITY
HIGHEST: 99 ON 13,11 GRTST 24HR 1.29 ON 26-26 TO 1/4 MILE OR LESS
LOWEST: 73 ON 29 3 = THUNDER
SNOW, ICE PELLETS, HAIL 4 = ICE PELLETS
TOTAL MONTH: 0.0 INCH 5 = HAIL
GRTST 24HR 0.0 6 = FREEZING RAIN OR DRIZZLE
GRTST DEPTH: 0 7 = DUSTSTORM OR SANDSTORM:
VSBY 1/2 MILE OR LESS
8 = SMOKE OR HAZE
[NO. OF DAYS WITH] [WEATHER - DAYS WITH] 9 = BLOWING SNOW
X = TORNADO
MAX 32 OR BELOW: 0 0.01 INCH OR MORE: 10
MAX 90 OR ABOVE: 25 0.10 INCH OR MORE: 7
MIN 32 OR BELOW: 0 0.50 INCH OR MORE: 3
MIN 0 OR BELOW: 0 1.00 INCH OR MORE: 3
[HDD (BASE 65) ]
TOTAL THIS MO. 0 CLEAR (SCALE 0-3) 21
DPTR FM NORMAL 0 PTCLDY (SCALE 4-7) 10
TOTAL FM JUL 1 0 CLOUDY (SCALE 8-10) 0
DPTR FM NORMAL 0
[CDD (BASE 65) ]
TOTAL THIS MO. 636
DPTR FM NORMAL 59 [PRESSURE DATA]
TOTAL FM JAN 1 2052 HIGHEST SLP 30.09 ON 17
DPTR FM NORMAL 383 LOWEST SLP 29.80 ON 5
[REMARKS]
#FINAL-07-20#