000
CXUS56 KMTR 010900
CF6SJC
PRELIMINARY LOCAL CLIMATOLOGICAL DATA (WS FORM: F-6)
STATION: SAN JOSE AIRPORT
MONTH: OCTOBER
YEAR: 2022
LATITUDE: 37 21 N
LONGITUDE: 121 55 W
TEMPERATURE IN F: :PCPN: SNOW: WIND :SUNSHINE: SKY :PK WND
================================================================================
1 2 3 4 5 6A 6B 7 8 9 10 11 12 13 14 15 16 17 18
12Z AVG MX 2MIN
DY MAX MIN AVG DEP HDD CDD WTR SNW DPTH SPD SPD DIR MIN PSBL S-S WX SPD DR
================================================================================
1 74 56 65 -2 0 0 0.00 M M 6.6 17 320 M M 4 23 360
2 77 61 69 2 0 4 0.00 M M 6.9 18 330 M M 4 27 360
3 75 57 66 -1 0 1 0.00 M M 6.4 17 330 M M 0 25 340
4 74 59 67 0 0 2 0.00 M M 5.6 12 320 M M 4 15 320
5 82 54 68 1 0 3 0.00 M M 3.0 10 330 M M 2 18 16 360
6 80 57 69 3 0 4 0.00 M M 4.0 15 330 M M 4 18 18 320
7 82 59 71 5 0 6 0.00 M M 3.8 12 330 M M 2 18 15 330
8 77 57 67 1 0 2 0.00 M M 4.5 12 330 M M 2 18 16 320
9 73 58 66 0 0 1 0.00 M M 4.7 12 310 M M 5 18 18 300
10 77 58 68 2 0 3 0.00 M M 4.1 10 330 M M 5 8 15 340
11 75 57 66 0 0 1 0.00 M M 5.0 14 320 M M 4 18 20 350
12 73 57 65 0 0 0 0.00 M M 4.6 15 320 M M 6 18 17 330
13 71 58 65 0 0 0 0.00 M M 5.8 13 330 M M 6 16 340
14 75 57 66 1 0 1 0.00 M M 4.9 14 330 M M 6 18 17 350
15 71 56 64 -1 1 0 0.00 M M 6.6 13 330 M M 7 17 330
16 71 57 64 0 1 0 0.00 M M 5.3 14 320 M M 7 19 350
17 75 52 64 0 1 0 0.00 M M 4.2 15 320 M M 4 20 280
18 82 56 69 5 0 4 0.00 M M 2.4 9 330 M M 3 14 350
19 90 57 74 10 0 9 0.00 M M 3.0 10 330 M M 3 15 330
20 82 55 69 5 0 4 0.00 M M 3.7 12 340 M M 1 8 16 350
21 72 55 64 1 1 0 0.00 M M 5.8 17 330 M M 4 18 22 310
22 71 54 63 0 2 0 0.00 M M 9.1 23 320 M M 5 32 350
23 71 47 59 -4 6 0 0.00 M M 7.2 21 330 M M 0 27 340
24 76 48 62 0 3 0 0.00 M M 4.7 14 340 M M 1 19 330
25 70 50 60 -2 5 0 0.00 M M 5.8 16 330 M M 1 20 330
26 68 45 57 -5 8 0 0.00 M M 5.6 17 330 M M 2 22 330
27 74 46 60 -2 5 0 0.00 M M 3.2 12 330 M M 0 16 330
28 71 47 59 -2 6 0 0.00 M M 4.9 18 340 M M 3 28 350
29 72 45 59 -2 6 0 0.00 M M 5.0 18 340 M M 3 27 340
30 71 53 62 1 3 0 0.00 M M 4.0 14 320 M M 5 18 17 320
31 69 51 60 -1 5 0 0.00 M M 3.5 12 330 M M 6 18 16 20
================================================================================
SM 2321 1679 53 45 0.00 M 153.9 M 109
================================================================================
AV 74.9 54.2 5.0 FASTST M M 4 MAX(MPH)
MISC ----> 23 320 32 350
================================================================================
NOTES:
# LAST OF SEVERAL OCCURRENCES
COLUMN 17 PEAK WIND IN M.P.H.
PRELIMINARY LOCAL CLIMATOLOGICAL DATA (WS FORM: F-6) , PAGE 2
STATION: SAN JOSE AIRPORT
MONTH: OCTOBER
YEAR: 2022
LATITUDE: 37 21 N
LONGITUDE: 121 55 W
[TEMPERATURE DATA] [PRECIPITATION DATA] SYMBOLS USED IN COLUMN 16
AVERAGE MONTHLY: 64.5 TOTAL FOR MONTH: 0.00 1 = FOG OR MIST
DPTR FM NORMAL: 0.2 DPTR FM NORMAL: -0.53 2 = FOG REDUCING VISIBILITY
HIGHEST: 90 ON 19 GRTST 24HR 0.00 ON 1- 1 TO 1/4 MILE OR LESS
LOWEST: 45 ON 29,26 3 = THUNDER
SNOW, ICE PELLETS, HAIL 4 = ICE PELLETS
TOTAL MONTH: M 5 = HAIL
GRTST 24HR M ON M 6 = FREEZING RAIN OR DRIZZLE
GRTST DEPTH: M ON M 7 = DUSTSTORM OR SANDSTORM:
VSBY 1/2 MILE OR LESS
8 = SMOKE OR HAZE
[NO. OF DAYS WITH] [WEATHER - DAYS WITH] 9 = BLOWING SNOW
X = TORNADO
MAX 32 OR BELOW: 0 0.01 INCH OR MORE: 0
MAX 90 OR ABOVE: 1 0.10 INCH OR MORE: 0
MIN 32 OR BELOW: 0 0.50 INCH OR MORE: 0
MIN 0 OR BELOW: 0 1.00 INCH OR MORE: 0
[HDD (BASE 65) ]
TOTAL THIS MO. 53 CLEAR (SCALE 0-3) 12
DPTR FM NORMAL -19 PTCLDY (SCALE 4-7) 19
TOTAL FM JUL 1 54 CLOUDY (SCALE 8-10) 0
DPTR FM NORMAL -37
[CDD (BASE 65) ]
TOTAL THIS MO. 45
DPTR FM NORMAL -4 [PRESSURE DATA]
TOTAL FM JAN 1 894 HIGHEST SLP M ON M
DPTR FM NORMAL 272 LOWEST SLP 29.75 ON 14
[REMARKS]
#FINAL-10-22#