000
CXUS56 KMTR 010845
CF6SJC
PRELIMINARY LOCAL CLIMATOLOGICAL DATA (WS FORM: F-6)
STATION: SAN JOSE AIRPORT
MONTH: NOVEMBER
YEAR: 2020
LATITUDE: 37 21 N
LONGITUDE: 121 55 W
TEMPERATURE IN F: :PCPN: SNOW: WIND :SUNSHINE: SKY :PK WND
================================================================================
1 2 3 4 5 6A 6B 7 8 9 10 11 12 13 14 15 16 17 18
12Z AVG MX 2MIN
DY MAX MIN AVG DEP HDD CDD WTR SNW DPTH SPD SPD DIR MIN PSBL S-S WX SPD DR
================================================================================
1 79 47 63 4 2 0 0.00 M M 2.0 9 340 M M 3 8 11 340
2 80 49 65 6 0 0 0.00 M M 2.8 14 330 M M 5 16 330
3 79 50 65 6 0 0 0.00 M M 3.5 20 320 M M 6 18 23 330
4 75 47 61 3 4 0 0.00 M M 3.4 14 320 M M 3 18 16 330
5 79 53 66 8 0 1 0.00 M M 3.3 13 310 M M 5 12 16 320
6 63 50 57 -1 8 0 T M M 11.2 25 300 M M 5 31 310
7 63 48 56 -1 9 0 0.02 M M 5.8 17 290 M M 7 22 290
8 59 41 50 -7 15 0 0.01 M M 12.8 28 310 M M 3 3 35 300
9 60 35 48 -9 17 0 0.00 M M 4.8 10 320 M M 2 14 250
10 64 36 50 -6 15 0 0.00 M M 3.5 9 320 M M 4 8 12 330
11 61 47 54 -2 11 0 0.00 M M 4.1 10 330 M M 9 12 330
12 64 43 54 -2 11 0 0.00 M M 3.4 15 320 M M 3 18 320
13 66 40 53 -3 12 0 0.02 M M 6.6 17 100 M M 5 18 22 100
14 59 43 51 -4 14 0 0.00 M M 3.2 9 310 M M 6 12 12 340
15 68 38 53 -2 12 0 0.00 M M 3.2 10 330 M M 1 1 13 310
16 74 43 59 4 6 0 0.00 M M 1.8 8 310 M M 3 11 310
17 67 53 60 5 5 0 0.02 M M 12.0 31 200 M M 7 18 45 210
18 66 49 58 4 7 0 0.05 M M 6.3 15 150 M M 6 1 17 140
19 63 45 54 0 11 0 0.00 M M 4.9 16 320 M M 4 18 18 320
20 67 43 55 1 10 0 0.00 M M 3.0 15 320 M M 3 20 310
21 64 38 51 -3 14 0 0.00 M M 2.9 12 330 M M 5 13 310
22 62 36 49 -4 16 0 0.00 M M 4.7 17 330 M M 3 20 340
23 61 44 53 0 12 0 0.01 M M 3.4 12 320 M M 6 18 16 20
24 68 40 54 1 11 0 0.00 M M 4.4 13 310 M M 1 1 15 300
25 62 43 53 0 12 0 T M M 4.9 17 340 M M 3 1 24 350
26 65 38 52 0 13 0 0.00 M M 4.2 15 350 M M 1 18 30
27 65 35 50 -2 15 0 0.00 M M 3.1 9 340 M M 1 12 360
28 64 33 49 -3 16 0 0.00 M M 3.2 9 330 M M 0 11 360
29 65 34 50 -2 15 0 0.00 M M 2.9 9 350 M M 4 13 10
30 63 34 49 -3 16 0 0.00 M M 2.6 14 320 M M 1 8 18 320
================================================================================
SM 1995 1275 309 1 0.13 M 137.9 M 115
================================================================================
AV 66.5 42.5 4.6 FASTST M M 4 MAX(MPH)
MISC ----> 31 200 45 210
================================================================================
NOTES:
# LAST OF SEVERAL OCCURRENCES
COLUMN 17 PEAK WIND IN M.P.H.
PRELIMINARY LOCAL CLIMATOLOGICAL DATA (WS FORM: F-6) , PAGE 2
STATION: SAN JOSE AIRPORT
MONTH: NOVEMBER
YEAR: 2020
LATITUDE: 37 21 N
LONGITUDE: 121 55 W
[TEMPERATURE DATA] [PRECIPITATION DATA] SYMBOLS USED IN COLUMN 16
AVERAGE MONTHLY: 54.5 TOTAL FOR MONTH: 0.13 1 = FOG OR MIST
DPTR FM NORMAL: -0.6 DPTR FM NORMAL: -1.75 2 = FOG REDUCING VISIBILITY
HIGHEST: 80 ON 2 GRTST 24HR 0.07 ON 17-18 TO 1/4 MILE OR LESS
LOWEST: 33 ON 28 3 = THUNDER
SNOW, ICE PELLETS, HAIL 4 = ICE PELLETS
TOTAL MONTH: M 5 = HAIL
GRTST 24HR M ON M 6 = FREEZING RAIN OR DRIZZLE
GRTST DEPTH: M ON M 7 = DUSTSTORM OR SANDSTORM:
VSBY 1/2 MILE OR LESS
8 = SMOKE OR HAZE
[NO. OF DAYS WITH] [WEATHER - DAYS WITH] 9 = BLOWING SNOW
X = TORNADO
MAX 32 OR BELOW: 0 0.01 INCH OR MORE: 6
MAX 90 OR ABOVE: 0 0.10 INCH OR MORE: 0
MIN 32 OR BELOW: 0 0.50 INCH OR MORE: 0
MIN 0 OR BELOW: 0 1.00 INCH OR MORE: 0
[HDD (BASE 65) ]
TOTAL THIS MO. 309 CLEAR (SCALE 0-3) 11
DPTR FM NORMAL 12 PTCLDY (SCALE 4-7) 18
TOTAL FM JUL 1 333 CLOUDY (SCALE 8-10) 1
DPTR FM NORMAL -73
[CDD (BASE 65) ]
TOTAL THIS MO. 1
DPTR FM NORMAL 0 [PRESSURE DATA]
TOTAL FM JAN 1 1070 HIGHEST SLP M ON M
DPTR FM NORMAL 433 LOWEST SLP 29.66 ON 7
[REMARKS]
#FINAL-11-20#