000
CXUS56 KMTR 020842
CF6SJC
PRELIMINARY LOCAL CLIMATOLOGICAL DATA (WS FORM: F-6)
STATION: SAN JOSE AIRPORT
MONTH: SEPTEMBER
YEAR: 2020
LATITUDE: 37 21 N
LONGITUDE: 121 55 W
TEMPERATURE IN F: :PCPN: SNOW: WIND :SUNSHINE: SKY :PK WND
================================================================================
1 2 3 4 5 6A 6B 7 8 9 10 11 12 13 14 15 16 17 18
12Z AVG MX 2MIN
DY MAX MIN AVG DEP HDD CDD WTR SNW DPTH SPD SPD DIR MIN PSBL S-S WX SPD DR
================================================================================
1 75 57 66 -4 0 1 0.00 M M 6.1 14 330 M M 8 18 17 10
2 76 60 68 -2 0 3 0.00 M M 7.2 16 330 M M 8 20 360
3 73 60 67 -3 0 2 0.00 M M 8.0 16 320 M M 7 20 310
4 82 59 71 1 0 6 0.00 M M 6.1 14 320 M M 7 15 320
5 98 61 80 10 0 15 0.00 M M 2.9 12 320 M M 3 14 320
6 105 68 87 18 0 22 0.00 M M 4.6 16 330 M M 5 8 19 330
7 104 70 87 18 0 22 0.00 M M 5.9 22 340 M M 7 8 27 330
8 84 64 74 5 0 9 0.00 M M 6.1 14 330 M M 8 8 18 360
9 66 60 63 -6 2 0 0.00 M M 3.9 12 150 M M 10 8 13 140
10 69 59 64 -5 1 0 0.00 M M 2.5 8 330 M M 10 18 9 330
11 77 57 67 -2 0 2 0.00 M M 2.3 8 340 M M 10 18 10 330
12 83 58 71 2 0 6 0.00 M M 3.1 12 320 M M 10 18 14 320
13 73 59 66 -3 0 1 0.00 M M 5.4 13 320 M M 10 18 15 320
14 75 60 68 -1 0 3 0.00 M M 5.1 14 330 M M 10 8 15 330
15 79 60 70 1 0 5 0.00 M M 5.0 15 330 M M 10 18 18 330
16 81 63 72 3 0 7 0.00 M M 5.2 17 320 M M 9 21 340
17 82 65 74 6 0 9 0.00 M M 6.6 18 320 M M 9 23 320
18 79 64 72 4 0 7 T M M 8.8 23 330 M M 7 27 320
19 81 60 71 3 0 6 0.00 M M 6.3 17 340 M M 5 19 340
20 91 58 75 7 0 10 0.00 M M 4.6 16 330 M M 5 19 340
21 83 60 72 4 0 7 0.00 M M 4.8 18 330 M M 6 21 350
22 81 57 69 1 0 4 T M M 5.4 23 340 M M 1 26 350
23 82 57 70 2 0 5 0.00 M M 6.8 23 340 M M 2 27 340
24 82 63 73 5 0 8 0.00 M M 8.5 22 320 M M 5 27 330
25 79 56 68 1 0 3 0.00 M M 6.4 22 330 M M 3 24 320
26 84 58 71 4 0 6 0.00 M M 5.7 18 330 M M 4 22 320
27 94 61 78 11 0 13 0.00 M M 5.6 17 330 M M 3 22 300
28 101 64 83 16 0 18 0.00 M M 3.6 13 330 M M 7 14 330
29 84 63 74 7 0 9 0.00 M M 5.6 15 320 M M 5 18 17 320
30 87 62 75 8 0 10 0.00 M M 3.9 12 320 M M 10 18 14 310
================================================================================
SM 2490 1823 3 219 T M 162.0 M 204
================================================================================
AV 83.0 60.8 5.4 FASTST M M 7 MAX(MPH)
MISC ----> # 23 330 # 27 330
================================================================================
NOTES:
# LAST OF SEVERAL OCCURRENCES
COLUMN 17 PEAK WIND IN M.P.H.
PRELIMINARY LOCAL CLIMATOLOGICAL DATA (WS FORM: F-6) , PAGE 2
STATION: SAN JOSE AIRPORT
MONTH: SEPTEMBER
YEAR: 2020
LATITUDE: 37 21 N
LONGITUDE: 121 55 W
[TEMPERATURE DATA] [PRECIPITATION DATA] SYMBOLS USED IN COLUMN 16
AVERAGE MONTHLY: 71.9 TOTAL FOR MONTH: T 1 = FOG OR MIST
DPTR FM NORMAL: 3.4 DPTR FM NORMAL: -0.23 2 = FOG REDUCING VISIBILITY
HIGHEST: 105 ON 6 GRTST 24HR T ON 18-18 TO 1/4 MILE OR LESS
LOWEST: 56 ON 25 3 = THUNDER
SNOW, ICE PELLETS, HAIL 4 = ICE PELLETS
TOTAL MONTH: M 5 = HAIL
GRTST 24HR M ON M 6 = FREEZING RAIN OR DRIZZLE
GRTST DEPTH: M ON M 7 = DUSTSTORM OR SANDSTORM:
VSBY 1/2 MILE OR LESS
8 = SMOKE OR HAZE
[NO. OF DAYS WITH] [WEATHER - DAYS WITH] 9 = BLOWING SNOW
X = TORNADO
MAX 32 OR BELOW: 0 0.01 INCH OR MORE: 0
MAX 90 OR ABOVE: 6 0.10 INCH OR MORE: 0
MIN 32 OR BELOW: 0 0.50 INCH OR MORE: 0
MIN 0 OR BELOW: 0 1.00 INCH OR MORE: 0
[HDD (BASE 65) ]
TOTAL THIS MO. 3 CLEAR (SCALE 0-3) 4
DPTR FM NORMAL -10 PTCLDY (SCALE 4-7) 16
TOTAL FM JUL 1 3 CLOUDY (SCALE 8-10) 10
DPTR FM NORMAL -13
[CDD (BASE 65) ]
TOTAL THIS MO. 219
DPTR FM NORMAL 103 [PRESSURE DATA]
TOTAL FM JAN 1 912 HIGHEST SLP 30.11 ON 30
DPTR FM NORMAL 313 LOWEST SLP 29.62 ON 8
[REMARKS]
#FINAL-09-20#