000
CXUS56 KFGZ 010910
CF6SJN
PRELIMINARY LOCAL CLIMATOLOGICAL DATA (WS FORM: F-6)
STATION: SAINT JOHNS AZ AIRPORT
MONTH: MARCH
YEAR: 2021
LATITUDE: 34 31 N
LONGITUDE: 109 23 W
TEMPERATURE IN F: :PCPN: SNOW: WIND :SUNSHINE: SKY :PK WND
================================================================================
1 2 3 4 5 6A 6B 7 8 9 10 11 12 13 14 15 16 17 18
12Z AVG MX 2MIN
DY MAX MIN AVG DEP HDD CDD WTR SNW DPTH SPD SPD DIR MIN PSBL S-S WX SPD DR
================================================================================
1 56 6 31 -11 34 0 0.00 M M 5.6 17 70 M M 0 8 23 100
2 66 12 39 -3 26 0 0.00 M M 5.7 15 290 M M 0 20 280
3 69 15 42 0 23 0 T M M 8.7 36 200 M M 2 8 48 210
4 54 28 41 -2 24 0 T M M 11.3 24 310 M M 2 32 260
5 66 18 42 -1 23 0 0.00 M M 5.5 16 90 M M 0 21 90
6 70 31 51 8 14 0 0.00 M M 7.7 21 270 M M 0 24 270
7 71 24 48 5 17 0 0.00 M M 3.7 17 240 M M 0 22 250
8 72 39 56 13 9 0 0.00 M M 9.2 28 220 M M 2 35 250
9 64 41 53 10 12 0 0.00 M M 15.3 37 220 M M 3 50 210
10 55 25 40 -4 25 0 0.00 M M 13.4 32 240 M M 0 40 240
11 61 17 39 -5 26 0 0.00 M M 7.9 26 250 M M 0 36 240
12 58 17 38 -6 27 0 0.00 M M 8.5 28 190 M M 2 47 180
13 43 29 36 -8 29 0 T M M 13.8 33 280 M M 7 1 37 280
14 50 28 39 -5 26 0 T M M 19.6 31 290 M M 6 39 250
15 56 31 44 -1 21 0 0.00 M M 9.6 24 250 M M 2 30 260
16 43 18 31 -14 34 0 0.01 M M 12.8 30 290 M M 3 12 37 250
17 56 21 39 -6 26 0 0.00 M M 5.4 14 240 M M 1 19 240
18 68 20 44 -1 21 0 0.00 M M 3.1 12 330 M M 0 16 320
19 74 21 48 2 17 0 0.00 M M 5.6 17 250 M M 0 23 260
20 71 24 48 2 17 0 T M M 9.7 35 250 M M 0 45 250
21 67 30 49 3 16 0 0.00 M M 12.7 35 250 M M 0 49 260
22 53 28 41 -5 24 0 0.01 M M 13.8 24 290 M M 3 12 32 290
23 50 32 41 -6 24 0 0.03 M M 9.8 22 280 M M 9 1 28 270
24 39 30 35 -12 30 0 0.37 M M 6.2 14 270 M M 10 12 16 270
25 46 31 39 -8 26 0 0.00 M M 10.5 24 240 M M 5 31 220
26 51 31 41 -6 24 0 0.00 M M 10.0 26 240 M M 6 31 230
27 56 30 43 -5 22 0 0.00 M M 6.0 20 290 M M 4 25 310
28 68 24 46 -2 19 0 0.00 M M 5.1 12 330 M M 0 15 350
29 77 27 52 4 13 0 0.00 M M 9.4 28 240 M M 0 40 240
30 67 33 50 2 15 0 0.00 M M 13.5 30 250 M M 0 40 250
31 66 19 43 -6 22 0 0.00 M M 4.0 15 50 M M 0 19 80
================================================================================
SM 1863 780 686 0 0.42 M 283.1 M 67
================================================================================
AV 60.1 25.2 9.1 FASTST M M 2 MAX(MPH)
MISC ----> 37 220 50 210
================================================================================
NOTES:
# LAST OF SEVERAL OCCURRENCES
COLUMN 17 PEAK WIND IN M.P.H.
PRELIMINARY LOCAL CLIMATOLOGICAL DATA (WS FORM: F-6) , PAGE 2
STATION: SAINT JOHNS AZ AIRPORT
MONTH: MARCH
YEAR: 2021
LATITUDE: 34 31 N
LONGITUDE: 109 23 W
[TEMPERATURE DATA] [PRECIPITATION DATA] SYMBOLS USED IN COLUMN 16
AVERAGE MONTHLY: 42.6 TOTAL FOR MONTH: 0.42 1 = FOG OR MIST
DPTR FM NORMAL: -2.4 DPTR FM NORMAL: -0.30 2 = FOG REDUCING VISIBILITY
HIGHEST: 77 ON 29 GRTST 24HR 0.38 ON 23-24 TO 1/4 MILE OR LESS
LOWEST: 6 ON 1 3 = THUNDER
SNOW, ICE PELLETS, HAIL 4 = ICE PELLETS
TOTAL MONTH: M 5 = HAIL
GRTST 24HR M ON M 6 = FREEZING RAIN OR DRIZZLE
GRTST DEPTH: M ON M 7 = DUSTSTORM OR SANDSTORM:
VSBY 1/2 MILE OR LESS
8 = SMOKE OR HAZE
[NO. OF DAYS WITH] [WEATHER - DAYS WITH] 9 = BLOWING SNOW
X = TORNADO
MAX 32 OR BELOW: 0 0.01 INCH OR MORE: 4
MAX 90 OR ABOVE: 0 0.10 INCH OR MORE: 1
MIN 32 OR BELOW: 28 0.50 INCH OR MORE: 0
MIN 0 OR BELOW: 0 1.00 INCH OR MORE: 0
[HDD (BASE 65) ]
TOTAL THIS MO. 686 CLEAR (SCALE 0-3) 24
DPTR FM NORMAL 65 PTCLDY (SCALE 4-7) 5
TOTAL FM JUL 1 4223 CLOUDY (SCALE 8-10) 2
DPTR FM NORMAL 7
[CDD (BASE 65) ]
TOTAL THIS MO. 0
DPTR FM NORMAL 0 [PRESSURE DATA]
TOTAL FM JAN 1 0 HIGHEST SLP M ON M
DPTR FM NORMAL 0 LOWEST SLP 29.53 ON 23
[REMARKS]
#FINAL-03-21#