000
CXUS56 KSLC 010814
CF6SLC
PRELIMINARY LOCAL CLIMATOLOGICAL DATA (WS FORM: F-6)
STATION: SALT LAKE CITY UT
MONTH: APRIL
YEAR: 2023
LATITUDE: 40 46 N
LONGITUDE: 111 58 W
TEMPERATURE IN F: :PCPN: SNOW: WIND :SUNSHINE: SKY :PK WND
================================================================================
1 2 3 4 5 6A 6B 7 8 9 10 11 12 13 14 15 16 17 18
12Z AVG MX 2MIN
DY MAX MIN AVG DEP HDD CDD WTR SNW DPTH SPD SPD DIR MIN PSBL S-S WX SPD DR
================================================================================
1 61 37 49 0 16 0 0.00 0.0 0 13.9 31 180 M M 3 42 170
2 50 34 42 -7 23 0 0.09 0.5 0 10.5 20 330 M M 10 1 26 340
3 37 30 34 -15 31 0 0.55 5.5 4 13.2 31 330 M M 9 1 39 330
4 33 28 31 -18 34 0 0.50 8.5 4 10.9 24 330 M M 10 128 29 340
5 41 29 35 -15 30 0 0.01 0.3 9 5.4 15 310 M M 5 1 19 320
6 49 27 38 -12 27 0 0.00 0.0 4 8.5 15 180 M M 0 19 190
7 59 32 46 -4 19 0 0.00 0.0 0 6.7 17 170 M M 2 24 170
8 64 44 54 4 11 0 0.00 0.0 0 5.7 15 310 M M 3 21 350
9 68 43 56 6 9 0 0.00 0.0 0 4.1 13 10 M M 1 17 330
10 77 46 62 12 3 0 0.00 0.0 0 9.1 22 160 M M 0 27 160
11 83 56 70 19 0 5 0.00 0.0 0 13.8 25 170 M M 1 34 180
12 78 53 66 15 0 1 0.00 0.0 0 19.6 33 180 M M 2 8 45 190
13 55 34 45 -6 20 0 0.08 0.2 0 9.6 25 330 M M 6 18 31 340
14 51 33 42 -9 23 0 0.00 0.0 0 6.1 16 310 M M 4 8 23 300
15 60 35 48 -3 17 0 0.00 0.0 0 6.5 14 360 M M 0 19 360
16 74 42 58 6 7 0 0.00 0.0 0 11.1 23 160 M M 0 29 160
17 73 52 63 11 2 0 T 0.0 0 12.1 29 340 M M 4 41 340
18 55 38 47 -5 18 0 0.13 0.0 0 14.4 38 290 M M 9 1358 49 290
19 48 33 41 -11 24 0 0.00 0.0 0 7.2 18 290 M M 3 25 300
20 49 36 43 -10 22 0 T T 0 9.5 30 360 M M 4 5 37 350
21 54 39 47 -6 18 0 0.17 0.0 0 7.7 18 360 M M 9 1 24 330
22 52 43 48 -5 17 0 0.00 0.0 0 3.0 15 330 M M 10 17 330
23 62 38 50 -4 15 0 0.00 0.0 0 6.0 15 350 M M 1 19 10
24 66 40 53 -1 12 0 0.14 0.0 0 8.9 35 340 M M 7 1358 47 270
25 51 40 46 -8 19 0 0.02 0.0 0 5.7 15 310 M M 6 1 21 290
26 65 39 52 -2 13 0 0.00 0.0 0 5.6 13 10 M M 1 17 10
27 72 46 59 4 6 0 0.00 0.0 0 11.3 18 340 M M 1 8 26 10
28 71 44 58 3 7 0 0.00 0.0 0 6.2 15 360 M M 1 19 10
29 81 48 65 9 0 0 0.00 0.0 0 6.6 12 140 M M 0 16 320
30 87 55 71 15 0 6 0.00 0.0 0 8.1 15 150 M M 1 19 150
================================================================================
SM 1826 1194 443 12 1.69 15.0 267.0 M 113
================================================================================
AV 60.9 39.8 8.9 FASTST M M 4 MAX(MPH)
MISC ----> 38 290 49 290
================================================================================
NOTES:
# LAST OF SEVERAL OCCURRENCES
COLUMN 17 PEAK WIND IN M.P.H.
PRELIMINARY LOCAL CLIMATOLOGICAL DATA (WS FORM: F-6) , PAGE 2
STATION: SALT LAKE CITY UT
MONTH: APRIL
YEAR: 2023
LATITUDE: 40 46 N
LONGITUDE: 111 58 W
[TEMPERATURE DATA] [PRECIPITATION DATA] SYMBOLS USED IN COLUMN 16
AVERAGE MONTHLY: 50.3 TOTAL FOR MONTH: 1.69 1 = FOG OR MIST
DPTR FM NORMAL: -1.5 DPTR FM NORMAL: -0.47 2 = FOG REDUCING VISIBILITY
HIGHEST: 87 ON 30 GRTST 24HR 1.64 ON 2- 3 TO 1/4 MILE OR LESS
LOWEST: 27 ON 6 3 = THUNDER
SNOW, ICE PELLETS, HAIL 4 = ICE PELLETS
TOTAL MONTH: 15.3 INCHES 5 = HAIL
GRTST 24HR 8.5 ON 4- 4 6 = FREEZING RAIN OR DRIZZLE
GRTST DEPTH: 9 ON 5 7 = DUSTSTORM OR SANDSTORM:
VSBY 1/2 MILE OR LESS
8 = SMOKE OR HAZE
[NO. OF DAYS WITH] [WEATHER - DAYS WITH] 9 = BLOWING SNOW
X = TORNADO
MAX 32 OR BELOW: 0 0.01 INCH OR MORE: 9
MAX 90 OR ABOVE: 0 0.10 INCH OR MORE: 5
MIN 32 OR BELOW: 5 0.50 INCH OR MORE: 2
MIN 0 OR BELOW: 0 1.00 INCH OR MORE: 0
[HDD (BASE 65) ]
TOTAL THIS MO. 443 CLEAR (SCALE 0-3) 16
DPTR FM NORMAL 43 PTCLDY (SCALE 4-7) 8
TOTAL FM JUL 1 5130 CLOUDY (SCALE 8-10) 6
DPTR FM NORMAL 183
[CDD (BASE 65) ]
TOTAL THIS MO. 12
DPTR FM NORMAL 7 [PRESSURE DATA]
TOTAL FM JAN 1 12 HIGHEST SLP M ON M
DPTR FM NORMAL 7 LOWEST SLP 29.35 ON 12
[REMARKS]
#FINAL-04-23#