000
CXUS56 KPQR 011201
CF6SLE
PRELIMINARY LOCAL CLIMATOLOGICAL DATA (WS FORM: F-6)
STATION: SALEM OR
MONTH: MAY
YEAR: 2023
LATITUDE: 44 55 N
LONGITUDE: 123 0 W
TEMPERATURE IN F: :PCPN: SNOW: WIND :SUNSHINE: SKY :PK WND
================================================================================
1 2 3 4 5 6A 6B 7 8 9 10 11 12 13 14 15 16 17 18
12Z AVG MX 2MIN
DY MAX MIN AVG DEP HDD CDD WTR SNW DPTH SPD SPD DIR MIN PSBL S-S WX SPD DR
================================================================================
1 62 48 55 1 10 0 T M M 5.0 13 340 M M 8 18 360
2 63 51 57 2 8 0 0.00 M M 6.3 15 190 M M 7 17 190
3 72 45 59 4 6 0 T M M 4.2 18 260 M M 2 21 260
4 57 46 52 -3 13 0 0.40 M M 5.3 13 240 M M 8 18 16 210
5 59 48 54 -2 11 0 0.17 M M 6.4 15 200 M M 10 1 19 190
6 64 48 56 0 9 0 0.03 M M 6.2 22 240 M M 9 18 28 250
7 64 43 54 -2 11 0 T M M 5.4 23 260 M M 6 28 270
8 58 47 53 -3 12 0 T M M 7.8 16 200 M M 10 22 210
9 65 48 57 1 8 0 0.01 M M 3.7 17 350 M M 6 20 350
10 75 43 59 2 6 0 0.00 M M 3.4 16 290 M M 3 21 290
11 77 47 62 5 3 0 0.00 M M 3.2 9 290 M M 0 14 340
12 85 49 67 10 0 2 0.00 M M 3.7 13 330 M M 0 15 360
13 93 53 73 16 0 8 0.00 M M 6.1 21 30 M M 0 26 40
14 93 58 76 18 0 11 0.00 M M 6.4 21 70 M M 0 29 60
15 88 56 72 14 0 7 0.00 M M 6.2 17 320 M M 0 20 240
16 86 51 69 11 0 4 0.00 M M 3.3 12 340 M M 0 14 40
17 90 55 73 15 0 8 0.00 M M 5.0 15 290 M M 0 21 280
18 80 53 67 9 0 2 0.00 M M 5.3 12 260 M M 0 15 290
19 84 52 68 10 0 3 0.00 M M 6.3 17 280 M M 1 23 280
20 82 55 69 10 0 4 0.00 M M 6.2 16 300 M M 2 24 280
21 70 53 62 3 3 0 0.00 M M 7.9 21 310 M M 10 26 310
22 65 48 57 -2 8 0 0.00 M M 8.4 17 320 M M 6 20 320
23 66 49 58 -1 7 0 0.00 M M 6.5 18 300 M M 8 27 340
24 75 46 61 2 4 0 0.00 M M 8.1 18 360 M M 3 24 360
25 82 49 66 7 0 1 0.00 M M 6.1 17 20 M M 0 24 10
26 85 52 69 9 0 4 0.00 M M 4.6 18 280 M M 1 23 270
27 75 52 64 4 1 0 T M M 6.7 15 270 M M 3 20 290
28 75 47 61 1 4 0 0.00 M M 8.4 17 10 M M 0 23 350
29 80 48 64 4 1 0 0.00 M M 6.9 15 300 M M 0 18 290
30 69 47 58 -2 7 0 0.00 M M 8.3 17 310 M M 4 22 310
31 67 44 56 -4 9 0 0.00 M M 6.6 18 290 M M 5 23 330
================================================================================
SM 2306 1531 141 54 0.61 M 183.9 M 112
================================================================================
AV 74.4 49.4 5.9 FASTST M M 4 MAX(MPH)
MISC ----> 23 260 29 60
================================================================================
NOTES:
# LAST OF SEVERAL OCCURRENCES
COLUMN 17 PEAK WIND IN M.P.H.
PRELIMINARY LOCAL CLIMATOLOGICAL DATA (WS FORM: F-6) , PAGE 2
STATION: SALEM OR
MONTH: MAY
YEAR: 2023
LATITUDE: 44 55 N
LONGITUDE: 123 0 W
[TEMPERATURE DATA] [PRECIPITATION DATA] SYMBOLS USED IN COLUMN 16
AVERAGE MONTHLY: 61.9 TOTAL FOR MONTH: 0.61 1 = FOG OR MIST
DPTR FM NORMAL: 4.2 DPTR FM NORMAL: -1.64 2 = FOG REDUCING VISIBILITY
HIGHEST: 93 ON 14,13 GRTST 24HR 0.40 ON 4- 4 TO 1/4 MILE OR LESS
LOWEST: 43 ON 10, 7 3 = THUNDER
SNOW, ICE PELLETS, HAIL 4 = ICE PELLETS
TOTAL MONTH: M 5 = HAIL
GRTST 24HR M ON M 6 = FREEZING RAIN OR DRIZZLE
GRTST DEPTH: M ON M 7 = DUSTSTORM OR SANDSTORM:
VSBY 1/2 MILE OR LESS
8 = SMOKE OR HAZE
[NO. OF DAYS WITH] [WEATHER - DAYS WITH] 9 = BLOWING SNOW
X = TORNADO
MAX 32 OR BELOW: 0 0.01 INCH OR MORE: 4
MAX 90 OR ABOVE: 3 0.10 INCH OR MORE: 2
MIN 32 OR BELOW: 0 0.50 INCH OR MORE: 0
MIN 0 OR BELOW: 0 1.00 INCH OR MORE: 0
[HDD (BASE 65) ]
TOTAL THIS MO. 141 CLEAR (SCALE 0-3) 17
DPTR FM NORMAL -98 PTCLDY (SCALE 4-7) 10
TOTAL FM JUL 1 4299 CLOUDY (SCALE 8-10) 4
DPTR FM NORMAL 66
[CDD (BASE 65) ]
TOTAL THIS MO. 54
DPTR FM NORMAL 43 [PRESSURE DATA]
TOTAL FM JAN 1 61 HIGHEST SLP 30.26 ON 22
DPTR FM NORMAL 49 LOWEST SLP 29.71 ON 3
[REMARKS]
#FINAL-05-23#