000
CXUS56 KPQR 191201
CF6SLE
PRELIMINARY LOCAL CLIMATOLOGICAL DATA (WS FORM: F-6)
STATION: SALEM OR
MONTH: APRIL
YEAR: 2024
LATITUDE: 44 55 N
LONGITUDE: 123 0 W
TEMPERATURE IN F: :PCPN: SNOW: WIND :SUNSHINE: SKY :PK WND
================================================================================
1 2 3 4 5 6A 6B 7 8 9 10 11 12 13 14 15 16 17 18
12Z AVG MX 2MIN
DY MAX MIN AVG DEP HDD CDD WTR SNW DPTH SPD SPD DIR MIN PSBL S-S WX SPD DR
================================================================================
1 71 38 55 6 10 0 0.00 M M 2.7 9 180 M M 0 12 110
2 75 41 58 9 7 0 T M M 5.8 20 260 M M 2 1 24 270
3 52 42 47 -2 18 0 0.22 M M 5.9 17 290 M M 9 1 25 290
4 50 37 44 -6 21 0 0.02 M M 4.7 16 60 M M 8 22 70
5 52 34 43 -7 22 0 0.05 M M 5.6 16 210 M M 4 21 220
6 50 41 46 -4 19 0 0.27 M M 8.1 21 190 M M 10 1 28 190
7 57 40 49 -1 16 0 0.02 M M 5.8 17 310 M M 9 23 310
8 57 40 49 -1 16 0 0.00 M M 7.3 15 200 M M 9 21 220
9 62 45 54 4 11 0 0.03 M M 7.0 14 170 M M 7 20 200
10 66 35 51 1 14 0 0.00 M M 3.3 9 330 M M 0 13 350
11 63 39 51 1 14 0 0.05 M M 4.0 15 310 M M 3 21 220
12 67 47 57 7 8 0 0.03 M M 7.0 16 360 M M 5 23 350
13 61 44 53 2 12 0 0.01 M M 4.6 13 160 M M 4 19 140
14 66 48 57 6 8 0 T M M 6.7 21 270 M M 6 28 290
15 57 46 52 1 13 0 T M M 7.7 17 290 M M 8 23 330
16 57 38 48 -3 17 0 T M M 5.0 17 340 M M 7 21 350
17 63 32 48 -3 17 0 0.00 M M 7.3 20 360 M M 0 25 360
18 70 35 53 1 12 0 0.00 M M 7.1 21 360 M M 0 27 360
================================================================================
SM 1096 722 255 0 0.70 M 105.6 M 91
================================================================================
AV 60.9 40.1 5.9 FASTST M M 5 MAX(MPH)
MISC ----> # 21 190 # 28 190
================================================================================
NOTES:
# LAST OF SEVERAL OCCURRENCES
COLUMN 17 PEAK WIND IN M.P.H.
PRELIMINARY LOCAL CLIMATOLOGICAL DATA (WS FORM: F-6) , PAGE 2
STATION: SALEM OR
MONTH: APRIL
YEAR: 2024
LATITUDE: 44 55 N
LONGITUDE: 123 0 W
[TEMPERATURE DATA] [PRECIPITATION DATA] SYMBOLS USED IN COLUMN 16
AVERAGE MONTHLY: 50.5 TOTAL FOR MONTH: 0.70 1 = FOG OR MIST
DPTR FM NORMAL: 0.3 DPTR FM NORMAL: -1.36 2 = FOG REDUCING VISIBILITY
HIGHEST: 75 ON 2 GRTST 24HR 0.27 ON 6- 6 TO 1/4 MILE OR LESS
LOWEST: 32 ON 17 3 = THUNDER
SNOW, ICE PELLETS, HAIL 4 = ICE PELLETS
TOTAL MONTH: M 5 = HAIL
GRTST 24HR M ON M 6 = FREEZING RAIN OR DRIZZLE
GRTST DEPTH: M ON M 7 = DUSTSTORM OR SANDSTORM:
VSBY 1/2 MILE OR LESS
8 = SMOKE OR HAZE
[NO. OF DAYS WITH] [WEATHER - DAYS WITH] 9 = BLOWING SNOW
X = TORNADO
MAX 32 OR BELOW: 0 0.01 INCH OR MORE: 9
MAX 90 OR ABOVE: 0 0.10 INCH OR MORE: 2
MIN 32 OR BELOW: 1 0.50 INCH OR MORE: 0
MIN 0 OR BELOW: 0 1.00 INCH OR MORE: 0
[HDD (BASE 65) ]
TOTAL THIS MO. 255 CLEAR (SCALE 0-3) 6
DPTR FM NORMAL -12 PTCLDY (SCALE 4-7) 7
TOTAL FM JUL 1 3669 CLOUDY (SCALE 8-10) 5
DPTR FM NORMAL -179
[CDD (BASE 65) ]
TOTAL THIS MO. 0
DPTR FM NORMAL 0 [PRESSURE DATA]
TOTAL FM JAN 1 0 HIGHEST SLP M ON M
DPTR FM NORMAL 0 LOWEST SLP 29.66 ON 12
[REMARKS]