000
CXUS56 KLOX 011155
CF6SMO
PRELIMINARY LOCAL CLIMATOLOGICAL DATA (WS FORM: F-6)
STATION: SANTA MONICA AIRPORT CA
MONTH: JULY
YEAR: 2022
LATITUDE: 34 0 N
LONGITUDE: 118 27 W
TEMPERATURE IN F: :PCPN: SNOW: WIND :SUNSHINE: SKY :PK WND
================================================================================
1 2 3 4 5 6A 6B 7 8 9 10 11 12 13 14 15 16 17 18
12Z AVG MX 2MIN
DY MAX MIN AVG DEP HDD CDD WTR SNW DPTH SPD SPD DIR MIN PSBL S-S WX SPD DR
================================================================================
1 74 62 68 0 0 3 0.00 M M 4.8 13 230 M M 1 17 220
2 72 61 67 -1 0 2 0.00 M M 5.3 13 220 M M 1 18 240
3 74 60 67 -1 0 2 0.00 M M 5.2 14 220 M M 3 20 230
4 73 60 67 -1 0 2 0.00 M M 4.9 14 240 M M 2 18 18 210
5 73 61 67 -1 0 2 0.00 M M 5.5 15 230 M M 1 8 21 240
6 72 63 68 0 0 3 0.00 M M 5.9 14 240 M M 4 18 230
7 73 62 68 0 0 3 0.00 M M 4.8 14 230 M M 0 20 280
8 75 62 69 1 0 4 0.00 M M 5.3 13 220 M M 5 1 16 210
9 70 62 66 -3 0 1 0.00 M M 5.3 14 210 M M 5 18 18 230
10 72 62 67 -2 0 2 0.00 M M 4.5 13 220 M M 1 17 240
11 71 61 66 -3 0 1 0.00 M M 5.9 14 230 M M 8 18 17 220
12 70 61 66 -3 0 1 0.00 M M 5.6 14 220 M M 7 18 220
13 69 61 65 -4 0 0 0.00 M M 5.9 15 240 M M 8 8 20 240
14 71 62 67 -2 0 2 0.00 M M 4.7 13 210 M M 3 16 230
15 71 63 67 -2 0 2 0.00 M M 4.8 13 240 M M 6 18 17 210
16 71 63 67 -2 0 2 0.00 M M 5.1 14 210 M M 5 18 17 210
17 88 62 75 6 0 10 0.00 M M 5.2 17 210 M M 3 1 21 220
18 78 65 72 3 0 7 0.00 M M 5.4 13 220 M M 1 17 260
19 74 63 69 0 0 4 0.00 M M 4.6 13 210 M M 1 1 15 220
20 78 64 71 2 0 6 0.00 M M 4.8 13 220 M M 0 1 16 220
21 76 63 70 0 0 5 0.00 M M 5.3 13 220 M M 1 16 220
22 75 64 70 0 0 5 0.00 M M 4.6 13 260 M M 4 18 16 230
23 75 65 70 0 0 5 0.00 M M 5.1 14 230 M M 7 19 230
24 75 64 70 0 0 5 0.00 M M 4.4 14 240 M M 8 18 19 230
25 74 63 69 -1 0 4 0.00 M M 4.9 14 260 M M 8 18 250
26 72 63 68 -2 0 3 0.00 M M 6.1 14 210 M M 8 18 240
27 73 63 68 -2 0 3 0.00 M M 5.0 13 230 M M 7 18 220
28 75 63 69 -1 0 4 0.00 M M 4.2 10 240 M M 2 16 260
29 76 64 70 0 0 5 0.00 M M 4.2 12 240 M M 0 16 210
30 75 66 71 1 0 6 0.00 M M 3.5 12 240 M M 0 14 240
31 80 68 74 4 0 9 0.00 M M 4.8 12 260 M M 1 15 260
================================================================================
SM 2295 1946 0 113 0.00 M 155.6 M 111
================================================================================
AV 74.0 62.8 5.0 FASTST M M 4 MAX(MPH)
MISC ----> 17 210 # 21 240
================================================================================
NOTES:
# LAST OF SEVERAL OCCURRENCES
COLUMN 17 PEAK WIND IN M.P.H.
PRELIMINARY LOCAL CLIMATOLOGICAL DATA (WS FORM: F-6) , PAGE 2
STATION: SANTA MONICA AIRPORT CA
MONTH: JULY
YEAR: 2022
LATITUDE: 34 0 N
LONGITUDE: 118 27 W
[TEMPERATURE DATA] [PRECIPITATION DATA] SYMBOLS USED IN COLUMN 16
AVERAGE MONTHLY: 68.4 TOTAL FOR MONTH: 0.00 1 = FOG OR MIST
DPTR FM NORMAL: -0.6 DPTR FM NORMAL: -0.04 2 = FOG REDUCING VISIBILITY
HIGHEST: 88 ON 17 GRTST 24HR 0.00 ON 1- 1 TO 1/4 MILE OR LESS
LOWEST: 60 ON 4, 3 3 = THUNDER
SNOW, ICE PELLETS, HAIL 4 = ICE PELLETS
TOTAL MONTH: M 5 = HAIL
GRTST 24HR M ON M 6 = FREEZING RAIN OR DRIZZLE
GRTST DEPTH: M ON M 7 = DUSTSTORM OR SANDSTORM:
VSBY 1/2 MILE OR LESS
8 = SMOKE OR HAZE
[NO. OF DAYS WITH] [WEATHER - DAYS WITH] 9 = BLOWING SNOW
X = TORNADO
MAX 32 OR BELOW: 0 0.01 INCH OR MORE: 0
MAX 90 OR ABOVE: 0 0.10 INCH OR MORE: 0
MIN 32 OR BELOW: 0 0.50 INCH OR MORE: 0
MIN 0 OR BELOW: 0 1.00 INCH OR MORE: 0
[HDD (BASE 65) ]
TOTAL THIS MO. 0 CLEAR (SCALE 0-3) 16
DPTR FM NORMAL -4 PTCLDY (SCALE 4-7) 14
TOTAL FM JUL 1 0 CLOUDY (SCALE 8-10) 1
DPTR FM NORMAL 0
[CDD (BASE 65) ]
TOTAL THIS MO. 113
DPTR FM NORMAL -15 [PRESSURE DATA]
TOTAL FM JAN 1 268 HIGHEST SLP 30.11 ON 9
DPTR FM NORMAL 47 LOWEST SLP 29.80 ON 22
[REMARKS]
#FINAL-07-22#