000
CXUS56 KLOX 011155
CF6SMX
PRELIMINARY LOCAL CLIMATOLOGICAL DATA (WS FORM: F-6)
STATION: SANTA MARIA AIRPORT CA
MONTH: AUGUST
YEAR: 2021
LATITUDE: 34 54 N
LONGITUDE: 120 27 W
TEMPERATURE IN F: :PCPN: SNOW: WIND :SUNSHINE: SKY :PK WND
================================================================================
1 2 3 4 5 6A 6B 7 8 9 10 11 12 13 14 15 16 17 18
12Z AVG MX 2MIN
DY MAX MIN AVG DEP HDD CDD WTR SNW DPTH SPD SPD DIR MIN PSBL S-S WX SPD DR
================================================================================
1 74 51 63 -1 2 0 0.00 M M 5.5 16 310 M M 1 12 20 330
2 74 50 62 -2 3 0 0.00 M M 6.4 15 320 M M 0 19 300
3 71 56 64 0 1 0 0.00 M M 6.7 14 320 M M 6 1 18 300
4 69 55 62 -2 3 0 0.00 M M 8.2 18 300 M M 6 1 22 300
5 70 54 62 -2 3 0 0.00 M M 10.4 26 290 M M 6 18 31 300
6 74 54 64 0 1 0 0.00 M M 5.1 15 300 M M 6 1 21 330
7 74 52 63 -1 2 0 0.00 M M 5.6 14 330 M M 5 1 20 330
8 74 54 64 0 1 0 0.00 M M 4.7 15 330 M M 7 12 20 330
9 72 53 63 -1 2 0 0.00 M M 5.0 13 310 M M 6 1 20 230
10 72 55 64 0 1 0 0.00 M M 4.7 14 300 M M 4 18 18 300
11 75 54 65 1 0 0 T M M 4.8 14 300 M M 4 18 17 290
12 76 57 67 3 0 2 0.00 M M 4.5 13 300 M M 3 18 23 280
13 78 58 68 4 0 3 0.00 M M 5.3 14 300 M M 4 18 18 280
14 82 57 70 6 0 5 0.00 M M 5.8 17 300 M M 6 18 19 290
15 72 57 65 1 0 0 0.00 M M 5.3 17 310 M M 7 1 20 310
16 73 56 65 1 0 0 0.00 M M 4.9 12 300 M M 3 18 21 300
17 74 55 65 1 0 0 0.00 M M 5.7 17 310 M M 3 18 20 320
18 66 57 62 -2 3 0 0.00 M M 3.3 8 310 M M 10 18 12 320
19 78 60 69 5 0 4 0.00 M M 4.4 16 320 M M 5 8 19 300
20 74 56 65 1 0 0 0.00 M M 5.1 16 330 M M 5 12 20 330
21 72 57 65 1 0 0 0.00 M M 5.3 15 330 M M 7 18 23 110
22 73 55 64 0 1 0 0.00 M M 5.7 16 310 M M 3 1 21 30
23 73 57 65 1 0 0 0.00 M M 5.8 16 320 M M 8 18 31 230
24 76 56 66 2 0 1 0.00 M M 6.3 17 310 M M 5 8 21 30
25 72 55 64 0 1 0 0.00 M M 7.3 15 310 M M 4 18 20 290
26 72 54 63 -1 2 0 0.00 M M 6.7 17 300 M M 5 128 20 310
27 75 55 65 1 0 0 0.00 M M 3.9 13 300 M M 6 128 15 290
28 75 52 64 0 1 0 0.00 M M 4.3 12 300 M M 5 128 M M
29 74 56 65 1 0 0 0.00 M M 5.1 M M M M 6 128 M M
30 72 56 64 -1 1 0 0.00 M M 4.8 14 310 M M 6 18 M M
31 75 59 67 2 0 2 0.00 M M 5.3 15 320 M M 9 18 27 290
================================================================================
SM 2281 1713 28 17 T M 171.9 M 161
================================================================================
AV 73.6 55.3 5.5 FASTST M M 5 MAX(MPH)
MISC ----> 26 290 # 31 300
================================================================================
NOTES:
# LAST OF SEVERAL OCCURRENCES
COLUMN 17 PEAK WIND IN M.P.H.
PRELIMINARY LOCAL CLIMATOLOGICAL DATA (WS FORM: F-6) , PAGE 2
STATION: SANTA MARIA AIRPORT CA
MONTH: AUGUST
YEAR: 2021
LATITUDE: 34 54 N
LONGITUDE: 120 27 W
[TEMPERATURE DATA] [PRECIPITATION DATA] SYMBOLS USED IN COLUMN 16
AVERAGE MONTHLY: 64.4 TOTAL FOR MONTH: T 1 = FOG OR MIST
DPTR FM NORMAL: -0.1 DPTR FM NORMAL: -0.01 2 = FOG REDUCING VISIBILITY
HIGHEST: 82 ON 14 GRTST 24HR T ON 11-11 TO 1/4 MILE OR LESS
LOWEST: 50 ON 2 3 = THUNDER
SNOW, ICE PELLETS, HAIL 4 = ICE PELLETS
TOTAL MONTH: M 5 = HAIL
GRTST 24HR M ON M 6 = FREEZING RAIN OR DRIZZLE
GRTST DEPTH: M ON M 7 = DUSTSTORM OR SANDSTORM:
VSBY 1/2 MILE OR LESS
8 = SMOKE OR HAZE
[NO. OF DAYS WITH] [WEATHER - DAYS WITH] 9 = BLOWING SNOW
X = TORNADO
MAX 32 OR BELOW: 0 0.01 INCH OR MORE: 0
MAX 90 OR ABOVE: 0 0.10 INCH OR MORE: 0
MIN 32 OR BELOW: 0 0.50 INCH OR MORE: 0
MIN 0 OR BELOW: 0 1.00 INCH OR MORE: 0
[HDD (BASE 65) ]
TOTAL THIS MO. 28 CLEAR (SCALE 0-3) 4
DPTR FM NORMAL -20 PTCLDY (SCALE 4-7) 25
TOTAL FM JUL 1 62 CLOUDY (SCALE 8-10) 2
DPTR FM NORMAL -48
[CDD (BASE 65) ]
TOTAL THIS MO. 17
DPTR FM NORMAL -14 [PRESSURE DATA]
TOTAL FM JAN 1 70 HIGHEST SLP 30.12 ON 14
DPTR FM NORMAL -15 LOWEST SLP 29.72 ON 28
[REMARKS]
#FINAL-08-21#