000
CXUS56 KSGX 011045
CF6SNA
PRELIMINARY LOCAL CLIMATOLOGICAL DATA (WS FORM: F-6)
STATION: JOHN WAYNE AIRPORT CA
MONTH: JULY
YEAR: 2023
LATITUDE: 33 40 N
LONGITUDE: 117 53 W
TEMPERATURE IN F: :PCPN: SNOW: WIND :SUNSHINE: SKY :PK WND
================================================================================
1 2 3 4 5 6A 6B 7 8 9 10 11 12 13 14 15 16 17 18
12Z AVG MX 2MIN
DY MAX MIN AVG DEP HDD CDD WTR SNW DPTH SPD SPD DIR MIN PSBL S-S WX SPD DR
================================================================================
1 75 64 70 -1 0 5 0.00 M M 6.6 17 210 M M 7 21 200
2 76 64 70 -1 0 5 0.00 M M 4.7 14 210 M M 6 18 17 220
3 74 63 69 -2 0 4 0.00 M M 5.6 13 200 M M 5 19 230
4 76 62 69 -2 0 4 0.00 M M 5.6 13 210 M M 4 16 200
5 75 62 69 -3 0 4 0.00 M M 5.0 13 220 M M 4 16 190
6 73 62 68 -4 0 3 0.00 M M 5.9 14 210 M M 5 19 190
7 73 64 69 -3 0 4 0.00 M M 6.7 13 210 M M 5 18 190
8 74 64 69 -3 0 4 0.00 M M 6.3 15 200 M M 6 20 210
9 74 64 69 -3 0 4 0.00 M M 4.8 12 220 M M 5 19 180
10 77 62 70 -2 0 5 0.00 M M 6.0 14 200 M M 4 1 19 230
11 82 65 74 2 0 9 0.00 M M 5.2 14 190 M M 4 1 17 210
12 87 66 77 5 0 12 0.00 M M 5.1 13 200 M M 2 17 220
13 84 67 76 4 0 11 0.00 M M 6.2 16 190 M M 1 20 180
14 83 64 74 1 0 9 0.00 M M 6.8 14 200 M M 2 1 17 190
15 77 65 71 -2 0 6 0.00 M M 7.2 16 210 M M 6 1 20 200
16 78 66 72 -1 0 7 0.00 M M 6.7 18 210 M M 2 23 220
17 84 68 76 3 0 11 0.00 M M 6.8 15 190 M M 3 8 20 200
18 84 68 76 3 0 11 0.00 M M 6.3 14 200 M M 1 18 220
19 86 68 77 4 0 12 0.00 M M 5.5 13 210 M M 1 16 210
20 86 68 77 4 0 12 0.00 M M 6.0 15 210 M M 2 20 200
21 79 67 73 0 0 8 0.00 M M 7.2 20 190 M M 3 8 25 180
22 79 66 73 0 0 8 0.00 M M 5.9 14 200 M M 6 18 18 190
23 83 68 76 3 0 11 T M M 6.2 18 190 M M 7 18 22 190
24 82 68 75 2 0 10 0.00 M M 5.1 15 200 M M 2 22 200
25 87 68 78 5 0 13 0.00 M M 5.0 13 190 M M 3 18 16 190
26 88 67 78 5 0 13 0.00 M M 5.7 14 200 M M 2 128 19 200
27 87 69 78 5 0 13 0.00 M M 5.9 16 210 M M 2 1 20 200
28 80 68 74 1 0 9 0.00 M M 7.3 20 210 M M 2 1 26 210
29 84 69 77 4 0 12 0.00 M M 5.8 15 200 M M 3 1 18 210
30 86 70 78 5 0 13 0.00 M M 6.2 17 190 M M 7 1 22 190
31 86 71 79 5 0 14 T M M 5.8 17 210 M M 6 21 190
================================================================================
SM 2499 2047 0 266 T M 185.1 M 118
================================================================================
AV 80.6 66.0 6.0 FASTST M M 4 MAX(MPH)
MISC ----> # 20 190 26 210
================================================================================
NOTES:
# LAST OF SEVERAL OCCURRENCES
COLUMN 17 PEAK WIND IN M.P.H.
PRELIMINARY LOCAL CLIMATOLOGICAL DATA (WS FORM: F-6) , PAGE 2
STATION: JOHN WAYNE AIRPORT CA
MONTH: JULY
YEAR: 2023
LATITUDE: 33 40 N
LONGITUDE: 117 53 W
[TEMPERATURE DATA] [PRECIPITATION DATA] SYMBOLS USED IN COLUMN 16
AVERAGE MONTHLY: 73.3 TOTAL FOR MONTH: T 1 = FOG OR MIST
DPTR FM NORMAL: 0.8 DPTR FM NORMAL: -0.04 2 = FOG REDUCING VISIBILITY
HIGHEST: 88 ON 26 GRTST 24HR T ON 23-23 TO 1/4 MILE OR LESS
LOWEST: 62 ON 6,10 3 = THUNDER
SNOW, ICE PELLETS, HAIL 4 = ICE PELLETS
TOTAL MONTH: M 5 = HAIL
GRTST 24HR M ON M 6 = FREEZING RAIN OR DRIZZLE
GRTST DEPTH: M ON M 7 = DUSTSTORM OR SANDSTORM:
VSBY 1/2 MILE OR LESS
8 = SMOKE OR HAZE
[NO. OF DAYS WITH] [WEATHER - DAYS WITH] 9 = BLOWING SNOW
X = TORNADO
MAX 32 OR BELOW: 0 0.01 INCH OR MORE: 0
MAX 90 OR ABOVE: 0 0.10 INCH OR MORE: 0
MIN 32 OR BELOW: 0 0.50 INCH OR MORE: 0
MIN 0 OR BELOW: 0 1.00 INCH OR MORE: 0
[HDD (BASE 65) ]
TOTAL THIS MO. 0 CLEAR (SCALE 0-3) 13
DPTR FM NORMAL 0 PTCLDY (SCALE 4-7) 18
TOTAL FM JUL 1 0 CLOUDY (SCALE 8-10) 0
DPTR FM NORMAL 0
[CDD (BASE 65) ]
TOTAL THIS MO. 266
DPTR FM NORMAL 32 [PRESSURE DATA]
TOTAL FM JAN 1 351 HIGHEST SLP 29.99 ON 19
DPTR FM NORMAL -84 LOWEST SLP 29.78 ON 22
[REMARKS]
#FINAL-07-23#