000
CXUS56 KSGX 011045
CF6SNA
PRELIMINARY LOCAL CLIMATOLOGICAL DATA (WS FORM: F-6)
STATION: JOHN WAYNE AIRPORT CA
MONTH: OCTOBER
YEAR: 2022
LATITUDE: 33 40 N
LONGITUDE: 117 53 W
TEMPERATURE IN F: :PCPN: SNOW: WIND :SUNSHINE: SKY :PK WND
================================================================================
1 2 3 4 5 6A 6B 7 8 9 10 11 12 13 14 15 16 17 18
12Z AVG MX 2MIN
DY MAX MIN AVG DEP HDD CDD WTR SNW DPTH SPD SPD DIR MIN PSBL S-S WX SPD DR
================================================================================
1 77 68 73 3 0 8 0.00 M M 5.0 14 200 M M 8 23 200
2 79 69 74 4 0 9 0.00 M M 4.0 14 200 M M 5 19 220
3 79 68 74 4 0 9 0.00 M M 3.5 10 220 M M 1 15 230
4 80 67 74 4 0 9 0.00 M M 5.1 13 190 M M 2 17 210
5 80 71 76 6 0 11 0.00 M M 5.0 13 200 M M 7 8 16 200
6 78 M M M M M 0.00 M M 5.0 13 190 M M 9 18 200
7 81 70 76 7 0 11 0.00 M M 4.3 14 190 M M 5 8 19 200
8 80 70 75 6 0 10 0.00 M M 4.4 10 200 M M 6 15 210
9 78 69 74 5 0 9 0.00 M M 3.7 17 200 M M 6 19 200
10 79 69 74 5 0 9 0.00 M M 4.3 13 190 M M 8 17 190
11 75 69 72 4 0 7 0.01 M M 4.4 10 210 M M 8 3 17 210
12 78 69 74 6 0 9 0.09 M M 3.6 12 240 M M 7 3 16 210
13 74 68 71 3 0 6 0.00 M M 4.0 12 210 M M 10 18 14 230
14 72 67 70 2 0 5 T M M 4.3 10 200 M M 10 18 13 210
15 74 66 70 2 0 5 0.25 M M 5.8 16 20 M M 10 38 19 50
16 75 66 71 3 0 6 0.00 M M 1.9 8 340 M M 6 18 15 350
17 79 62 71 3 0 6 0.00 M M 2.6 12 230 M M 0 8 16 210
18 87 65 76 8 0 11 0.00 M M 2.5 12 210 M M 0 15 200
19 95 66 81 14 0 16 0.00 M M 3.4 16 200 M M 1 19 200
20 90 70 80 13 0 15 0.00 M M 4.5 13 210 M M 3 17 210
21 77 66 72 5 0 7 0.00 M M 6.0 16 210 M M 4 19 210
22 73 66 70 3 0 5 T M M 6.7 17 200 M M 8 20 210
23 73 62 68 1 0 3 0.00 M M 5.6 16 200 M M 4 20 190
24 80 58 69 2 0 4 0.00 M M 5.9 22 50 M M 0 29 100
25 77 56 67 0 0 2 0.00 M M 3.3 12 200 M M 0 15 210
26 74 59 67 1 0 2 0.00 M M 4.7 14 190 M M 3 16 190
27 75 60 68 2 0 3 0.00 M M 3.6 13 190 M M 2 19 210
28 77 59 68 2 0 3 0.00 M M 2.8 12 220 M M 2 18 14 250
29 76 58 67 1 0 2 0.00 M M 2.8 13 210 M M 0 18 200
30 79 57 68 2 0 3 0.00 M M 2.9 10 190 M M 1 13 190
31 78 57 68 2 0 3 0.00 M M 2.9 13 200 M M 5 15 180
================================================================================
SM 2429 1947 0 208 0.35 M 128.5 M 141
================================================================================
AV 78.4 64.9 4.1 FASTST M M 5 MAX(MPH)
MISC ----> 22 50 29 100
================================================================================
NOTES:
# LAST OF SEVERAL OCCURRENCES
COLUMN 17 PEAK WIND IN M.P.H.
PRELIMINARY LOCAL CLIMATOLOGICAL DATA (WS FORM: F-6) , PAGE 2
STATION: JOHN WAYNE AIRPORT CA
MONTH: OCTOBER
YEAR: 2022
LATITUDE: 33 40 N
LONGITUDE: 117 53 W
[TEMPERATURE DATA] [PRECIPITATION DATA] SYMBOLS USED IN COLUMN 16
AVERAGE MONTHLY: 71.6 TOTAL FOR MONTH: 0.35 1 = FOG OR MIST
DPTR FM NORMAL: 3.8 DPTR FM NORMAL: -0.19 2 = FOG REDUCING VISIBILITY
HIGHEST: 95 ON 19 GRTST 24HR 0.25 ON 15-15 TO 1/4 MILE OR LESS
LOWEST: 56 ON 25 3 = THUNDER
SNOW, ICE PELLETS, HAIL 4 = ICE PELLETS
TOTAL MONTH: M 5 = HAIL
GRTST 24HR M ON M 6 = FREEZING RAIN OR DRIZZLE
GRTST DEPTH: M ON M 7 = DUSTSTORM OR SANDSTORM:
VSBY 1/2 MILE OR LESS
8 = SMOKE OR HAZE
[NO. OF DAYS WITH] [WEATHER - DAYS WITH] 9 = BLOWING SNOW
X = TORNADO
MAX 32 OR BELOW: 0 0.01 INCH OR MORE: 3
MAX 90 OR ABOVE: 2 0.10 INCH OR MORE: 1
MIN 32 OR BELOW: 0 0.50 INCH OR MORE: 0
MIN 0 OR BELOW: 0 1.00 INCH OR MORE: 0
[HDD (BASE 65) ]
TOTAL THIS MO. 0 CLEAR (SCALE 0-3) 13
DPTR FM NORMAL -22 PTCLDY (SCALE 4-7) 12
TOTAL FM JUL 1 0 CLOUDY (SCALE 8-10) 6
DPTR FM NORMAL -19
[CDD (BASE 65) ]
TOTAL THIS MO. 208
DPTR FM NORMAL 97 [PRESSURE DATA]
TOTAL FM JAN 1 1714 HIGHEST SLP 30.16 ON 28
DPTR FM NORMAL 673 LOWEST SLP 29.74 ON 22
[REMARKS]
#FINAL-10-22#