585
CXUS54 KMAF 011210
CF6SNK
PRELIMINARY LOCAL CLIMATOLOGICAL DATA (WS FORM: F-6)
STATION: SNYDER WINSTON FIELD
MONTH: OCTOBER
YEAR: 2020
LATITUDE: 32 41 N
LONGITUDE: 100 57 W
TEMPERATURE IN F: :PCPN: SNOW: WIND :SUNSHINE: SKY :PK WND
================================================================================
1 2 3 4 5 6A 6B 7 8 9 10 11 12 13 14 15 16 17 18
12Z AVG MX 2MIN
DY MAX MIN AVG DEP HDD CDD WTR SNW DPTH SPD SPD DIR MIN PSBL S-S WX SPD DR
================================================================================
1 78 54 66 M 0 1 M M M 11.3 22 60 M M 0 28 70
2 83 50 67 M 0 2 M M M 9.5 15 180 M M 0 22 150
3 87 60 74 M 0 9 M M M 10.5 20 40 M M 0 28 40
4 78 55 67 M 0 2 M M M 9.2 13 40 M M 0 17 90
5 90 56 73 M 0 8 M M M 10.3 14 160 M M 0 21 200
6 89 60 75 M 0 10 M M M 4.9 9 100 M M 0 16 90
7 89 58 74 M 0 9 M M M 6.8 10 160 M M 0 10 210
8 86 57 72 M 0 7 M M M 7.1 13 140 M M 0 21 160
9 87 56 72 M 0 7 M M M 7.8 12 200 M M 0 17 200
10 96 56 76 M 0 11 M M M 5.6 10 150 M M 0 M M
11 98 59 79 M 0 14 M M M 7.8 18 240 M M 0 24 240
12 76 60 68 M 0 3 M M M 10.0 21 40 M M 1 8 28 40
13 88 51 70 M 0 5 M M M 7.9 12 210 M M 0 17 200
14 98 61 80 M 0 15 M M M 10.5 22 240 M M 0 25 230
15 72 58 65 M 0 0 M M M 15.8 25 30 M M 1 36 30
16 69 45 57 M 8 0 M M M 9.9 14 60 M M 0 8 21 40
17 87 48 68 M 0 3 M M M 13.5 20 200 M M 0 28 210
18 75 47 61 M 4 0 M M M 11.4 16 40 M M 0 23 40
19 67 43 55 M 10 0 M M M 6.5 12 30 M M 5 M M
20 86 49 68 M 0 3 M M M 10.5 18 180 M M 3 24 180
21 83 62 73 M 0 8 M M M 12.3 20 160 M M 0 26 170
22 84 64 74 M 0 9 M M M 13.3 23 190 M M 1 31 190
23 71 45 58 M 7 0 M M M 14.4 26 10 M M 8 32 10
24 70 39 55 M 10 0 M M M 6.6 12 190 M M 1 17 190
25 67 40 54 M 11 0 M M M 13.0 23 40 M M 4 1 32 40
26 39 26 33 M 32 0 0.35 M M 7.9 21 30 M M 10 1 33 10
27 27 26 27 M 38 0 0.19 M M 0.0 M M M M 10 1 M M
28 42 36 39 M 26 0 M M M 15.2 20 290 M M 8 28 260
29 59 40 50 M 15 0 M M M 11.2 23 340 M M 3 32 340
30 65 38 52 M 13 0 M M M 4.8 9 140 M M 0 M M
31 77 41 59 M 6 0 M M M 8.3 15 210 M M 0 18 210
================================================================================
SM 2363 1540 180 126 0.54 M 293.8 M 55
================================================================================
AV 76.2 49.7 9.5 FASTST M M 2 MAX(MPH)
MISC ----> 26 10 36 30
================================================================================
NOTES:
# LAST OF SEVERAL OCCURRENCES
COLUMN 17 PEAK WIND IN M.P.H.
PRELIMINARY LOCAL CLIMATOLOGICAL DATA (WS FORM: F-6) , PAGE 2
STATION: SNYDER WINSTON FIELD
MONTH: OCTOBER
YEAR: 2020
LATITUDE: 32 41 N
LONGITUDE: 100 57 W
[TEMPERATURE DATA] [PRECIPITATION DATA] SYMBOLS USED IN COLUMN 16
AVERAGE MONTHLY: 63.0 TOTAL FOR MONTH: 0.54 1 = FOG OR MIST
DPTR FM NORMAL: 0.0 DPTR FM NORMAL: M 2 = FOG REDUCING VISIBILITY
HIGHEST: 98 ON 14,11 GRTST 24HR 0.35 ON 26-26 TO 1/4 MILE OR LESS
LOWEST: 26 ON 27,26 3 = THUNDER
SNOW, ICE PELLETS, HAIL 4 = ICE PELLETS
TOTAL MONTH: M 5 = HAIL
GRTST 24HR M ON M 6 = FREEZING RAIN OR DRIZZLE
GRTST DEPTH: M ON M 7 = DUSTSTORM OR SANDSTORM:
VSBY 1/2 MILE OR LESS
8 = SMOKE OR HAZE
[NO. OF DAYS WITH] [WEATHER - DAYS WITH] 9 = BLOWING SNOW
X = TORNADO
MAX 32 OR BELOW: 1 0.01 INCH OR MORE: 2
MAX 90 OR ABOVE: 4 0.10 INCH OR MORE: 2
MIN 32 OR BELOW: 2 0.50 INCH OR MORE: 0
MIN 0 OR BELOW: 0 1.00 INCH OR MORE: 0
[HDD (BASE 65) ]
TOTAL THIS MO. 180 CLEAR (SCALE 0-3) 24
DPTR FM NORMAL M PTCLDY (SCALE 4-7) 4
TOTAL FM JUL 1 220 CLOUDY (SCALE 8-10) 3
DPTR FM NORMAL M
[CDD (BASE 65) ]
TOTAL THIS MO. 126
DPTR FM NORMAL M [PRESSURE DATA]
TOTAL FM JAN 1 2502 HIGHEST SLP M ON M
DPTR FM NORMAL M LOWEST SLP M ON M
[REMARKS]
#FINAL-10-20#