000
CXUS56 KMTR 010900
CF6SNS
PRELIMINARY LOCAL CLIMATOLOGICAL DATA (WS FORM: F-6)
STATION: SALINAS AIRPORT
MONTH: MARCH
YEAR: 2023
LATITUDE: 36 40 N
LONGITUDE: 121 36 W
TEMPERATURE IN F: :PCPN: SNOW: WIND :SUNSHINE: SKY :PK WND
================================================================================
1 2 3 4 5 6A 6B 7 8 9 10 11 12 13 14 15 16 17 18
12Z AVG MX 2MIN
DY MAX MIN AVG DEP HDD CDD WTR SNW DPTH SPD SPD DIR MIN PSBL S-S WX SPD DR
================================================================================
1 55 38 47 -7 18 0 0.00 M M 9.3 23 330 M M 2 32 310
2 60 35 48 -6 17 0 0.00 M M 5.3 17 290 M M 0 24 290
3 57 46 52 -2 13 0 0.00 M M 7.2 14 270 M M 5 M M
4 59 43 51 -3 14 0 0.06 M M 6.3 25 280 M M 7 35 280
5 53 39 46 -8 19 0 0.19 M M 7.3 20 120 M M 6 29 130
6 56 38 47 -7 18 0 0.00 M M 6.7 18 280 M M 4 22 280
7 56 40 48 -6 17 0 0.09 M M 6.5 15 280 M M 4 20 290
8 58 38 48 -6 17 0 0.05 M M 7.2 18 130 M M 5 22 130
9 56 41 49 -5 16 0 M M M 18.0 40 140 M M 8 1 52 130
10 63 52 58 3 7 0 1.44 M M 8.8 33 140 M M 10 13 44 140
11 71 51 61 6 4 0 0.00 M M 8.0 25 280 M M 7 1 33 280
12 68 54 61 6 4 0 T M M 10.0 21 140 M M 8 27 140
13 69 51 60 5 5 0 T M M 8.5 17 140 M M 7 21 130
14 67 50 59 4 6 0 0.08 M M 19.0 38 140 M M 10 1 47 140
15 62 46 54 -1 11 0 0.00 M M 8.2 16 270 M M 5 21 290
16 63 43 53 -2 12 0 0.00 M M 4.3 20 290 M M 6 24 290
17 68 45 57 2 8 0 0.00 M M 4.3 17 290 M M 4 22 280
18 69 47 58 3 7 0 0.02 M M 11.2 26 130 M M 2 1 34 140
19 67 52 60 5 5 0 0.05 M M 19.0 38 130 M M 10 1 51 130
20 58 50 54 -1 11 0 0.01 M M 5.6 16 270 M M 9 1 20 280
21 58 49 54 -1 11 0 0.22 M M 15.3 35 130 M M 9 1 47 120
22 58 49 54 -1 11 0 0.34 M M 12.4 22 140 M M 10 1 28 140
23 58 51 55 -1 10 0 T M M 12.4 23 280 M M 9 1 33 280
24 59 41 50 -6 15 0 0.00 M M 8.5 23 280 M M 1 29 270
25 59 38 49 -7 16 0 0.00 M M 7.0 20 290 M M 0 25 280
26 59 38 49 -7 16 0 0.00 M M 6.1 18 300 M M 0 24 290
27 65 36 51 -5 14 0 0.00 M M 7.3 18 140 M M 0 23 140
28 56 43 50 -6 15 0 0.55 M M 10.4 25 150 M M 8 1 33 150
29 57 43 50 -6 15 0 0.01 M M 11.7 30 270 M M 7 1 37 270
30 59 43 51 -5 14 0 0.00 M M 5.8 16 290 M M 5 23 280
31 62 40 51 -5 14 0 0.00 M M 6.1 17 310 M M 1 23 320
================================================================================
SM 1885 1370 380 0 3.11 M 283.7 M 169
================================================================================
AV 60.8 44.2 9.2 FASTST M M 5 MAX(MPH)
MISC ----> 40 140 52 130
================================================================================
NOTES:
# LAST OF SEVERAL OCCURRENCES
COLUMN 17 PEAK WIND IN M.P.H.
PRELIMINARY LOCAL CLIMATOLOGICAL DATA (WS FORM: F-6) , PAGE 2
STATION: SALINAS AIRPORT
MONTH: MARCH
YEAR: 2023
LATITUDE: 36 40 N
LONGITUDE: 121 36 W
[TEMPERATURE DATA] [PRECIPITATION DATA] SYMBOLS USED IN COLUMN 16
AVERAGE MONTHLY: 52.5 TOTAL FOR MONTH: 3.11 1 = FOG OR MIST
DPTR FM NORMAL: -2.5 DPTR FM NORMAL: 1.05 2 = FOG REDUCING VISIBILITY
HIGHEST: 71 ON 11 GRTST 24HR 1.75 ON 9-10 TO 1/4 MILE OR LESS
LOWEST: 35 ON 2 3 = THUNDER
SNOW, ICE PELLETS, HAIL 4 = ICE PELLETS
TOTAL MONTH: M 5 = HAIL
GRTST 24HR M ON M 6 = FREEZING RAIN OR DRIZZLE
GRTST DEPTH: M ON M 7 = DUSTSTORM OR SANDSTORM:
VSBY 1/2 MILE OR LESS
8 = SMOKE OR HAZE
[NO. OF DAYS WITH] [WEATHER - DAYS WITH] 9 = BLOWING SNOW
X = TORNADO
MAX 32 OR BELOW: 0 0.01 INCH OR MORE: 13
MAX 90 OR ABOVE: 0 0.10 INCH OR MORE: 5
MIN 32 OR BELOW: 0 0.50 INCH OR MORE: 2
MIN 0 OR BELOW: 0 1.00 INCH OR MORE: 1
[HDD (BASE 65) ]
TOTAL THIS MO. 380 CLEAR (SCALE 0-3) 8
DPTR FM NORMAL 69 PTCLDY (SCALE 4-7) 15
TOTAL FM JUL 1 2092 CLOUDY (SCALE 8-10) 8
DPTR FM NORMAL 8
[CDD (BASE 65) ]
TOTAL THIS MO. 0
DPTR FM NORMAL -1 [PRESSURE DATA]
TOTAL FM JAN 1 0 HIGHEST SLP M ON M
DPTR FM NORMAL -1 LOWEST SLP 29.27 ON 21
[REMARKS]
#FINAL-03-23#